{"id":5412,"date":"2022-03-14T09:31:07","date_gmt":"2022-03-14T09:31:07","guid":{"rendered":"http:\/\/hubertpietka.bialystok.pl\/?page_id=5412"},"modified":"2022-03-14T09:31:07","modified_gmt":"2022-03-14T09:31:07","slug":"wy-licz-hanka-wy-i-dumka","status":"publish","type":"page","link":"https:\/\/hubertpietka.bialystok.pl\/?page_id=5412","title":{"rendered":"*Wy-licz-(h)anka* \/ *wy i dumka*"},"content":{"rendered":"<p><em><strong>*Wy-licz-(h)anka* \/ *wy i dumka*<\/strong><\/em><\/p>\n<p><em>Raz dwa trzy<\/em><br \/>\nUkraina walczy<\/p>\n<p><em>Cztery pi\u0119\u0107 sze\u015b\u0107<\/em><br \/>\nMaj\u0105 po mnie przyj\u015b\u0107<\/p>\n<p><em>Siedem osiem dziewi\u0119\u0107<\/em><br \/>\nWyjdzie im na przeciw<br \/>\nWielki i wspania\u0142y cz\u0142owiek<\/p>\n<p><em>Dziesi\u0119\u0107 jedena\u015bcie dwana\u015bcie<\/em><br \/>\nM\u00f3dlmy si\u0119 za Ukrain\u0119<\/p>\n<p>Aposto\u0142\u00f3w dwunastu<br \/>\nA jeden z nich zdrajc\u0105<\/p>\n<p><em>Trzyna\u015bcie<\/em><br \/>\nM\u00f3dlcie si\u0119 i za mnie<\/p>\n<p><a href=\"http:\/\/hubertpietka.bialystok.pl\/wp-content\/uploads\/2022\/03\/IMG_20220314_101529.jpg\"><img loading=\"lazy\" decoding=\"async\" class=\"alignnone size-thumbnail wp-image-5413\" src=\"http:\/\/hubertpietka.bialystok.pl\/wp-content\/uploads\/2022\/03\/IMG_20220314_101529-150x150.jpg\" alt=\"\" width=\"150\" height=\"150\" srcset=\"https:\/\/hubertpietka.bialystok.pl\/wp-content\/uploads\/2022\/03\/IMG_20220314_101529-150x150.jpg 150w, https:\/\/hubertpietka.bialystok.pl\/wp-content\/uploads\/2022\/03\/IMG_20220314_101529-75x75.jpg 75w\" sizes=\"auto, (max-width: 150px) 100vw, 150px\" \/><\/a><\/p>\n<p><em>Na zdj. Matka Bo\u017ca Fatimska<\/em><br \/>\n<em> Otwiera Serce Jezusa dla nas<\/em><br \/>\n<em> I dla \u015bwiata<\/em><br \/>\n<em> Trzeba tylko si\u0119 nawraca\u0107<\/em><\/p>\n<p><em>Ona jest \u0179r\u00f3d\u0142em Mocy Bo\u017cej<\/em><br \/>\n<em> Bogu si\u0119 spodoba\u0142o<\/em><br \/>\n<em> Aby ona by\u0142a Krynic\u0105 \u0141ask<\/em><br \/>\n<em> Dla \u015bwiata<\/em><\/p>\n<p><em>A moja \u017cona<\/em><br \/>\n<em> Jest \u017ar\u00f3d\u0142em si\u0142y mojej<\/em><br \/>\n<em> Dlatego w ni\u0105 chc\u0105 uderza\u0107<\/em><br \/>\n<em> Bo bez niej i mnie nie ma<\/em><\/p>\n<p><strong>Dzi\u015b wspominana \u015bw. *Ma-tyl-da*<\/strong><br \/>\n<strong> *Ma tyle i da* Maryja<\/strong><br \/>\n<strong> Trzeba j\u0105 tylko prosi\u0107 przyzywa\u0107<\/strong><br \/>\n<strong> *Mam tyle i dam*<\/strong><br \/>\n<strong> Tu akurat dzisiaj taki stan<\/strong><\/p>\n<p style=\"text-align: center;\"><a href=\"https:\/\/youtu.be\/2wwNqRjnEq0\"><em><strong>Zuza Jab\u0142o\u0144ska &#8211; Wierna, odwa\u017cna i prawa (z filmu &#8222;Mulan&#8221;)<\/strong><\/em><\/a><\/p>\n","protected":false},"excerpt":{"rendered":"<p>*Wy-licz-(h)anka* \/ *wy i dumka* Raz dwa trzy Ukraina walczy Cztery pi\u0119\u0107 sze\u015b\u0107 Maj\u0105 po mnie przyj\u015b\u0107 Siedem osiem dziewi\u0119\u0107 Wyjdzie im na przeciw Wielki&hellip; <\/p>\n","protected":false},"author":1,"featured_media":0,"parent":0,"menu_order":0,"comment_status":"closed","ping_status":"closed","template":"","meta":{"footnotes":""},"class_list":["post-5412","page","type-page","status-publish","hentry"],"_links":{"self":[{"href":"https:\/\/hubertpietka.bialystok.pl\/index.php?rest_route=\/wp\/v2\/pages\/5412","targetHints":{"allow":["GET"]}}],"collection":[{"href":"https:\/\/hubertpietka.bialystok.pl\/index.php?rest_route=\/wp\/v2\/pages"}],"about":[{"href":"https:\/\/hubertpietka.bialystok.pl\/index.php?rest_route=\/wp\/v2\/types\/page"}],"author":[{"embeddable":true,"href":"https:\/\/hubertpietka.bialystok.pl\/index.php?rest_route=\/wp\/v2\/users\/1"}],"replies":[{"embeddable":true,"href":"https:\/\/hubertpietka.bialystok.pl\/index.php?rest_route=%2Fwp%2Fv2%2Fcomments&post=5412"}],"version-history":[{"count":1,"href":"https:\/\/hubertpietka.bialystok.pl\/index.php?rest_route=\/wp\/v2\/pages\/5412\/revisions"}],"predecessor-version":[{"id":5414,"href":"https:\/\/hubertpietka.bialystok.pl\/index.php?rest_route=\/wp\/v2\/pages\/5412\/revisions\/5414"}],"wp:attachment":[{"href":"https:\/\/hubertpietka.bialystok.pl\/index.php?rest_route=%2Fwp%2Fv2%2Fmedia&parent=5412"}],"curies":[{"name":"wp","href":"https:\/\/api.w.org\/{rel}","templated":true}]}}