{"id":5467,"date":"2022-03-29T22:39:12","date_gmt":"2022-03-29T22:39:12","guid":{"rendered":"http:\/\/hubertpietka.bialystok.pl\/?page_id=5467"},"modified":"2022-03-29T22:39:12","modified_gmt":"2022-03-29T22:39:12","slug":"before-zanim-zniknie-bufor","status":"publish","type":"page","link":"https:\/\/hubertpietka.bialystok.pl\/?page_id=5467","title":{"rendered":"*Before* \/ zanim zniknie *bufor*"},"content":{"rendered":"<p><strong>*<em>Before<\/em>* \/ zanim zniknie *bufor*<\/strong><\/p>\n<p>\u015awi\u0119towanie \u015bwi\u0119towaniem<br \/>\nBo Polska awansowa\u0142a na Mistrzostwa \u015awiata<br \/>\nW pi\u0142ce no\u017cnej<br \/>\nA oni dalej maj\u0105 przyj\u015b\u0107 po mnie<\/p>\n<p>A c\u00f3\u017c to za wspaniali bohaterowie<br \/>\nKt\u00f3rzy maj\u0105 si\u0119 wobec mnie<br \/>\nPos\u0142ugiwa\u0107 metodami terroryst\u00f3w<br \/>\n\u017beby nie powiedzie\u0107 faszyst\u00f3w<br \/>\nNa takiej troch\u0119 zasadzie<br \/>\nJak Rosja przeprowadza <em>operacj\u0119<\/em><br \/>\nMilitarn\u0105 na Ukrainie<br \/>\nKt\u00f3rej nie ma prze\u017cy\u0107 pacjent<br \/>\nBo nowomowa przykrywa prawdziwe s\u0142owa i intencje<br \/>\nOwi bohaterowie wspaniali i Rosja<br \/>\nZapewne walcz\u0105 z faszyzmem<br \/>\nJego metodami terroryzmu<br \/>\nZreszt\u0105 Rosja ma w tym do\u015b\u0107 wielkie tradycje<br \/>\nA sk\u0105d to w Polsce<\/p>\n<p>Tak bohaterowie wspaniali przyj\u015b\u0107 maj\u0105<br \/>\nI si\u0119 pos\u0142u\u017cy\u0107 metod\u0105 drastyczn\u0105<br \/>\nPrzemoc w imi\u0119 w\u0105tpliwej sprawiedliwo\u015bci<br \/>\nBo przecie\u017c cz\u0142owiekowi wielkiemu<br \/>\nNikt z przemoc\u0105 tu nic nie czyni<br \/>\nAle musi by\u0107 niby sprawiedliwo\u015b\u0107<br \/>\nTak wi\u0119c uca\u0142uje si\u0119<br \/>\nWielko\u015b\u0107 i wspania\u0142o\u015b\u0107<br \/>\nJak ju\u017c zniknie pomi\u0119dzy nimi buforek<br \/>\nI b\u0119d\u0105 ju\u017c mogli kooperowa\u0107 mi\u0119dzy sob\u0105 w pe\u0142ni<br \/>\nLecz *<em>before<\/em>* czyli <em>zanim<\/em> *buforek*<br \/>\nB\u0119dzie wyeliminowany<br \/>\nNiech si\u0119 zapytaj\u0105<br \/>\nCo na to Pan B\u00f3g<br \/>\nChocia\u017c oni tego nie us\u0142ysz\u0105<br \/>\nBo maj\u0105 cho\u0107by po metodach s\u0105dz\u0105c<br \/>\nIdea\u0142y raczej inne<\/p>\n<p><a href=\"http:\/\/hubertpietka.bialystok.pl\/wp-content\/uploads\/2022\/03\/IMG_20220330_002602.jpg\"><img loading=\"lazy\" decoding=\"async\" class=\"alignnone size-thumbnail wp-image-5468\" src=\"http:\/\/hubertpietka.bialystok.pl\/wp-content\/uploads\/2022\/03\/IMG_20220330_002602-150x150.jpg\" alt=\"\" width=\"150\" height=\"150\" srcset=\"https:\/\/hubertpietka.bialystok.pl\/wp-content\/uploads\/2022\/03\/IMG_20220330_002602-150x150.jpg 150w, https:\/\/hubertpietka.bialystok.pl\/wp-content\/uploads\/2022\/03\/IMG_20220330_002602-75x75.jpg 75w\" sizes=\"auto, (max-width: 150px) 100vw, 150px\" \/><\/a><\/p>\n<p><strong>Na zdj. Jezus w pacanowskim sanktuarium<\/strong><br \/>\n<strong> Obok kaplica \u015awi\u0119tego Krzy\u017ca<\/strong><br \/>\n<strong> Ludzie sobie lekcewa\u017c\u0105 Boga niekt\u00f3rzy<\/strong><br \/>\n<strong> A je\u015bli mu si\u0119 to<\/strong><br \/>\n<strong> Co dzieje si\u0119 z nami<\/strong><br \/>\n<strong> Wcale nie podoba<\/strong><br \/>\n<strong> I je\u015bli On jednak zareaguje naprawd\u0119 odpowiednio<\/strong><br \/>\n<strong> To co wtedy<\/strong><\/p>\n","protected":false},"excerpt":{"rendered":"<p>*Before* \/ zanim zniknie *bufor* \u015awi\u0119towanie \u015bwi\u0119towaniem Bo Polska awansowa\u0142a na Mistrzostwa \u015awiata W pi\u0142ce no\u017cnej A oni dalej maj\u0105 przyj\u015b\u0107 po mnie A c\u00f3\u017c&hellip; <\/p>\n","protected":false},"author":1,"featured_media":0,"parent":0,"menu_order":0,"comment_status":"closed","ping_status":"closed","template":"","meta":{"footnotes":""},"class_list":["post-5467","page","type-page","status-publish","hentry"],"_links":{"self":[{"href":"https:\/\/hubertpietka.bialystok.pl\/index.php?rest_route=\/wp\/v2\/pages\/5467","targetHints":{"allow":["GET"]}}],"collection":[{"href":"https:\/\/hubertpietka.bialystok.pl\/index.php?rest_route=\/wp\/v2\/pages"}],"about":[{"href":"https:\/\/hubertpietka.bialystok.pl\/index.php?rest_route=\/wp\/v2\/types\/page"}],"author":[{"embeddable":true,"href":"https:\/\/hubertpietka.bialystok.pl\/index.php?rest_route=\/wp\/v2\/users\/1"}],"replies":[{"embeddable":true,"href":"https:\/\/hubertpietka.bialystok.pl\/index.php?rest_route=%2Fwp%2Fv2%2Fcomments&post=5467"}],"version-history":[{"count":1,"href":"https:\/\/hubertpietka.bialystok.pl\/index.php?rest_route=\/wp\/v2\/pages\/5467\/revisions"}],"predecessor-version":[{"id":5469,"href":"https:\/\/hubertpietka.bialystok.pl\/index.php?rest_route=\/wp\/v2\/pages\/5467\/revisions\/5469"}],"wp:attachment":[{"href":"https:\/\/hubertpietka.bialystok.pl\/index.php?rest_route=%2Fwp%2Fv2%2Fmedia&parent=5467"}],"curies":[{"name":"wp","href":"https:\/\/api.w.org\/{rel}","templated":true}]}}