{"id":5503,"date":"2022-04-10T18:35:35","date_gmt":"2022-04-10T18:35:35","guid":{"rendered":"http:\/\/hubertpietka.bialystok.pl\/?page_id=5503"},"modified":"2022-04-10T18:37:26","modified_gmt":"2022-04-10T18:37:26","slug":"za-krew-zaplata-koniec-swiata","status":"publish","type":"page","link":"https:\/\/hubertpietka.bialystok.pl\/?page_id=5503","title":{"rendered":"Za krew \/ zap\u0142ac\u0105 wszyscy"},"content":{"rendered":"<p><em><strong>Za krew \/ zap\u0142ac\u0105 wszyscy<\/strong><\/em><\/p>\n<p>Wygl\u0105da na to<br \/>\n\u017be wyznaczono<br \/>\nNagrod\u0119<br \/>\nZa krew moj\u0105<\/p>\n<p>Kto\u015b tam si\u0119 zapewne<br \/>\nI troszk\u0119 pocieszy<br \/>\nDop\u00f3ki<br \/>\n\u015awiata szlag nie trafi<br \/>\nRaczej nie czas d\u0142ugi<\/p>\n<p>Teraz to si\u0119 dopiero<br \/>\nMo\u017ce pi\u0119knie ob\u0142owi\u0107<br \/>\nWielki cz\u0142owiek<br \/>\nI to nawet podw\u00f3jnie<br \/>\nAle on przecie\u017c wszystko<br \/>\nPrzypadkowo i niewinnie<\/p>\n<p>Po prostu s\u0105 oni doskonali<br \/>\nKto\u015b za nich spraw\u0119 za\u0142atwi<br \/>\nA sami r\u0105czek nie pobrudz\u0105 sobie<br \/>\nCzyj\u0105\u015b krwi\u0105<br \/>\nPrzynajmniej nie bezpo\u015brednio<br \/>\nAle i tak odpowiedzialno\u015b\u0107<br \/>\nSpadnie i na nich<\/p>\n<p><a href=\"http:\/\/hubertpietka.bialystok.pl\/wp-content\/uploads\/2022\/04\/IMG_20220410_201252.jpg\"><img loading=\"lazy\" decoding=\"async\" class=\"alignnone size-thumbnail wp-image-5504\" src=\"http:\/\/hubertpietka.bialystok.pl\/wp-content\/uploads\/2022\/04\/IMG_20220410_201252-150x150.jpg\" alt=\"\" width=\"150\" height=\"150\" srcset=\"https:\/\/hubertpietka.bialystok.pl\/wp-content\/uploads\/2022\/04\/IMG_20220410_201252-150x150.jpg 150w, https:\/\/hubertpietka.bialystok.pl\/wp-content\/uploads\/2022\/04\/IMG_20220410_201252-75x75.jpg 75w\" sizes=\"auto, (max-width: 150px) 100vw, 150px\" \/><\/a><\/p>\n<p><strong>Na zdj. Maryja przy ko\u015bciele<\/strong><br \/>\n<strong> \u015aw. Jadwigi w Kielcach<\/strong><br \/>\n<strong> Ona i tak zwyci\u0119\u017cy<\/strong><br \/>\n<strong> Mimo \u017ce szatan si\u0119 sro\u017cy<\/strong><br \/>\n<strong> I bezwzgl\u0119dni s\u0105 jego s\u0142udzy<\/strong><br \/>\n<strong> Tak te\u017c i na Ukrainie<\/strong><br \/>\n<strong> Tam powsta\u0107 mo\u017ce przys\u0142owie nawet<\/strong><br \/>\n<em><strong> Okrutny jak Rosjanin<\/strong><\/em><br \/>\n<strong> Ale i tutaj zapewne<\/strong><br \/>\n<strong> Znajd\u0105 si\u0119 szatana poplecznicy<\/strong><br \/>\n<strong> Czy maj\u0105 tego \u015bwiadomo\u015b\u0107 czy nie maj\u0105<\/strong><br \/>\n<strong> Kt\u00f3rzy wykonaj\u0105 jego zamiar<\/strong><br \/>\n<strong> Bohaterowie wspaniali tacy czy inni<\/strong><br \/>\n<strong> Czy mo\u017ce po prostu nikczemnicy<\/strong><br \/>\n<strong> Misie czy milusie<\/strong><br \/>\n<strong> Nie mo\u017ce by\u0107 przecie\u017c<\/strong><br \/>\n<strong> \u017baden wielki cz\u0142owiek<\/strong><br \/>\n<strong> Na piedestale<\/strong><br \/>\n<strong> Tak osamotniony sromotnie<\/strong><\/p>\n<p style=\"text-align: center;\"><a href=\"https:\/\/youtu.be\/l4aTc5D7-vI\"><strong><em>Lech Makowiecki &#8211; Ostatnia kula (z filmu &#8222;Historia Roja&#8221;)<\/em><\/strong><\/a><\/p>\n<p style=\"text-align: center;\"><a href=\"https:\/\/youtu.be\/VXeL29YEMLo\"><em><strong>Modlitwa (Obud\u017a si\u0119 Polsko) &#8211; Zayazd<\/strong><\/em><\/a><\/p>\n","protected":false},"excerpt":{"rendered":"<p>Za krew \/ zap\u0142ac\u0105 wszyscy Wygl\u0105da na to \u017be wyznaczono Nagrod\u0119 Za krew moj\u0105 Kto\u015b tam si\u0119 zapewne I troszk\u0119 pocieszy Dop\u00f3ki \u015awiata szlag nie&hellip; <\/p>\n","protected":false},"author":1,"featured_media":0,"parent":0,"menu_order":0,"comment_status":"closed","ping_status":"closed","template":"","meta":{"footnotes":""},"class_list":["post-5503","page","type-page","status-publish","hentry"],"_links":{"self":[{"href":"https:\/\/hubertpietka.bialystok.pl\/index.php?rest_route=\/wp\/v2\/pages\/5503","targetHints":{"allow":["GET"]}}],"collection":[{"href":"https:\/\/hubertpietka.bialystok.pl\/index.php?rest_route=\/wp\/v2\/pages"}],"about":[{"href":"https:\/\/hubertpietka.bialystok.pl\/index.php?rest_route=\/wp\/v2\/types\/page"}],"author":[{"embeddable":true,"href":"https:\/\/hubertpietka.bialystok.pl\/index.php?rest_route=\/wp\/v2\/users\/1"}],"replies":[{"embeddable":true,"href":"https:\/\/hubertpietka.bialystok.pl\/index.php?rest_route=%2Fwp%2Fv2%2Fcomments&post=5503"}],"version-history":[{"count":3,"href":"https:\/\/hubertpietka.bialystok.pl\/index.php?rest_route=\/wp\/v2\/pages\/5503\/revisions"}],"predecessor-version":[{"id":5507,"href":"https:\/\/hubertpietka.bialystok.pl\/index.php?rest_route=\/wp\/v2\/pages\/5503\/revisions\/5507"}],"wp:attachment":[{"href":"https:\/\/hubertpietka.bialystok.pl\/index.php?rest_route=%2Fwp%2Fv2%2Fmedia&parent=5503"}],"curies":[{"name":"wp","href":"https:\/\/api.w.org\/{rel}","templated":true}]}}