{"id":5515,"date":"2022-04-13T08:38:39","date_gmt":"2022-04-13T08:38:39","guid":{"rendered":"http:\/\/hubertpietka.bialystok.pl\/?page_id=5515"},"modified":"2022-04-13T08:38:39","modified_gmt":"2022-04-13T08:38:39","slug":"wykroczenia-prologiem-do-zbrodni","status":"publish","type":"page","link":"https:\/\/hubertpietka.bialystok.pl\/?page_id=5515","title":{"rendered":"Wykroczenia \/ prologiem do zbrodni"},"content":{"rendered":"<p><em><strong>Wykroczenia \/ prologiem do zbrodni<\/strong><\/em><\/p>\n<p><strong>1.<\/strong><\/p>\n<p>Jako pisarz<br \/>\n<em>Pope\u0142ni\u0142em<\/em> ju\u017c utwor\u00f3w troch\u0119<br \/>\nW moim \u017cyciu<br \/>\nAnalogicznie cz\u0142owiek wielki <em>pope\u0142nia<\/em> wykroczenie<br \/>\nKiedy wykroczy pi\u0119knie bohaterom wspania\u0142ym na przeciw<br \/>\nPodobne i oni maj\u0105 <em>pope\u0142ni\u0107<\/em> wykroczenie<br \/>\nW t\u0105 stron\u0119 bo maj\u0105 tu wkroczy\u0107<br \/>\nI jak ju\u017c si\u0119 dope\u0142ni<br \/>\nTo b\u0119dzie <em>pope\u0142nione<\/em> pi\u0119kne wykroczenie<br \/>\nBohater\u00f3w wspania\u0142ych i cz\u0142owieka wielkiego<br \/>\nI nawet je\u015bli mieli by wykorzysta\u0107 kogo\u015b innego<br \/>\nZ tej czy tamtej strony<br \/>\nI <em>pope\u0142ni\u0107<\/em> wykroczenie to samo<br \/>\nKorzystaj\u0105c z kogo\u015b innego<\/p>\n<p><strong>2.<\/strong><\/p>\n<p>Rosja te\u017c pope\u0142ni\u0142a wykroczenie<br \/>\nWkraczaj\u0105c na Ukrain\u0119<br \/>\nA teraz tam oni pope\u0142niaj\u0105 wiele zbrodni<br \/>\nTak wi\u0119c pocz\u0105tkiem zbrodni wykroczenia<br \/>\nA czy\u017c ze mn\u0105 nie zamierzaj\u0105 post\u0105pi\u0107 podobnie<br \/>\nPrzecie\u017c <em>prologiem<\/em> do <em>epilogu<\/em><br \/>\nCzyli mnie wyeliminowania<br \/>\nJest ten <em>exodus<\/em> czyli mnie st\u0105d zabranie<br \/>\nAle <em>exodus<\/em> ma to do siebie<br \/>\n\u017be mo\u017ce si\u0119 wymkn\u0105\u0107 spod kontroli<br \/>\nDlatego wola\u0142bym tego unikn\u0105\u0107<br \/>\nI bynajmniej nie tylko ze wzgl\u0119du na siebie<\/p>\n<hr \/>\n<p><strong>Dzisiaj jest wspominana \u015bw. *Ida* z *Low-anium*<\/strong><\/p>\n<p><strong> *Id\u0119* przez \u017cycie z *love*<\/strong><br \/>\n<strong> Czyli kochaj\u0105c (H)-*ani\u0119*<\/strong><br \/>\n<strong> Pope\u0142nia wykroczenie przeciw mi\u0142o\u015bci<\/strong><br \/>\n<strong> A nawet chce pope\u0142ni\u0107 zbrodni\u0119<\/strong><br \/>\n<strong> Kto w ni\u0105 godzi lub we mnie<\/strong><br \/>\n<strong> A B\u00f3g jest m\u015bcicielem tego wszystkiego<\/strong><br \/>\n<strong> Podobnie kto godzi w \u015brodowisko nasze naturalne<\/strong><br \/>\n<strong> W bliskich w nasze dobra<\/strong><br \/>\n<strong> Pope\u0142nia zbrodnie podobne<\/strong><br \/>\n<strong> Bo godzi w czyste \u015brodowisko ludzkiej mi\u0142o\u015bci<\/strong><\/p>\n<p><strong><a href=\"http:\/\/hubertpietka.bialystok.pl\/wp-content\/uploads\/2022\/04\/IMG_20220413_103116.jpg\"><img loading=\"lazy\" decoding=\"async\" class=\"alignnone size-thumbnail wp-image-5516\" src=\"http:\/\/hubertpietka.bialystok.pl\/wp-content\/uploads\/2022\/04\/IMG_20220413_103116-150x150.jpg\" alt=\"\" width=\"150\" height=\"150\" srcset=\"https:\/\/hubertpietka.bialystok.pl\/wp-content\/uploads\/2022\/04\/IMG_20220413_103116-150x150.jpg 150w, https:\/\/hubertpietka.bialystok.pl\/wp-content\/uploads\/2022\/04\/IMG_20220413_103116-75x75.jpg 75w\" sizes=\"auto, (max-width: 150px) 100vw, 150px\" \/><\/a><\/strong><\/p>\n<p><em><strong>Na zdj. Pi\u0119kna kapliczka Maryjna<\/strong><\/em><br \/>\n<em><strong> Ko\u0142o s\u0142onika uwik\u0142anego w zaro\u015blach<\/strong><\/em><br \/>\n<em><strong> Kocham kapliczki przydro\u017cne<\/strong><\/em><br \/>\n<em><strong> Ave Maryja<\/strong><\/em><br \/>\n<em><strong> Chro\u0144 ludzk\u0105 mi\u0142o\u015b\u0107<\/strong><\/em><br \/>\n<em><strong> I to nawet je\u015bli<\/strong><\/em><br \/>\n<em><strong> Nie jest ona idealna tu na ziemi<\/strong><\/em><br \/>\n<em><strong> Ale przecie\u017c jeste\u015bmy tylko lud\u017ami<\/strong><\/em><br \/>\n<em><strong> I ty to Maryjo rozumiesz<\/strong><\/em><\/p>\n","protected":false},"excerpt":{"rendered":"<p>Wykroczenia \/ prologiem do zbrodni 1. Jako pisarz Pope\u0142ni\u0142em ju\u017c utwor\u00f3w troch\u0119 W moim \u017cyciu Analogicznie cz\u0142owiek wielki pope\u0142nia wykroczenie Kiedy wykroczy pi\u0119knie bohaterom wspania\u0142ym&hellip; <\/p>\n","protected":false},"author":1,"featured_media":0,"parent":0,"menu_order":0,"comment_status":"closed","ping_status":"closed","template":"","meta":{"footnotes":""},"class_list":["post-5515","page","type-page","status-publish","hentry"],"_links":{"self":[{"href":"https:\/\/hubertpietka.bialystok.pl\/index.php?rest_route=\/wp\/v2\/pages\/5515","targetHints":{"allow":["GET"]}}],"collection":[{"href":"https:\/\/hubertpietka.bialystok.pl\/index.php?rest_route=\/wp\/v2\/pages"}],"about":[{"href":"https:\/\/hubertpietka.bialystok.pl\/index.php?rest_route=\/wp\/v2\/types\/page"}],"author":[{"embeddable":true,"href":"https:\/\/hubertpietka.bialystok.pl\/index.php?rest_route=\/wp\/v2\/users\/1"}],"replies":[{"embeddable":true,"href":"https:\/\/hubertpietka.bialystok.pl\/index.php?rest_route=%2Fwp%2Fv2%2Fcomments&post=5515"}],"version-history":[{"count":1,"href":"https:\/\/hubertpietka.bialystok.pl\/index.php?rest_route=\/wp\/v2\/pages\/5515\/revisions"}],"predecessor-version":[{"id":5517,"href":"https:\/\/hubertpietka.bialystok.pl\/index.php?rest_route=\/wp\/v2\/pages\/5515\/revisions\/5517"}],"wp:attachment":[{"href":"https:\/\/hubertpietka.bialystok.pl\/index.php?rest_route=%2Fwp%2Fv2%2Fmedia&parent=5515"}],"curies":[{"name":"wp","href":"https:\/\/api.w.org\/{rel}","templated":true}]}}