{"id":5544,"date":"2022-04-27T14:14:23","date_gmt":"2022-04-27T14:14:23","guid":{"rendered":"http:\/\/hubertpietka.bialystok.pl\/?page_id=5544"},"modified":"2022-04-27T14:14:23","modified_gmt":"2022-04-27T14:14:23","slug":"szkic-prosty-o-przemocy","status":"publish","type":"page","link":"https:\/\/hubertpietka.bialystok.pl\/?page_id=5544","title":{"rendered":"Szkic prosty \/ o przemocy"},"content":{"rendered":"<p><em><strong>Szkic prosty \/ o przemocy<\/strong><\/em><\/p>\n<p>Je\u015bli kto\u015b ci m\u00f3wi<br \/>\n\u017be jednego dnia<br \/>\nMasz mu m\u00f3wi\u0107 na powitanie<br \/>\nDzie\u0144 dobry<br \/>\nDrugiego dnia<br \/>\nSzcz\u0119\u015b\u0107 Bo\u017ce<br \/>\nTrzeciego masz si\u0119 u\u015bmiechn\u0105\u0107<br \/>\nA czwartego nic nie m\u00f3wi\u0107<br \/>\nTo jak rozmawia\u0107 z takim cz\u0142owiekiem<br \/>\nA kiedy co\u015b m\u00f3wisz do niego<br \/>\nTo on \u017ce nie rozmawia z tob\u0105<br \/>\nTo czy\u017c mo\u017cna si\u0119 dziwi\u0107 tym<br \/>\n\u017be nie ma wtedy relacji otwartej wzajemnej<\/p>\n<p>A wielki cz\u0142owiek<br \/>\nZamyka si\u0119 w pokoju<br \/>\nJakby ba\u0142 si\u0119 jakiej\u015b przemocy<br \/>\nA tymczasem nic mu nie grozi<br \/>\nPrzemoc ma jednak r\u00f3\u017cne wyrazy<br \/>\nCzy\u017c nie przemoc\u0105 maj\u0105<br \/>\nMnie akurat st\u0105d zabra\u0107<br \/>\nA ten kt\u00f3ry tak si\u0119 boi przemocy<br \/>\nRaczej si\u0119 przed tym nie uchyli<br \/>\nA mo\u017cna te\u017c przecie\u017c i kara\u0107 psychicznie<br \/>\nChocia\u017cby przez odm\u00f3wienie komu\u015b<br \/>\nPrawa do relacji m\u00f3wi\u0105c og\u00f3lnie<\/p>\n<p>Cz\u0142owiek wielki si\u0119 boi<br \/>\nWi\u0119c jest to podstawa<br \/>\nDo mnie st\u0105d przemoc\u0105 zabrania<br \/>\nCz\u0142owiek wielki ma do tego prawo<br \/>\nA jak ja si\u0119 kogo\u015b boj\u0119<br \/>\nTo jest to wyraz <em>l\u0119kozy<\/em><br \/>\nWi\u0119c w tym i w tym przypadku<br \/>\nTo ze mn\u0105 trzeba zrobi\u0107 porz\u0105dek odpowiedni<br \/>\nNie ka\u017cdy jak wida\u0107<br \/>\nMa prawo si\u0119 ba\u0107<br \/>\nA ju\u017c ja na pewno<br \/>\nBa\u0107 si\u0119 nie powinienem<br \/>\nCz\u0142owieka wielkiego i jego przyjaci\u00f3\u0142<\/p>\n<p><a href=\"http:\/\/hubertpietka.bialystok.pl\/wp-content\/uploads\/2022\/04\/IMG_20220427_155657.jpg\"><img loading=\"lazy\" decoding=\"async\" class=\"alignnone size-thumbnail wp-image-5545\" src=\"http:\/\/hubertpietka.bialystok.pl\/wp-content\/uploads\/2022\/04\/IMG_20220427_155657-150x150.jpg\" alt=\"\" width=\"150\" height=\"150\" srcset=\"https:\/\/hubertpietka.bialystok.pl\/wp-content\/uploads\/2022\/04\/IMG_20220427_155657-150x150.jpg 150w, https:\/\/hubertpietka.bialystok.pl\/wp-content\/uploads\/2022\/04\/IMG_20220427_155657-75x75.jpg 75w\" sizes=\"auto, (max-width: 150px) 100vw, 150px\" \/><\/a><\/p>\n<p><strong>Na zdj. Loreta\u0144ska Pani<\/strong><br \/>\n<strong> Wr\u00f3cili\u015bmy do domu<\/strong><br \/>\n<strong> Sanktuarium b\u0142. Ignacego *K\u0142opot*owskiego<\/strong><br \/>\n<strong> Mamy tu troch\u0119 *k\u0142opot\u00f3w*<\/strong><br \/>\n<strong> Takich czy innych<\/strong><br \/>\n<strong> Ale z pomoc\u0105 z Nieba Pani czyli Maryi<\/strong><br \/>\n<strong> Ufam \u017ce to wszystko przezwyci\u0119\u017cymy<\/strong><\/p>\n","protected":false},"excerpt":{"rendered":"<p>Szkic prosty \/ o przemocy Je\u015bli kto\u015b ci m\u00f3wi \u017be jednego dnia Masz mu m\u00f3wi\u0107 na powitanie Dzie\u0144 dobry Drugiego dnia Szcz\u0119\u015b\u0107 Bo\u017ce Trzeciego masz&hellip; <\/p>\n","protected":false},"author":1,"featured_media":0,"parent":0,"menu_order":0,"comment_status":"closed","ping_status":"closed","template":"","meta":{"footnotes":""},"class_list":["post-5544","page","type-page","status-publish","hentry"],"_links":{"self":[{"href":"https:\/\/hubertpietka.bialystok.pl\/index.php?rest_route=\/wp\/v2\/pages\/5544","targetHints":{"allow":["GET"]}}],"collection":[{"href":"https:\/\/hubertpietka.bialystok.pl\/index.php?rest_route=\/wp\/v2\/pages"}],"about":[{"href":"https:\/\/hubertpietka.bialystok.pl\/index.php?rest_route=\/wp\/v2\/types\/page"}],"author":[{"embeddable":true,"href":"https:\/\/hubertpietka.bialystok.pl\/index.php?rest_route=\/wp\/v2\/users\/1"}],"replies":[{"embeddable":true,"href":"https:\/\/hubertpietka.bialystok.pl\/index.php?rest_route=%2Fwp%2Fv2%2Fcomments&post=5544"}],"version-history":[{"count":1,"href":"https:\/\/hubertpietka.bialystok.pl\/index.php?rest_route=\/wp\/v2\/pages\/5544\/revisions"}],"predecessor-version":[{"id":5546,"href":"https:\/\/hubertpietka.bialystok.pl\/index.php?rest_route=\/wp\/v2\/pages\/5544\/revisions\/5546"}],"wp:attachment":[{"href":"https:\/\/hubertpietka.bialystok.pl\/index.php?rest_route=%2Fwp%2Fv2%2Fmedia&parent=5544"}],"curies":[{"name":"wp","href":"https:\/\/api.w.org\/{rel}","templated":true}]}}