{"id":5556,"date":"2022-05-02T23:57:50","date_gmt":"2022-05-02T23:57:50","guid":{"rendered":"http:\/\/hubertpietka.bialystok.pl\/?page_id=5556"},"modified":"2022-05-02T23:57:50","modified_gmt":"2022-05-02T23:57:50","slug":"odwrocony-moralny-porzadek","status":"publish","type":"page","link":"https:\/\/hubertpietka.bialystok.pl\/?page_id=5556","title":{"rendered":"Odwr\u00f3cony \/ moralny porz\u0105dek"},"content":{"rendered":"<p><em><strong>Odwr\u00f3cony \/ moralny porz\u0105dek<\/strong><\/em><\/p>\n<p>\u015awiat odwr\u00f3cony w kt\u00f3rym<\/p>\n<p>Nagradza si\u0119 skrytob\u00f3jc\u00f3w<br \/>\nA niewinnych nazywa zbrodniarzami<br \/>\nChwali si\u0119 judasz\u00f3w<br \/>\nI prze\u015bladuje jezus\u00f3w dalej<br \/>\n\u015awiat si\u0119 niczego nie nauczy\u0142<\/p>\n<p>Naje\u017ad\u017ac\u00f3w nazywa si\u0119 wyzwolicielami<br \/>\nA obro\u0144c\u00f3w faszystami<br \/>\nI to w XXI wieku<br \/>\nPo traumie hitleryzmu i komunizmu<br \/>\nKiedy si\u0119 ju\u017c wydawa\u0142o<br \/>\n\u017be upiory przesz\u0142o\u015bci odesz\u0142y do\u015b\u0107 daleko<\/p>\n<p><a href=\"http:\/\/hubertpietka.bialystok.pl\/wp-content\/uploads\/2022\/05\/IMG_20220503_011513.jpg\"><img loading=\"lazy\" decoding=\"async\" class=\"alignnone size-thumbnail wp-image-5557\" src=\"http:\/\/hubertpietka.bialystok.pl\/wp-content\/uploads\/2022\/05\/IMG_20220503_011513-150x150.jpg\" alt=\"\" width=\"150\" height=\"150\" srcset=\"https:\/\/hubertpietka.bialystok.pl\/wp-content\/uploads\/2022\/05\/IMG_20220503_011513-150x150.jpg 150w, https:\/\/hubertpietka.bialystok.pl\/wp-content\/uploads\/2022\/05\/IMG_20220503_011513-75x75.jpg 75w\" sizes=\"auto, (max-width: 150px) 100vw, 150px\" \/><\/a><\/p>\n<p><em>Na zdj. Odbicie przyrody w stawie<\/em><br \/>\n<em> W nieodleg\u0142ym st\u0105d Kwasowie<\/em><br \/>\n<em> \u015awiat natury pozornie odwr\u00f3cony<\/em><br \/>\n<em> Du\u017co niebezpieczniejsze zdecydowanie jest odwracanie<\/em><br \/>\n<em> Porz\u0105dku moralnego w cz\u0142owieku<\/em><br \/>\n<em> W \u015bwiecie w kt\u00f3rym<\/em><br \/>\n<em> Niezgodne z natur\u0105 po\u017cycie<\/em><br \/>\n<em> Nazywa si\u0119 nowoczesno\u015bci\u0105<\/em><br \/>\n<em> A na wierne sobie ma\u0142\u017ce\u0144stwa<\/em><br \/>\n<em> Patrzy si\u0119 jak na relikt niezdrowy przesz\u0142o\u015bci<\/em><br \/>\n<em> I takie wed\u0142ug prawa Bo\u017cego ma\u0142\u017ce\u0144stwa<\/em><br \/>\n<em> Chce si\u0119 niszczy\u0107<\/em><br \/>\n<em> Mimo \u017ce one odzwierciedlaj\u0105<\/em><br \/>\n<em> Odwieczny porz\u0105dek Bo\u017cy<\/em><\/p>\n","protected":false},"excerpt":{"rendered":"<p>Odwr\u00f3cony \/ moralny porz\u0105dek \u015awiat odwr\u00f3cony w kt\u00f3rym Nagradza si\u0119 skrytob\u00f3jc\u00f3w A niewinnych nazywa zbrodniarzami Chwali si\u0119 judasz\u00f3w I prze\u015bladuje jezus\u00f3w dalej \u015awiat si\u0119 niczego&hellip; <\/p>\n","protected":false},"author":1,"featured_media":0,"parent":0,"menu_order":0,"comment_status":"closed","ping_status":"closed","template":"","meta":{"footnotes":""},"class_list":["post-5556","page","type-page","status-publish","hentry"],"_links":{"self":[{"href":"https:\/\/hubertpietka.bialystok.pl\/index.php?rest_route=\/wp\/v2\/pages\/5556","targetHints":{"allow":["GET"]}}],"collection":[{"href":"https:\/\/hubertpietka.bialystok.pl\/index.php?rest_route=\/wp\/v2\/pages"}],"about":[{"href":"https:\/\/hubertpietka.bialystok.pl\/index.php?rest_route=\/wp\/v2\/types\/page"}],"author":[{"embeddable":true,"href":"https:\/\/hubertpietka.bialystok.pl\/index.php?rest_route=\/wp\/v2\/users\/1"}],"replies":[{"embeddable":true,"href":"https:\/\/hubertpietka.bialystok.pl\/index.php?rest_route=%2Fwp%2Fv2%2Fcomments&post=5556"}],"version-history":[{"count":2,"href":"https:\/\/hubertpietka.bialystok.pl\/index.php?rest_route=\/wp\/v2\/pages\/5556\/revisions"}],"predecessor-version":[{"id":5560,"href":"https:\/\/hubertpietka.bialystok.pl\/index.php?rest_route=\/wp\/v2\/pages\/5556\/revisions\/5560"}],"wp:attachment":[{"href":"https:\/\/hubertpietka.bialystok.pl\/index.php?rest_route=%2Fwp%2Fv2%2Fmedia&parent=5556"}],"curies":[{"name":"wp","href":"https:\/\/api.w.org\/{rel}","templated":true}]}}