{"id":5738,"date":"2022-06-25T21:04:20","date_gmt":"2022-06-25T21:04:20","guid":{"rendered":"http:\/\/hubertpietka.bialystok.pl\/?page_id=5738"},"modified":"2022-06-25T21:08:30","modified_gmt":"2022-06-25T21:08:30","slug":"woda-zycia-jaka-byc-powinna","status":"publish","type":"page","link":"https:\/\/hubertpietka.bialystok.pl\/?page_id=5738","title":{"rendered":"Woda \u017cycia \/ jaka by\u0107 powinna?"},"content":{"rendered":"<p><em><strong>Woda \u017cycia \/ jaka by\u0107 powinna?<\/strong><\/em><\/p>\n<p>Wielka \u015bciema<br \/>\nCz\u0142owiek wielki potrzebuje pomocy<br \/>\nAle bynajmniej nie takiej<br \/>\nKt\u00f3rej ma s\u0142u\u017cy\u0107 nas wyeliminowanie<br \/>\nCz\u0142owiek wielki potrzebuje raczej leczenia<br \/>\nOd czego\u015b i z jakiego\u015b jeszcze powodu<br \/>\nNie mniej wa\u017cnego<br \/>\nWielka \u015bciema<\/p>\n<p>Bohaterstwo wspania\u0142e <em>vel<\/em> weso\u0142e harcownictwo<br \/>\nMo\u017ce przyj\u015b\u0107 z tej czy tamtej strony<br \/>\nW taki czy siaki spos\u00f3b<br \/>\nLubi te\u017c ono wraz z wielkim cz\u0142owiekiem<br \/>\nStosowa\u0107 r\u00f3\u017cne wybiegi<br \/>\nNiejako si\u0119 w\u015blizgn\u0105\u0107 gdzie\u015b pomi\u0119dzy<br \/>\nA cz\u0142owiek wielki to mo\u017ce<br \/>\nI w kroku drugim nie tylko pierwszym<br \/>\nI nawet<em> na hama<\/em> mo\u017ce bohaterstwo wspania\u0142e<br \/>\nGwa\u0142c\u0105c czyj\u0105\u015b wolno\u015b\u0107 niejako<\/p>\n<p>A to s\u0142owo nieprzypadkowo<br \/>\nBo bohaterstwo wspania\u0142e<br \/>\nTe\u017c se noc upodoba\u0142o<br \/>\nStosuj\u0105c metody stalinowskie<br \/>\nCzy jak kto\u015b woli ubeckie na gruncie polskim<br \/>\nByle tylko wyrwa\u0107 ze snu<br \/>\nCz\u0142owieka bezbronnego jak kiedy\u015b bezpieka<br \/>\nBezpieka w celu opieki?<br \/>\nTemu s\u0142u\u017c\u0105 r\u00f3\u017cne szarady godzinne<br \/>\nKt\u00f3re z takim upodobaniem uprawia<br \/>\nW\u0142a\u015bnie bohaterstwo wspania\u0142e<br \/>\nWraz z wielkim cz\u0142owiekiem<br \/>\nBo on akurat wie dobrze<br \/>\nKiedy ma im wyj\u015b\u0107 na przeciw czy\u017c nie tak<\/p>\n<p><strong>Dzisiaj b\u0142. Doroty z *M\u0105t-ow\u00f3w*<\/strong><br \/>\n<strong> A po c\u00f3\u017c tak si\u0119 *m\u0105ci ow\u0105* \u017cycia wod\u0119<\/strong><br \/>\n<strong> Pr\u00f3buj\u0105c do niej dola\u0107 *m\u0119t-\u00f3w*<\/strong><br \/>\n<strong> Takich czy innych by uczyni\u0107 j\u0105 zat\u0119ch\u0142\u0105<\/strong><br \/>\n<strong> Doroty imi\u0119 te\u017c znaczy <em>dar od Boga<\/em><\/strong><br \/>\n<strong> Czemu\u017c si\u0119 pr\u00f3buje na wszelkie sposoby zniszczy\u0107<\/strong><br \/>\n<strong> To co pochodzi od Niego<\/strong><\/p>\n<p>Podobnie post\u0119puje si\u0119 i z moj\u0105 \u017con\u0105<br \/>\nChc\u0105c j\u0105 za wszelk\u0105 cen\u0119 tu czy tam ugodzi\u0107<br \/>\nI zabra\u0107 jej \u017cycie czyli dar od Boga<br \/>\nBynajmniej nie tylko dla mnie<br \/>\nA mo\u017ce podobnie i z bliskimi<br \/>\nKt\u00f3rzy nie zaprzedali dusz swych<br \/>\n\u017be o naszych Bo\u017cych stworzeniach<br \/>\nJu\u017c nawet nie b\u0119d\u0119 wspomina\u0142<br \/>\nA podobnie i z mieniem naszym czy naszych<br \/>\nCzy\u017c nie tak<\/p>\n<p style=\"text-align: right;\"><a href=\"https:\/\/youtu.be\/EItJEPo_op8\"><em><strong>Karolina Lizer &#8211; Czysta woda<\/strong><\/em><\/a><\/p>\n<p><strong>Dzi\u015b te\u017c \u015bw. Wilhelm wspominany<\/strong><br \/>\n<strong> Niech <em>B\u00f3g udzieli schronienia<\/em><\/strong><br \/>\n<strong> Imi\u0119 jego to znaczy<\/strong><br \/>\n<strong> I mi i mojej \u017conie<\/strong><br \/>\n<strong> Szczeg\u00f3lnie kiedy mnie z ni\u0105 by\u0107 nie mo\u017ce<\/strong><br \/>\n<strong> I bliskimi naszymi<\/strong><br \/>\n<strong> Z wszystkimi nie mog\u0119 by\u0107 w ka\u017cdym czasie<\/strong><br \/>\n<strong> Chocia\u017c jestem w modlitwie<\/strong><br \/>\n<strong> I naszym \u017cywi\u0105tkom<\/strong><br \/>\n<strong> I d\u00f3br naszych niech strze\u017ce<\/strong><\/p>\n<p>Przyjd\u017a Duchu \u015awi\u0119ty ja wo\u0142am<br \/>\nA oni niech nie przychodz\u0105<br \/>\nI je\u015bli cokolwiek nawet cokolwieczunio<\/p>\n<p><a href=\"http:\/\/hubertpietka.bialystok.pl\/wp-content\/uploads\/2022\/06\/IMG_20220625_230732.jpg\"><img loading=\"lazy\" decoding=\"async\" class=\"alignnone size-thumbnail wp-image-5742\" src=\"http:\/\/hubertpietka.bialystok.pl\/wp-content\/uploads\/2022\/06\/IMG_20220625_230732-150x150.jpg\" alt=\"\" width=\"150\" height=\"150\" srcset=\"https:\/\/hubertpietka.bialystok.pl\/wp-content\/uploads\/2022\/06\/IMG_20220625_230732-150x150.jpg 150w, https:\/\/hubertpietka.bialystok.pl\/wp-content\/uploads\/2022\/06\/IMG_20220625_230732-75x75.jpg 75w\" sizes=\"auto, (max-width: 150px) 100vw, 150px\" \/><\/a><\/p>\n<p><em>Na zdj. Maryja Niepokonana w pustelni<\/em><br \/>\n<em> \u015aw. Jana *Kante-go*<\/em><br \/>\n<em> *Kantami* uderza\u0107 w niego<\/em><br \/>\n<em> W taki czy inny spos\u00f3b<\/em><br \/>\n<em> A jak\u0105 proweniencj\u0119 ma ta metoda k\u0142amstw<\/em><br \/>\n<em> Kt\u00f3\u017c jest k\u0142amc\u0105 pierwszym<\/em><\/p>\n<p><strong>Dzi\u015b Niepokalanego Serca Maryi<\/strong><br \/>\n<strong> Droga od jej serca do Serca Jezusa<\/strong><br \/>\n<strong> Wiedzie przez serca ludzkie<\/strong><br \/>\n<strong> Ale tylko takie<\/strong><br \/>\n<strong> Kt\u00f3re chc\u0105 \u017cy\u0107 w prawdzie<\/strong><br \/>\n<strong> I przedk\u0142adaj\u0105 prawd\u0119 nad k\u0142amstwo<\/strong><br \/>\n<strong> O mi\u0142o\u015bci nie zapominaj\u0105c<\/strong><br \/>\n<strong> Bo prawda fa\u0142szywie przedstawiana<\/strong><br \/>\n<strong>S\u0142u\u017cy\u0107 mo\u017ce tylko tyrani<\/strong><\/p>\n<p style=\"text-align: center;\"><a href=\"https:\/\/youtu.be\/U7j9o3NKouo\"><em><strong>Gaudeamus &#8211; Zaufaj bez reszty Maryi<\/strong><\/em><\/a><\/p>\n","protected":false},"excerpt":{"rendered":"<p>Woda \u017cycia \/ jaka by\u0107 powinna? Wielka \u015bciema Cz\u0142owiek wielki potrzebuje pomocy Ale bynajmniej nie takiej Kt\u00f3rej ma s\u0142u\u017cy\u0107 nas wyeliminowanie Cz\u0142owiek wielki potrzebuje raczej&hellip; <\/p>\n","protected":false},"author":1,"featured_media":0,"parent":0,"menu_order":0,"comment_status":"closed","ping_status":"closed","template":"","meta":{"footnotes":""},"class_list":["post-5738","page","type-page","status-publish","hentry"],"_links":{"self":[{"href":"https:\/\/hubertpietka.bialystok.pl\/index.php?rest_route=\/wp\/v2\/pages\/5738","targetHints":{"allow":["GET"]}}],"collection":[{"href":"https:\/\/hubertpietka.bialystok.pl\/index.php?rest_route=\/wp\/v2\/pages"}],"about":[{"href":"https:\/\/hubertpietka.bialystok.pl\/index.php?rest_route=\/wp\/v2\/types\/page"}],"author":[{"embeddable":true,"href":"https:\/\/hubertpietka.bialystok.pl\/index.php?rest_route=\/wp\/v2\/users\/1"}],"replies":[{"embeddable":true,"href":"https:\/\/hubertpietka.bialystok.pl\/index.php?rest_route=%2Fwp%2Fv2%2Fcomments&post=5738"}],"version-history":[{"count":3,"href":"https:\/\/hubertpietka.bialystok.pl\/index.php?rest_route=\/wp\/v2\/pages\/5738\/revisions"}],"predecessor-version":[{"id":5743,"href":"https:\/\/hubertpietka.bialystok.pl\/index.php?rest_route=\/wp\/v2\/pages\/5738\/revisions\/5743"}],"wp:attachment":[{"href":"https:\/\/hubertpietka.bialystok.pl\/index.php?rest_route=%2Fwp%2Fv2%2Fmedia&parent=5738"}],"curies":[{"name":"wp","href":"https:\/\/api.w.org\/{rel}","templated":true}]}}