{"id":5746,"date":"2022-06-28T08:02:40","date_gmt":"2022-06-28T08:02:40","guid":{"rendered":"http:\/\/hubertpietka.bialystok.pl\/?page_id=5746"},"modified":"2022-06-28T08:02:54","modified_gmt":"2022-06-28T08:02:54","slug":"prawda-milosci","status":"publish","type":"page","link":"https:\/\/hubertpietka.bialystok.pl\/?page_id=5746","title":{"rendered":"Prawda \/ w mi\u0142o\u015bci"},"content":{"rendered":"<p><em><strong>Prawda \/ w mi\u0142o\u015bci<\/strong><\/em><\/p>\n<p>Je\u015bli w obronie koniecznej<br \/>\nMo\u017cna zabi\u0107 napastnika<br \/>\nW prawdziwej obronie \u017cycia<br \/>\nSwego czy kogo\u015b<br \/>\nTo czy\u017c nie mo\u017cna pos\u0142u\u017cy\u0107 si\u0119<br \/>\nK\u0142amstwem w tym celu<\/p>\n<p>Prawda bez mi\u0142osierdzia<br \/>\nJest parodi\u0105 jej istoty<br \/>\nA poza tym<br \/>\nJezus powiedzia\u0142<br \/>\n<em>Przechadzaj\u0105 komary<\/em><br \/>\n<em> A po\u0142ykaj\u0105 lekko *wiel-b\u0142\u0119dy*<\/em><\/p>\n<p>Burza na *j\u0119z(i)orach*<br \/>\n<em>Milcz ucisz si\u0119<\/em><\/p>\n<p><em>\u017bycie ocali\u0107 czy zabi\u0107<\/em><br \/>\n<em> Chce raczej mi\u0142osierdzia ni\u017c ofiary<\/em><br \/>\nB\u00f3g m\u00f3wi<\/p>\n<p><strong>Dzi\u015b \u015bw. Ireneusza z *Lyonu*<\/strong><br \/>\n<strong> Ju\u017c zwyci\u0119\u017cy\u0142 *Lew Judy* Chrystus<\/strong><br \/>\n<strong> Szatan ju\u017c jest pokonany<\/strong><\/p>\n<p style=\"text-align: center;\"><a href=\"https:\/\/youtu.be\/IR1cWcwlf8E\"><em><strong>Chrystus zwyci\u0119\u017cy\u0142 &#8211; Exodus 15<\/strong><\/em><\/a><\/p>\n<p><strong><a href=\"http:\/\/hubertpietka.bialystok.pl\/wp-content\/uploads\/2022\/06\/IMG_20220628_094914.jpg\"><img loading=\"lazy\" decoding=\"async\" class=\"alignnone size-thumbnail wp-image-5747\" src=\"http:\/\/hubertpietka.bialystok.pl\/wp-content\/uploads\/2022\/06\/IMG_20220628_094914-150x150.jpg\" alt=\"\" width=\"150\" height=\"150\" srcset=\"https:\/\/hubertpietka.bialystok.pl\/wp-content\/uploads\/2022\/06\/IMG_20220628_094914-150x150.jpg 150w, https:\/\/hubertpietka.bialystok.pl\/wp-content\/uploads\/2022\/06\/IMG_20220628_094914-75x75.jpg 75w\" sizes=\"auto, (max-width: 150px) 100vw, 150px\" \/><\/a><\/strong><\/p>\n<p>Na zdj. Jezus w drodze naucza swoich uczni\u00f3w<br \/>\nW klasztorze franciszkan\u00f3w *Mir-owskiej* Pani w Pi\u0144czowie<br \/>\nMir to pok\u00f3j oparty na prawdzie<br \/>\nAle pomijaj\u0105c mi\u0142osierdzie<br \/>\nJej parodi\u0105 on si\u0119 staje<\/p>\n<p>A oni pewnie \u017ce przyj\u015b\u0107 mog\u0105<br \/>\nTam czy siam<br \/>\nW miejsca takie czy inne w drodze<br \/>\n<em>Przyjd\u017a Duchu \u015awi\u0119ty<\/em><br \/>\n<em> A oni niech nie przychodz\u0105<\/em><\/p>\n<p><em>I je\u015bli cokolwiek cokolwieczunio nawet<\/em><br \/>\nZ moj\u0105 \u017con\u0105 tym psem<br \/>\nNaszymi samochodami<br \/>\nA pewnie i ze mn\u0105 sta\u0107 co\u015b si\u0119 mo\u017ce<br \/>\nMimo \u017ce \u015bwietnie si\u0119 czuj\u0119<br \/>\nZ nami naszymi i naszym<br \/>\nTam gdzie jeste\u015bmy i tam gdzie nas nie ma<br \/>\n<em>To Ty wiesz Panie<\/em><br \/>\nJezu ufam Tobie<\/p>\n","protected":false},"excerpt":{"rendered":"<p>Prawda \/ w mi\u0142o\u015bci Je\u015bli w obronie koniecznej Mo\u017cna zabi\u0107 napastnika W prawdziwej obronie \u017cycia Swego czy kogo\u015b To czy\u017c nie mo\u017cna pos\u0142u\u017cy\u0107 si\u0119 K\u0142amstwem&hellip; <\/p>\n","protected":false},"author":1,"featured_media":0,"parent":0,"menu_order":0,"comment_status":"closed","ping_status":"closed","template":"","meta":{"footnotes":""},"class_list":["post-5746","page","type-page","status-publish","hentry"],"_links":{"self":[{"href":"https:\/\/hubertpietka.bialystok.pl\/index.php?rest_route=\/wp\/v2\/pages\/5746","targetHints":{"allow":["GET"]}}],"collection":[{"href":"https:\/\/hubertpietka.bialystok.pl\/index.php?rest_route=\/wp\/v2\/pages"}],"about":[{"href":"https:\/\/hubertpietka.bialystok.pl\/index.php?rest_route=\/wp\/v2\/types\/page"}],"author":[{"embeddable":true,"href":"https:\/\/hubertpietka.bialystok.pl\/index.php?rest_route=\/wp\/v2\/users\/1"}],"replies":[{"embeddable":true,"href":"https:\/\/hubertpietka.bialystok.pl\/index.php?rest_route=%2Fwp%2Fv2%2Fcomments&post=5746"}],"version-history":[{"count":2,"href":"https:\/\/hubertpietka.bialystok.pl\/index.php?rest_route=\/wp\/v2\/pages\/5746\/revisions"}],"predecessor-version":[{"id":5749,"href":"https:\/\/hubertpietka.bialystok.pl\/index.php?rest_route=\/wp\/v2\/pages\/5746\/revisions\/5749"}],"wp:attachment":[{"href":"https:\/\/hubertpietka.bialystok.pl\/index.php?rest_route=%2Fwp%2Fv2%2Fmedia&parent=5746"}],"curies":[{"name":"wp","href":"https:\/\/api.w.org\/{rel}","templated":true}]}}