{"id":5900,"date":"2022-08-01T22:50:20","date_gmt":"2022-08-01T22:50:20","guid":{"rendered":"http:\/\/hubertpietka.bialystok.pl\/?page_id=5900"},"modified":"2022-08-01T22:53:47","modified_gmt":"2022-08-01T22:53:47","slug":"gonia-tak-za-kim","status":"publish","type":"page","link":"https:\/\/hubertpietka.bialystok.pl\/?page_id=5900","title":{"rendered":"Goni\u0105 tak \/ za kim czym"},"content":{"rendered":"<p><em><strong>Goni\u0105 tak \/ za kim czym\u00a0<\/strong><\/em><\/p>\n<p><em>Chwila za chwil\u0105<\/em><br \/>\n<em> Godzina za godzin\u0105<\/em><br \/>\n<em> Dzie\u0144 za dniem<\/em><\/p>\n<p>Za kim to goni<br \/>\nTak wspania\u0142e bohaterstwo cz\u0142owiek wielki misie kolorowe<br \/>\nZa zdech\u0142ym psem pch\u0142\u0105 marn\u0105<br \/>\nNa kogo tak si\u0119 nastaje<br \/>\nZ kim to maj\u0105 si\u0119 tak rozprawia\u0107<\/p>\n<p>Restauracja Bia\u0142oborze serwuje co nast\u0119puje<br \/>\nDanie g\u0142\u00f3wne cz\u0142owiek wielki i wspania\u0142e bohaterstwo<br \/>\nMog\u0105 te\u017c naprzemiennie<br \/>\nA na deser kolorowe misie<br \/>\nJak kolorowe koraliki albo lentylki<\/p>\n<p>A cz\u0142owiek wielki jak trzeba<br \/>\nTak na marginesie<br \/>\nTo i w pi\u017camce wyskoczy<br \/>\nNawet w \u015brodku nocy jakby i co<\/p>\n<p>A misie kolorowe<br \/>\nTo i sami mog\u0105<br \/>\nPomijaj\u0105c te niezr\u0119czne czasem do\u015b\u0107 kroki<br \/>\nOdno\u015bnie posesji prywatnej<\/p>\n<p>A poza tym wszystko przypadkowo<br \/>\nCz\u0142owiek wielki wspania\u0142e bohaterstwo misie kolorowe<br \/>\nA \u017ce wsp\u00f3\u0142pracowa\u0107 b\u0119d\u0105 oni zapewnie pi\u0119knie<br \/>\nI ka\u017cdy co ma robi\u0107 te\u017c b\u0119dzie wiedzia\u0142<br \/>\nTo s\u0105 to takie zapewne tak zwane przypadkowe przypadki<\/p>\n<p><strong>Jutro wspominany jest b\u0142. ks. *Au-gust* *Czarto-ryski*<\/strong><br \/>\n<strong> *<em>Auu!<\/em>* wszystko to na m\u00f3j *gust*<\/strong><br \/>\n<strong> Ma *Czarto-wski* troch\u0119 *rys*<\/strong><br \/>\n<strong> Zreszt\u0105 i nie to tylko<\/strong><br \/>\n<strong> Ale i to co chc\u0105 zrobi\u0107 z moj\u0105 \u017con\u0105<\/strong><br \/>\n<strong> Z naszymi nawet *zwierz\u0119 si\u0119 wam* *zwierz\u0119tami*<\/strong><br \/>\n<strong> *Sam doszed\u0142em* do tego \u017ce i z *samochodami*<\/strong><br \/>\n<strong> \u017be nie wspomn\u0119 ju\u017c nawet o bliskich<\/strong><br \/>\n<strong> I tych dalej i tych troch\u0119 bli\u017cej<\/strong><br \/>\n<strong> Wszystko to ma dla mnie osobi\u015bcie *rys* troch\u0119 jednak *czartowski*<\/strong><\/p>\n<p><strong>\u017be ju\u017c nawet nie wspomn\u0119<\/strong><br \/>\n<strong> O izolacji spo\u0142ecznej medialnej materialnej<\/strong><\/p>\n<p><strong><a href=\"http:\/\/hubertpietka.bialystok.pl\/wp-content\/uploads\/2022\/08\/IMG_20220802_001304.jpg\"><img loading=\"lazy\" decoding=\"async\" class=\"alignnone size-thumbnail wp-image-5901\" src=\"http:\/\/hubertpietka.bialystok.pl\/wp-content\/uploads\/2022\/08\/IMG_20220802_001304-150x150.jpg\" alt=\"\" width=\"150\" height=\"150\" srcset=\"https:\/\/hubertpietka.bialystok.pl\/wp-content\/uploads\/2022\/08\/IMG_20220802_001304-150x150.jpg 150w, https:\/\/hubertpietka.bialystok.pl\/wp-content\/uploads\/2022\/08\/IMG_20220802_001304-75x75.jpg 75w\" sizes=\"auto, (max-width: 150px) 100vw, 150px\" \/><\/a><\/strong><\/p>\n<p>Na zdj. Maryja Niepokalana ko\u0142o ko\u015bcio\u0142a w *Ole-\u015bnicy*<br \/>\n*<em>O-le<\/em>!* *\u015bni\u0107* *l\u015bni\u0107* mo\u017cna pi\u0119knie<br \/>\nI w pi\u017camce nawet<br \/>\nA kiedy trzeba to i te\u017c na dworze<br \/>\nAve Maria zawsze<\/p>\n<p><strong>A \u017ce te\u017c jutro tak zwany odpust Porcjunkuli<\/strong><br \/>\n<strong> Kt\u00f3ry znaczy <em>cz\u0105stka ma\u0142a<\/em><\/strong><br \/>\n<strong> To ja ju\u017c wol\u0119 zosta\u0107 taki ma\u0142y<\/strong><br \/>\n<strong> Byle w czu\u0142ym spojrzeniu Maryi<\/strong><br \/>\n<strong> Bo nie spodziewam si\u0119 raczej takich samych<\/strong><br \/>\n<strong> Od tych kt\u00f3rzy maj\u0105 mi drapie\u017cno\u015b\u0107 okaza\u0107<\/strong><br \/>\n<strong> Taki ma\u0142y <em>drobna cz\u0105stka<\/em><\/strong><br \/>\n<strong> Wi\u0119c za kim tak goni\u0105<\/strong><\/p>\n<p><strong>A Matka Bo\u017ca Anielska<\/strong><br \/>\n<strong> Niech te\u017c czuwa nad innymi ma\u0142ymi anio\u0142ami<\/strong><br \/>\n<strong> Do kt\u00f3rych zapewne podchodz\u0105 te\u017c ze <em>sprawiedliwo\u015bci\u0105<\/em> podobn\u0105<\/strong><br \/>\n<strong> Jak i do mnie<\/strong><\/p>\n<p style=\"text-align: center;\"><a href=\"https:\/\/youtu.be\/ZvdOBBNKNNo\"><em><b>D\u017cem &#8211; Naiwne pytania \/ akustycznie\u00a0<\/b><\/em><\/a><\/p>\n","protected":false},"excerpt":{"rendered":"<p>Goni\u0105 tak \/ za kim czym\u00a0 Chwila za chwil\u0105 Godzina za godzin\u0105 Dzie\u0144 za dniem Za kim to goni Tak wspania\u0142e bohaterstwo cz\u0142owiek wielki misie&hellip; <\/p>\n","protected":false},"author":1,"featured_media":0,"parent":0,"menu_order":0,"comment_status":"closed","ping_status":"closed","template":"","meta":{"footnotes":""},"class_list":["post-5900","page","type-page","status-publish","hentry"],"_links":{"self":[{"href":"https:\/\/hubertpietka.bialystok.pl\/index.php?rest_route=\/wp\/v2\/pages\/5900","targetHints":{"allow":["GET"]}}],"collection":[{"href":"https:\/\/hubertpietka.bialystok.pl\/index.php?rest_route=\/wp\/v2\/pages"}],"about":[{"href":"https:\/\/hubertpietka.bialystok.pl\/index.php?rest_route=\/wp\/v2\/types\/page"}],"author":[{"embeddable":true,"href":"https:\/\/hubertpietka.bialystok.pl\/index.php?rest_route=\/wp\/v2\/users\/1"}],"replies":[{"embeddable":true,"href":"https:\/\/hubertpietka.bialystok.pl\/index.php?rest_route=%2Fwp%2Fv2%2Fcomments&post=5900"}],"version-history":[{"count":2,"href":"https:\/\/hubertpietka.bialystok.pl\/index.php?rest_route=\/wp\/v2\/pages\/5900\/revisions"}],"predecessor-version":[{"id":5905,"href":"https:\/\/hubertpietka.bialystok.pl\/index.php?rest_route=\/wp\/v2\/pages\/5900\/revisions\/5905"}],"wp:attachment":[{"href":"https:\/\/hubertpietka.bialystok.pl\/index.php?rest_route=%2Fwp%2Fv2%2Fmedia&parent=5900"}],"curies":[{"name":"wp","href":"https:\/\/api.w.org\/{rel}","templated":true}]}}