{"id":5910,"date":"2022-08-03T21:00:25","date_gmt":"2022-08-03T21:00:25","guid":{"rendered":"http:\/\/hubertpietka.bialystok.pl\/?page_id=5910"},"modified":"2022-08-03T21:23:47","modified_gmt":"2022-08-03T21:23:47","slug":"przypadkowosc-koniecznosci-koniecznosc-przypadkowosci","status":"publish","type":"page","link":"https:\/\/hubertpietka.bialystok.pl\/?page_id=5910","title":{"rendered":"Przypadkowo\u015b\u0107 konieczno\u015bci \/ konieczno\u015b\u0107 przypadkowo\u015bci"},"content":{"rendered":"<p><em><strong>Przypadkowo\u015b\u0107 konieczno\u015bci \/ konieczno\u015b\u0107 przypadkowo\u015bci<\/strong><\/em><\/p>\n<p>Nie ma przyj\u015b\u0107 wcale<br \/>\nBohaterstwo wspania\u0142e<br \/>\nCz\u0142owiek wielki te\u017c<br \/>\nIm nie wychodzi naprzeciw<br \/>\nNic si\u0119 nie ma sta\u0107<br \/>\nZ moj\u0105 \u017con\u0105 z tym psem<br \/>\nNami naszymi i naszym<br \/>\nI ze mn\u0105 te\u017c<\/p>\n<p>No pewnie<br \/>\nI misie kolorowe<br \/>\nNie maj\u0105 przyj\u015b\u0107<br \/>\nTak w og\u00f3le<br \/>\nTo nie ma przecie\u017c<br \/>\n\u017badnych z\u0142ych misi\u00f3w<\/p>\n<p>Jest tylko przypadek albo konieczno\u015b\u0107<br \/>\nBo przyj\u015b\u0107 nie maj\u0105<br \/>\nA jak przyjd\u0105 to przypadek<br \/>\nPrzyj\u015b\u0107 nie mieli<br \/>\nA jak przyjd\u0105 to musieli<\/p>\n<p>To nic<br \/>\nJa si\u0119 jednak nastawiam<br \/>\nJakby mieli przyj\u015b\u0107<br \/>\n\u017beby przypadkiem<br \/>\nNie by\u0107 zaskoczonym tym faktem<\/p>\n<p><strong>Dzisiaj 121 rocznica urodzin b\u0142ogos\u0142awionego<\/strong><br \/>\n<strong> Kardyna\u0142a Stefana Wyszy\u0144skiego<\/strong><br \/>\n<strong> Czy\u017c on Ojciec Narodu<\/strong><br \/>\n<strong> Wierzy\u0142 komunistom we wszystkim<\/strong><br \/>\n<strong> Tak si\u0119 jako\u015b sk\u0142ada<\/strong><br \/>\n<strong> \u017be i ja im za bardzo nie wierz\u0119<\/strong><br \/>\n<strong> Jak to m\u00f3wi\u0105<\/strong><br \/>\n<strong> Wol\u0119 chucha\u0107 na zimne<\/strong><\/p>\n<p><strong><a href=\"http:\/\/hubertpietka.bialystok.pl\/wp-content\/uploads\/2022\/08\/IMG_20220803_223919.jpg\"><img loading=\"lazy\" decoding=\"async\" class=\"alignnone size-thumbnail wp-image-5911\" src=\"http:\/\/hubertpietka.bialystok.pl\/wp-content\/uploads\/2022\/08\/IMG_20220803_223919-150x150.jpg\" alt=\"\" width=\"150\" height=\"150\" srcset=\"https:\/\/hubertpietka.bialystok.pl\/wp-content\/uploads\/2022\/08\/IMG_20220803_223919-150x150.jpg 150w, https:\/\/hubertpietka.bialystok.pl\/wp-content\/uploads\/2022\/08\/IMG_20220803_223919-75x75.jpg 75w\" sizes=\"auto, (max-width: 150px) 100vw, 150px\" \/><\/a><\/strong><\/p>\n<p><em>Na zdj. Jezus na schodku w Ole\u015bnicy<\/em><br \/>\n<em> Przy starym dworku<\/em><br \/>\n<em> Tak jakby si\u0119 zastanawia\u0142<\/em><br \/>\n<em> Wej\u015b\u0107 do tego domu<\/em><br \/>\n<em> Czy mo\u017ce lepiej go opu\u015bci\u0107<\/em><br \/>\n<em> Kto\u015b przyjmie Jezusa<\/em><br \/>\n<em> Bo mo\u017ce On domu szuka<\/em><\/p>\n<p><em>Ucieka\u0107 czy zosta\u0107<\/em><br \/>\n<em>I jak to wszystko przetrwa\u0107<\/em><br \/>\n<em> Jezu ufam Tobie<\/em><br \/>\n<i>B\u0105d\u017a z nami zawsze<\/i><br \/>\n<em>Wiem \u017ce jeste\u015b<\/em><\/p>\n","protected":false},"excerpt":{"rendered":"<p>Przypadkowo\u015b\u0107 konieczno\u015bci \/ konieczno\u015b\u0107 przypadkowo\u015bci Nie ma przyj\u015b\u0107 wcale Bohaterstwo wspania\u0142e Cz\u0142owiek wielki te\u017c Im nie wychodzi naprzeciw Nic si\u0119 nie ma sta\u0107 Z moj\u0105&hellip; <\/p>\n","protected":false},"author":1,"featured_media":0,"parent":0,"menu_order":0,"comment_status":"closed","ping_status":"closed","template":"","meta":{"footnotes":""},"class_list":["post-5910","page","type-page","status-publish","hentry"],"_links":{"self":[{"href":"https:\/\/hubertpietka.bialystok.pl\/index.php?rest_route=\/wp\/v2\/pages\/5910","targetHints":{"allow":["GET"]}}],"collection":[{"href":"https:\/\/hubertpietka.bialystok.pl\/index.php?rest_route=\/wp\/v2\/pages"}],"about":[{"href":"https:\/\/hubertpietka.bialystok.pl\/index.php?rest_route=\/wp\/v2\/types\/page"}],"author":[{"embeddable":true,"href":"https:\/\/hubertpietka.bialystok.pl\/index.php?rest_route=\/wp\/v2\/users\/1"}],"replies":[{"embeddable":true,"href":"https:\/\/hubertpietka.bialystok.pl\/index.php?rest_route=%2Fwp%2Fv2%2Fcomments&post=5910"}],"version-history":[{"count":4,"href":"https:\/\/hubertpietka.bialystok.pl\/index.php?rest_route=\/wp\/v2\/pages\/5910\/revisions"}],"predecessor-version":[{"id":5916,"href":"https:\/\/hubertpietka.bialystok.pl\/index.php?rest_route=\/wp\/v2\/pages\/5910\/revisions\/5916"}],"wp:attachment":[{"href":"https:\/\/hubertpietka.bialystok.pl\/index.php?rest_route=%2Fwp%2Fv2%2Fmedia&parent=5910"}],"curies":[{"name":"wp","href":"https:\/\/api.w.org\/{rel}","templated":true}]}}