{"id":593,"date":"2017-07-12T09:25:44","date_gmt":"2017-07-12T09:25:44","guid":{"rendered":"http:\/\/hubertpietka.bialystok.pl\/?page_id=593"},"modified":"2017-07-13T08:09:48","modified_gmt":"2017-07-13T08:09:48","slug":"epitafium-dla-moich-przyjaciol-i-bliskich","status":"publish","type":"page","link":"https:\/\/hubertpietka.bialystok.pl\/?page_id=593","title":{"rendered":"Epitafium dla moich przyjaci\u00f3\u0142 i bliskich"},"content":{"rendered":"<p style=\"text-align: center;\"><em><strong>Epitafium dla moich przyjaci\u00f3\u0142 i bliskich<\/strong><\/em><\/p>\n<p>&nbsp;<\/p>\n<p>INTRO<\/p>\n<p>&nbsp;<\/p>\n<p>Ref.<\/p>\n<p>Bliscy i oddaleni,<\/p>\n<p>znani i nieznani<\/p>\n<p>&#8211; przyjaciele, moi kochani!<\/p>\n<p>&nbsp;<\/p>\n<ol>\n<li>W ka\u017cdej swej \u017cycia dobie<\/li>\n<\/ol>\n<p>my\u015bl\u0119 o was<\/p>\n<p>i przypominam was sobie\u2026<\/p>\n<p>&nbsp;<\/p>\n<ol start=\"2\">\n<li>Wspominam was<\/li>\n<\/ol>\n<p>przy ka\u017cdej sposobno\u015bci,<\/p>\n<p>przywo\u0142uj\u0119 w mej pami\u0119ci\u2026<\/p>\n<p>&nbsp;<\/p>\n<ol start=\"3\">\n<li>Zawsze jestem przy was,<\/li>\n<\/ol>\n<p>mimo, \u017ce przesz\u0142o\u015b\u0107 nas rozdzieli\u0142a,<\/p>\n<p>osobna jest tera\u017aniejszo\u015b\u0107\u2026<\/p>\n<p>&nbsp;<\/p>\n<ol start=\"4\">\n<li>To dla was pie\u015b\u0144 ma.<\/li>\n<\/ol>\n<p>Na wieczn\u0105 pami\u0105tk\u0119 spotkania<\/p>\n<p>i eschatologi\u0119 losu dope\u0142nienia\u2026<\/p>\n<p>&nbsp;<\/p>\n<p style=\"text-align: center;\">MEMORIA\u0141<\/p>\n<p>&nbsp;<\/p>\n<p>Ref. W r\u00f3\u017cnym czasie was spotyka\u0142em,<\/p>\n<p>ale zawsze przy was wiernie trwa\u0142em.<\/p>\n<p>By\u0142em dla was, jak umia\u0142em<\/p>\n<p>&#8211; \u017cy\u0142em, jak chcia\u0142em\u2026<\/p>\n<p>&nbsp;<\/p>\n<p style=\"text-align: right;\"><a href=\"https:\/\/www.youtube.com\/watch?v=TshT_3izSrw\">J. Stachurski &#8211; \u201e\u017by\u0142em jak chcia\u0142em\u201d<\/a><\/p>\n<p>&nbsp;<\/p>\n<p style=\"text-align: center;\">Podstaw\u00f3wka<\/p>\n<ol>\n<li>Sebastianie,<\/li>\n<\/ol>\n<p>m\u00f3j pierwszy przyjacielu,<\/p>\n<p>przeszli\u015bmy ca\u0142\u0105 podstawow\u0105 drog\u0119,<\/p>\n<p>cho\u0107 los nas rozdzieli\u0142.<\/p>\n<p>&#8211; Inteligentniejszych od ciebie niewielu!<\/p>\n<p>&nbsp;<\/p>\n<ol start=\"2\">\n<li>Witku,<\/li>\n<\/ol>\n<p>najbogatszy w ca\u0142ym miasteczku,<\/p>\n<p>nigdy nie potrafi\u0142em poj\u0105\u0107,<\/p>\n<p>co ci\u0105gn\u0119\u0142o ci\u0119 do mnie.<\/p>\n<p>&#8211; A ty po prostu by\u0142e\u015b, wiary w siebie mi doda\u0142e\u015b!<\/p>\n<p>&nbsp;<\/p>\n<ol start=\"3\">\n<li>Pawle,<\/li>\n<\/ol>\n<p>kolego klasowy i z boiska,<\/p>\n<p>chyba zawsze byli\u015bmy sobie bliscy.<\/p>\n<p>Wsp\u00f3lne drogi wesp\u00f3\u0142 \u017ce\u015bmy prze\u017cywali<\/p>\n<p>&#8211; dzielili si\u0119 do\u015bwiadczeniami, rozwa\u017cali\u2026<\/p>\n<p>&nbsp;<\/p>\n<p style=\"text-align: center;\">Liceum<\/p>\n<ol start=\"4\">\n<li>Marcinie,<\/li>\n<\/ol>\n<p>m\u00f3j pierwszy bia\u0142ostocki przyjacielu,<\/p>\n<p>polubi\u0142em ci\u0119 za tw\u0105 wierno\u015b\u0107 i ideowo\u015b\u0107.<\/p>\n<p>\u015amier\u0107 twego brata nas po\u0142\u0105czy\u0142a<\/p>\n<p>&#8211; i wsp\u00f3lna droga do szko\u0142y\u2026<\/p>\n<p>&nbsp;<\/p>\n<ol start=\"5\">\n<li>Wojtku,<\/li>\n<\/ol>\n<p>bolesny przyjacielu,<\/p>\n<p>wiele\u015bmy wsp\u00f3lnie prze\u017cyli,<\/p>\n<p>jeszcze wi\u0119cej wypili, wypalili<\/p>\n<p>&#8211; ile\u015bmy przegadali\u2026<\/p>\n<p>&nbsp;<\/p>\n<ol start=\"6\">\n<li>Igorze,<\/li>\n<\/ol>\n<p>poszed\u0142e\u015b w swoj\u0105 stron\u0119,<\/p>\n<p>b\u0142ogos\u0142aw ci, Bo\u017ce.<\/p>\n<p>Po\u0142\u0105czy\u0142a nas muzyka<\/p>\n<p>i znajomi twojej religii\u2026<\/p>\n<p>&nbsp;<\/p>\n<p style=\"text-align: center;\">Internat<\/p>\n<ol start=\"7\">\n<li>Tomku,<\/li>\n<\/ol>\n<p>z tob\u0105 u \u017cycia progu<\/p>\n<p>wsp\u00f3lnie odkrywali\u015bmy m\u0142odo\u015b\u0107.<\/p>\n<p>Dzi\u0119kuj\u0119, \u017ce mnie przyj\u0105\u0142e\u015b<\/p>\n<p>&#8211; ty te\u017c da\u0142e\u015b mi si\u0142\u0119, jak Witek\u2026<\/p>\n<p>&nbsp;<\/p>\n<ol start=\"8\">\n<li>Bartku,<\/li>\n<\/ol>\n<p>cho\u0107 po\u0142\u0105czy\u0142a nas<\/p>\n<p>niezbyt dobra muzyka,<\/p>\n<p>transparentno\u015b\u0107 prze\u017cy\u0107 i dusz<\/p>\n<p>&#8211; pozwoli\u0142a na now\u0105 drog\u0119 \u017cycia\u2026<\/p>\n<p>&nbsp;<\/p>\n<ol start=\"9\">\n<li>A\u015bka,<\/li>\n<\/ol>\n<p>dzi\u0119ki, za wszystko, dzi\u0119ki.<\/p>\n<p>Tak mia\u0142o by\u0107.<\/p>\n<p>Cho\u0107 nasza historia sko\u0144czona<\/p>\n<p>&#8211; przez listy do siebie stworzona\u2026<\/p>\n<p>&nbsp;<\/p>\n<ol start=\"10\">\n<li>Karolu i Marcinie,<\/li>\n<\/ol>\n<p>najdro\u017csi bracia,<\/p>\n<p>byli\u015bcie dla wielu przyk\u0142adem<\/p>\n<p>wsp\u00f3lnej, braterskiej drogi<\/p>\n<p>&#8211; i ja pozostawa\u0142em pod jej urokiem\u2026<\/p>\n<p>&nbsp;<\/p>\n<p style=\"text-align: center;\">Akademik<\/p>\n<ol start=\"11\">\n<li>Adamie,<\/li>\n<\/ol>\n<p>ty pierwszy tam mnie rozpozna\u0142e\u015b.<\/p>\n<p>Dzi\u0119ki, \u017ce przy mnie trwa\u0142e\u015b,<\/p>\n<p>mimo mej bolesnej drogi ju\u017c wtedy<\/p>\n<p>&#8211; gdy \u017cadnego ukojenia znale\u017a\u0107 nie mog\u0142em\u2026<\/p>\n<p>&nbsp;<\/p>\n<ol start=\"12\">\n<li>Krystianie,<\/li>\n<\/ol>\n<p>ty\u015b pierwszy opatrzy\u0142 moj\u0105 ran\u0119.<\/p>\n<p>By\u0142e\u015b nawet przy mnie,<\/p>\n<p>gdy by\u0142em przegrany<\/p>\n<p>&#8211; na wsp\u00f3lnej drodze wiary si\u0119 rozpoznamy\u2026<\/p>\n<p>&nbsp;<\/p>\n<p style=\"text-align: center;\">Krak\u00f3w<\/p>\n<ol start=\"13\">\n<li>Robercie,<\/li>\n<\/ol>\n<p>niewiele o tobie wiedzia\u0142em,<\/p>\n<p>lecz polubi\u0142em ci\u0119 niema\u0142o.<\/p>\n<p>Szczerze\u015bmy rozmawiali<\/p>\n<p>\u2026 a potem \u017ce\u015b si\u0119 oddali\u0142\u2026<\/p>\n<p>&nbsp;<\/p>\n<ol start=\"14\">\n<li>Basiu,<\/li>\n<\/ol>\n<p>spotka\u0142em ci\u0119 tam na \u015bmierci i \u017cycia progu<\/p>\n<p>i ucieszy\u0142em, uwierzy\u0142em<\/p>\n<p>w now\u0105 drog\u0119.<\/p>\n<p>&#8211; po\u0142\u0105cz\u0105 nas do\u015bwiadczenia \u017cyciowe\u2026<\/p>\n<p>&nbsp;<\/p>\n<p style=\"text-align: center;\">Reaktywacja<\/p>\n<ol start=\"15\">\n<li>Sasza,<\/li>\n<\/ol>\n<p>drogi przyjacielu.<\/p>\n<p>Tak inteligentny,<\/p>\n<p>a zarazem prosty<\/p>\n<p>&#8211; ci\u0105gle szukasz wyrazu swojej osoby\u2026<\/p>\n<p>&nbsp;<\/p>\n<ol start=\"16\">\n<li>Robercie,<\/li>\n<\/ol>\n<p>nasze wsp\u00f3lne pomieszkiwanie<\/p>\n<p>pozwoli\u0142o nam rozumie\u0107 si\u0119<\/p>\n<p>i potem podnosi\u0107 nieustannie<\/p>\n<p>&#8211; wierz\u0119, \u017ce jeszcze siebie odnajdziesz\u2026<\/p>\n<p>&nbsp;<\/p>\n<ol start=\"17\">\n<li>Wojtku,<\/li>\n<\/ol>\n<p>tak jak my z Tomkiem,<\/p>\n<p>chyba nikt tam nie modli\u0142 si\u0119.<\/p>\n<p>Po\u0142\u0105czy\u0142y nas wsp\u00f3lne rozmowy i do\u015bwiadczenia<\/p>\n<p>&#8211; czy\u015b w nowym \u015bwiecie odnalaz\u0142 swe szcz\u0119\u015bcie?<\/p>\n<p>&nbsp;<\/p>\n<ol start=\"18\">\n<li>Tomku,<\/li>\n<\/ol>\n<p>d\u0142uga wsp\u00f3lna droga.<\/p>\n<p>Nie pozw\u00f3lmy<\/p>\n<p>by przemog\u0142a j\u0105 my\u015bl z\u0142owroga<\/p>\n<p>&#8211; czy\u017c tej drogi nie szkoda\u2026<\/p>\n<p>&nbsp;<\/p>\n<p style=\"text-align: center;\">DA<\/p>\n<p>19-20. Krzy\u015bku i Ma\u0107ku,<\/p>\n<p>wp\u00f3lnie\u015bmy pi\u0119knie szli,<\/p>\n<p>dziel\u0105c si\u0119 wiar\u0105<\/p>\n<p>i do\u015bwiadcze\u0144 prze\u017cytych skal\u0105<\/p>\n<p>&#8211; dok\u0105d dzi\u015b idziecie wy?<\/p>\n<p>&nbsp;<\/p>\n<ol start=\"21\">\n<li>Agnieszko,<\/li>\n<\/ol>\n<p>przyjaci\u00f3\u0142ko niespodziewana.<\/p>\n<p>Razem prze\u017cywane studia<\/p>\n<p>i wiara nas po\u0142\u0105czy\u0142y<\/p>\n<p>&#8211; a medycyna oddali\u0142a\u2026<\/p>\n<p>&nbsp;<\/p>\n<p style=\"text-align: center;\">Praca, s\u0142owo i czyn<\/p>\n<ol start=\"22\">\n<li>Anetko,<\/li>\n<\/ol>\n<p>moja \u017cono naj\u015bwi\u0119tsza,<\/p>\n<p>najukocha\u0144sza,<\/p>\n<p>przyjaci\u00f3\u0142ko najlepsza<\/p>\n<p>&#8211; przy tobie chc\u0119 trwa\u0107 zawsze!<\/p>\n<p>&nbsp;<\/p>\n<ol start=\"23\">\n<li>Edku,<\/li>\n<\/ol>\n<p>czy wsp\u00f3lne przemierzanie<\/p>\n<p>drogi do maryjnych sanktuari\u00f3w<\/p>\n<p>ma dla ciebie jeszcze<\/p>\n<p>&#8211; jakie\u015b znaczenie?<\/p>\n<p>&nbsp;<\/p>\n<ol start=\"24\">\n<li>Adamie,<\/li>\n<\/ol>\n<p>dzi\u0119ki tobie mog\u0142em<\/p>\n<p>na nowo uwierzy\u0107 cz\u0142owiekowi.<\/p>\n<p>Poda\u0142e\u015b mi r\u0119k\u0119<\/p>\n<p>&#8211; ty i Iwonka, u\u015bmiech ofiaruj\u0119 tobie \ud83d\ude42<\/p>\n<p>&nbsp;<\/p>\n<p>25.<\/p>\n<p>Ks. Jerzy, Adamie, Jarku<\/p>\n<p>&#8211; czy tylko na chwile<\/p>\n<p>towarzyszyli\u015bcie mej walce\u2026.<\/p>\n<p>&nbsp;<\/p>\n<p>Wojtku, najwi\u0119ksza biedo!<\/p>\n<p>&#8211; b\u0105d\u017a wolny od swoich b\u0142\u0119d\u00f3w\u2026<\/p>\n<p>&nbsp;<\/p>\n<p>Panie Jerzy, inwalido drogi<\/p>\n<p>&#8211; dzi\u0119kuj\u0119 Ci, \u017ce mo\u017cna pomaga\u0107 cz\u0142owiekowi\u2026<\/p>\n<p>&nbsp;<\/p>\n<ol start=\"26\">\n<li>I wszyscy inni,<\/li>\n<\/ol>\n<p>z imienia niewspomnieni,<\/p>\n<p>mo\u017ce nawet uczynili\u015bcie mi wi\u0119cej,<\/p>\n<p>ni\u017c ci przywo\u0142ani.<\/p>\n<p>&nbsp;<\/p>\n<p style=\"text-align: right;\"><strong><u><a href=\"https:\/\/www.youtube.com\/watch?v=wGbeK0BhY-U\">J. Stachurski &#8211; \u201eBoski plan\u201d<\/a><br \/>\n<\/u><\/strong><\/p>\n<p>&nbsp;<\/p>\n<p style=\"text-align: center;\">Epilog<\/p>\n<ol>\n<li>Na pniu mego \u017cycia wszyscy<\/li>\n<\/ol>\n<p>s\u0142oje me kszta\u0142tujecie.<\/p>\n<p>Dzi\u0119kuj\u0119, \u017ce byli\u015bcie.<\/p>\n<p>Dzi\u0119kuj\u0119 &#8211; je\u015bli jeste\u015bcie\u2026.<\/p>\n<p>&nbsp;<\/p>\n<ol start=\"2\">\n<li>Na zawsze ju\u017c<\/li>\n<\/ol>\n<p>w sercu mym trwacie.<\/p>\n<p>Linie papilarne mej d\u0142oni<\/p>\n<p>wy wsp\u00f3\u0142tworzycie.<\/p>\n<p>&nbsp;<\/p>\n<ol start=\"3\">\n<li>Dzi\u0119kuj\u0119.<\/li>\n<\/ol>\n<p>Jednym z was jestem.<\/p>\n<p>Cho\u0107 r\u00f3\u017cnie potoczy\u0142y si\u0119 drogi.<\/p>\n<p>Wy mnie wsp\u00f3\u0142kszta\u0142towali\u015bcie.<\/p>\n<p>&nbsp;<\/p>\n<ol start=\"4\">\n<li>Wy\u015bcie mi najbli\u017csi,<\/li>\n<\/ol>\n<p>Bogu was oddaje<\/p>\n<p>i wszystkich ludzi,<\/p>\n<p>kt\u00f3rych spotykam na co dzie\u0144\u2026<\/p>\n<p>&nbsp;<\/p>\n<p>&nbsp;<\/p>\n<p style=\"text-align: center;\"><a href=\"https:\/\/www.youtube.com\/watch?v=2ZI3itTSrAc\">D\u017cem \u2013 \u201eKiepska gra\u201d<\/a><\/p>\n<p style=\"text-align: center;\"><em>Dla Wojtka!<\/em><\/p>\n<p style=\"text-align: center;\"><a href=\"https:\/\/www.youtube.com\/watch?v=GyNHqzD0ih8\">T. Kami\u0144ski \u2013 \u201eTak cudowna\u201d<\/a><\/p>\n<p style=\"text-align: center;\"><em>Dla mojej \u017cony!<\/em><\/p>\n<p style=\"text-align: center;\"><a href=\"https:\/\/www.youtube.com\/watch?v=QfFLs1QZyDY\">D\u017cem \u2013 \u201eWiem, na pewno wiem\u201d<\/a><\/p>\n<p style=\"text-align: center;\"><em>Dla innych dziewczyn!<\/em><\/p>\n<p style=\"text-align: center;\"><a href=\"https:\/\/www.youtube.com\/watch?v=P5nSQXb6qnM\">Yugopolis &amp; Maciej Male\u0144czuk \u2013 \u201eGdzie s\u0105 przyjaciele moi?<\/a>\u201d<\/p>\n<p style=\"text-align: center;\"><em>Dla moich przyjaci\u00f3\u0142!<\/em><\/p>\n<p style=\"text-align: center;\"><a href=\"https:\/\/www.youtube.com\/watch?v=CcKNzn7uAsE\">D\u017cem \u2013 \u201eA jednak czego\u015b \u017cal\u201d<\/a><\/p>\n<p style=\"text-align: center;\"><em>Dla moich koleg\u00f3w muzycznych!<\/em><\/p>\n<p style=\"text-align: center;\"><a href=\"https:\/\/www.youtube.com\/watch?v=f-kSysW0HdM\">Andrzej Bogucki i Ch\u00f3r Czejanda \u2013 \u201eTrzej przyjaciele z boiska\u201d<\/a><\/p>\n<p style=\"text-align: center;\"><em>Dla moich koleg\u00f3w pi\u0142karzy!<\/em><\/p>\n<p style=\"text-align: center;\"><a href=\"https:\/\/www.youtube.com\/watch?v=Ob9ZnzfRSDI\">\u201eNic, nie musisz m\u00f3wi\u0107 nic\u201d<\/a><\/p>\n<p style=\"text-align: center;\"><em>Dla moich przyjaci\u00f3\u0142 w wierze!<\/em><\/p>\n<p style=\"text-align: center;\"><a href=\"https:\/\/www.youtube.com\/watch?v=0gDZc63NIQU\">D\u017cem &#8211; \u201eZapal \u015bwieczk\u0119\u201d<\/a><\/p>\n<p style=\"text-align: center;\"><em>Dla tych, kt\u00f3rzy odeszli!<\/em><\/p>\n<p>&nbsp;<\/p>\n<p>&nbsp;<\/p>\n<p><em><strong>Dla mojej rodziny!<\/strong><\/em><\/p>\n<p>&nbsp;<\/p>\n<p>wy zawsze bliscy mi byli\u015bcie<\/p>\n<p>radowa\u0142y mnie wasze sukcesy wszystkie<\/p>\n<p>szkoda, \u017ce tak si\u0119 oddalili\u015bmy<\/p>\n<p>taki ju\u017c jest ten \u015bwiat, ale mo\u017ce kiedy\u015b si\u0119 zjednoczymy<\/p>\n<p>nigdy nie wiadomo, kiedy po\u0142\u0105cz\u0105 si\u0119 wi\u0119zi rodziny<\/p>\n<p>by\u0107 mo\u017ce w najmniej oczekiwanym momencie<\/p>\n<p>zawsze wam by\u0142em wierny<\/p>\n<p>&nbsp;<\/p>\n<p>teraz za moj\u0105 \u017con\u0119 najbardziej<\/p>\n<p>odpowiedzialny jestem<\/p>\n<p>ale was w sercu te\u017c pomieszcz\u0119<\/p>\n<p style=\"text-align: right;\"><a href=\"https:\/\/www.youtube.com\/watch?v=Zz-DJr1Qs54\">The Cranberries \u2013 \u00a0\u201cOde To My Family\u201d<\/a><\/p>\n<p style=\"text-align: right;\"><em>Dla mojej rodzin!<\/em><\/p>\n<p style=\"text-align: center;\">\n<p style=\"text-align: center;\">END<\/p>\n<p style=\"text-align: center;\">im dalej w las, tym wi\u0119cej drzew<\/p>\n<p style=\"text-align: center;\">wi\u0119cej popl\u0105tania, syreny \u015bpiew<\/p>\n<p style=\"text-align: center;\">lecz starajmy si\u0119 ws\u0142ucha\u0107 w siebie<\/p>\n<p style=\"text-align: center;\">w to, co najwa\u017cniejsze<\/p>\n<p style=\"text-align: center;\">us\u0142ysze\u0107 g\u0142os serca<\/p>\n<p><strong><u>\u00a0<\/u><\/strong><\/p>\n<p style=\"text-align: right;\"><em><strong><u>Dla wszystkich!<\/u><\/strong><\/em><\/p>\n<p style=\"text-align: right;\"><strong><u><a href=\"https:\/\/www.youtube.com\/watch?v=0UhGcZyJccg\">Houk, Transmission into your hart<\/a><br \/>\n<\/u><\/strong><\/p>\n<p style=\"text-align: right;\"><em><a href=\"http:\/\/hubertpietka.bialystok.pl\/?page_id=602\"><strong><u>\u015awi\u0119to\u015b\u0107 \/dost\u0119pna dla wszystkich&#8230;\/<\/u><\/strong><\/a><\/em><\/p>\n<p style=\"text-align: right;\"><strong><u><em>\/wiersz\/<\/em><br \/>\n<\/u><\/strong><\/p>\n<p><strong>\u00a0<\/strong><\/p>\n<p>Bia\u0142ystok, 12.07.2017 r.<\/p>\n","protected":false},"excerpt":{"rendered":"<p>Epitafium dla moich przyjaci\u00f3\u0142 i bliskich &nbsp; INTRO &nbsp; Ref. Bliscy i oddaleni, znani i nieznani &#8211; przyjaciele, moi kochani! &nbsp; W ka\u017cdej swej \u017cycia&hellip; <\/p>\n","protected":false},"author":1,"featured_media":0,"parent":0,"menu_order":0,"comment_status":"closed","ping_status":"closed","template":"","meta":{"footnotes":""},"class_list":["post-593","page","type-page","status-publish","hentry"],"_links":{"self":[{"href":"https:\/\/hubertpietka.bialystok.pl\/index.php?rest_route=\/wp\/v2\/pages\/593","targetHints":{"allow":["GET"]}}],"collection":[{"href":"https:\/\/hubertpietka.bialystok.pl\/index.php?rest_route=\/wp\/v2\/pages"}],"about":[{"href":"https:\/\/hubertpietka.bialystok.pl\/index.php?rest_route=\/wp\/v2\/types\/page"}],"author":[{"embeddable":true,"href":"https:\/\/hubertpietka.bialystok.pl\/index.php?rest_route=\/wp\/v2\/users\/1"}],"replies":[{"embeddable":true,"href":"https:\/\/hubertpietka.bialystok.pl\/index.php?rest_route=%2Fwp%2Fv2%2Fcomments&post=593"}],"version-history":[{"count":10,"href":"https:\/\/hubertpietka.bialystok.pl\/index.php?rest_route=\/wp\/v2\/pages\/593\/revisions"}],"predecessor-version":[{"id":622,"href":"https:\/\/hubertpietka.bialystok.pl\/index.php?rest_route=\/wp\/v2\/pages\/593\/revisions\/622"}],"wp:attachment":[{"href":"https:\/\/hubertpietka.bialystok.pl\/index.php?rest_route=%2Fwp%2Fv2%2Fmedia&parent=593"}],"curies":[{"name":"wp","href":"https:\/\/api.w.org\/{rel}","templated":true}]}}