{"id":6198,"date":"2022-09-27T22:15:43","date_gmt":"2022-09-27T22:15:43","guid":{"rendered":"http:\/\/hubertpietka.bialystok.pl\/?page_id=6198"},"modified":"2022-09-27T22:15:43","modified_gmt":"2022-09-27T22:15:43","slug":"priorytety-misiaczkowe","status":"publish","type":"page","link":"https:\/\/hubertpietka.bialystok.pl\/?page_id=6198","title":{"rendered":"Priorytety \/ misiaczkowe"},"content":{"rendered":"<p><em><strong>Priorytety \/ misiaczkowe<\/strong><\/em><\/p>\n<p>\u015awiata mistrzostwo<br \/>\nZ poszkodowanego zrobi\u0107 przest\u0119pc\u0119<br \/>\nTo sprawa prym-arna<\/p>\n<p>Jak w pewnej sytuacji<br \/>\nZap\u0142aci\u0107 za nic<br \/>\nZa to czego si\u0119 nie dosta\u0142o bynajmniej<br \/>\nA w zamian sprawa karna<br \/>\nZa proceder oddzielnych kart<br \/>\nI wsp\u00f3lnego konta<br \/>\nW\u0142a\u015bciwy chyba dla wielu ma\u0142\u017conk\u00f3w<br \/>\nPi\u0119kne po prostu<\/p>\n<p>W nas<br \/>\nCho\u0107by przys\u0142owiowym pstryczkiem w nos<br \/>\nA w naszych nasze rykoszetem<br \/>\nByleby tylko<\/p>\n<p>A swoj\u0105 drog\u0105 misiaczki<br \/>\nAch czemu\u017c sobie oni<br \/>\nMnie nas tak upodobali<br \/>\nRaczej nie ku dobru mojemu<br \/>\nW tym pozytywnym sensie<\/p>\n<p>Koniecznie chc\u0105 mnie dosta\u0107<br \/>\nW swe r\u0119ce<\/p>\n<p><a href=\"http:\/\/hubertpietka.bialystok.pl\/wp-content\/uploads\/2022\/09\/IMG_20220927_235526.jpg\"><img loading=\"lazy\" decoding=\"async\" class=\"alignnone size-thumbnail wp-image-6199\" src=\"http:\/\/hubertpietka.bialystok.pl\/wp-content\/uploads\/2022\/09\/IMG_20220927_235526-150x150.jpg\" alt=\"\" width=\"150\" height=\"150\" srcset=\"https:\/\/hubertpietka.bialystok.pl\/wp-content\/uploads\/2022\/09\/IMG_20220927_235526-150x150.jpg 150w, https:\/\/hubertpietka.bialystok.pl\/wp-content\/uploads\/2022\/09\/IMG_20220927_235526-75x75.jpg 75w\" sizes=\"auto, (max-width: 150px) 100vw, 150px\" \/><\/a><\/p>\n<p><em>Na zdj. W Dawidach Bankowych ko\u015bciele<\/em><br \/>\n<em> Krata w konfesjonale<\/em><br \/>\n<em> Z krat to ja raczej<\/em><br \/>\n<em> Dla siebie mojej \u017cony<\/em><br \/>\n<em> Czy jak tam<\/em><br \/>\n<em> To te w\u0142a\u015bnie wybieramy<\/em><br \/>\n<em> Inne oby nie dla nas<\/em><\/p>\n<p><em>No chyba \u017ce rzeczywi\u015bcie<\/em><br \/>\n<em> Jeste\u015bmy a\u017c tak strasznymi przest\u0119pcami<\/em><\/p>\n<p><em>Kt\u00f3rzy chyba tylko tym zawinili<\/em><br \/>\n<em> \u017be si\u0119 kochaj\u0105<\/em><br \/>\n<em> Czy\u017cby im najbardziej przeszkadza\u0142o w\u0142a\u015bnie<\/em><br \/>\n<em> \u017be siebie nawzajem<\/em><br \/>\n<em> I innych z wzajemno\u015bci\u0105 kochamy<\/em><\/p>\n<p style=\"text-align: center;\"><a href=\"https:\/\/youtu.be\/JUqiklJsJl4\"><strong><em>Sylwia Grzeszczak &#8211; T\u0119cza<\/em><\/strong><\/a><\/p>\n<p style=\"text-align: center;\"><a href=\"https:\/\/youtu.be\/1D-H_7W6pZs\"><em><strong>B.R.O. &#8211; Jeszcze b\u0119dzie pi\u0119knie\u00a0<\/strong><\/em><\/a><\/p>\n","protected":false},"excerpt":{"rendered":"<p>Priorytety \/ misiaczkowe \u015awiata mistrzostwo Z poszkodowanego zrobi\u0107 przest\u0119pc\u0119 To sprawa prym-arna Jak w pewnej sytuacji Zap\u0142aci\u0107 za nic Za to czego si\u0119 nie dosta\u0142o&hellip; <\/p>\n","protected":false},"author":1,"featured_media":0,"parent":0,"menu_order":0,"comment_status":"closed","ping_status":"closed","template":"","meta":{"footnotes":""},"class_list":["post-6198","page","type-page","status-publish","hentry"],"_links":{"self":[{"href":"https:\/\/hubertpietka.bialystok.pl\/index.php?rest_route=\/wp\/v2\/pages\/6198","targetHints":{"allow":["GET"]}}],"collection":[{"href":"https:\/\/hubertpietka.bialystok.pl\/index.php?rest_route=\/wp\/v2\/pages"}],"about":[{"href":"https:\/\/hubertpietka.bialystok.pl\/index.php?rest_route=\/wp\/v2\/types\/page"}],"author":[{"embeddable":true,"href":"https:\/\/hubertpietka.bialystok.pl\/index.php?rest_route=\/wp\/v2\/users\/1"}],"replies":[{"embeddable":true,"href":"https:\/\/hubertpietka.bialystok.pl\/index.php?rest_route=%2Fwp%2Fv2%2Fcomments&post=6198"}],"version-history":[{"count":2,"href":"https:\/\/hubertpietka.bialystok.pl\/index.php?rest_route=\/wp\/v2\/pages\/6198\/revisions"}],"predecessor-version":[{"id":6201,"href":"https:\/\/hubertpietka.bialystok.pl\/index.php?rest_route=\/wp\/v2\/pages\/6198\/revisions\/6201"}],"wp:attachment":[{"href":"https:\/\/hubertpietka.bialystok.pl\/index.php?rest_route=%2Fwp%2Fv2%2Fmedia&parent=6198"}],"curies":[{"name":"wp","href":"https:\/\/api.w.org\/{rel}","templated":true}]}}