{"id":625,"date":"2017-07-13T08:41:49","date_gmt":"2017-07-13T08:41:49","guid":{"rendered":"http:\/\/hubertpietka.bialystok.pl\/?page_id=625"},"modified":"2017-07-13T08:41:49","modified_gmt":"2017-07-13T08:41:49","slug":"zamiast-wstepu","status":"publish","type":"page","link":"https:\/\/hubertpietka.bialystok.pl\/?page_id=625","title":{"rendered":"Zamiast Wst\u0119pu"},"content":{"rendered":"<p><a href=\"http:\/\/www.voxdomini.com.pl\/valt\/p-ew\/04-j-01.htm\">&#8222;Na pocz\u0105tku by\u0142o S\u0142owo&#8230;&#8221; [J 1,1-18]<\/a><\/p>\n<p>&nbsp;<\/p>\n<p>Odejd\u017acie ju\u017c, zamilknijcie<\/p>\n<p>w\u0142osa na czworo ju\u017c nie dzielcie<\/p>\n<p>&nbsp;<\/p>\n<p>nic wi\u0119cej nie ujm\u0119<\/p>\n<p>nic wi\u0119cej nie dodam<\/p>\n<p>&nbsp;<\/p>\n<p>czemu si\u0119 niepokoicie<\/p>\n<p>nie od was zale\u017cy moje \u017cycie<\/p>\n<p>&nbsp;<\/p>\n<p>ja id\u0119 dalej prost\u0105 drog\u0105<\/p>\n<p>a B\u00f3g sprawiedliwo\u015b\u0107 mi odda<\/p>\n<p>&nbsp;<\/p>\n<p style=\"text-align: center;\">Jak Odys poszed\u0142em w swoj\u0105 w\u0119dr\u00f3wk\u0119<\/p>\n<p style=\"text-align: center;\">zaufa\u0142em drodze trudnej, niekr\u00f3tkiej<\/p>\n<p style=\"text-align: center;\">nie mog\u0142em inaczej<\/p>\n<p style=\"text-align: center;\">\n<p style=\"text-align: center;\">zawsze wierna mi, Penelopa ma mi\u0142a<\/p>\n<p style=\"text-align: center;\">ci\u0105gle szyja, rozpruwa i spowija<\/p>\n<p style=\"text-align: center;\">szal s\u0142o\u0144ca, do ko\u0144ca<\/p>\n<p style=\"text-align: center;\">\n<p style=\"text-align: right;\">Nie dr\u0119czcie ju\u017c mnie,<\/p>\n<p style=\"text-align: right;\">ja ma\u0142y, \u015bmiertelnie zm\u0119czony<\/p>\n<p style=\"text-align: right;\">lecz jestem bardzo w r\u0119kach Bo\u017cych<\/p>\n<p style=\"text-align: right;\">\n<p style=\"text-align: right;\">wierzcie lub nie tej opowie\u015bci<\/p>\n<p style=\"text-align: right;\">wszystko w niej jest prawd\u0105<\/p>\n<p style=\"text-align: right;\">lecz nie o to chodzi<\/p>\n<p style=\"text-align: right;\">\n<p style=\"text-align: right;\">chodzi o to<\/p>\n<p style=\"text-align: right;\">co w was ona powoduje<\/p>\n<p style=\"text-align: right;\">jak ty si\u0119 w niej odnajdujesz<\/p>\n","protected":false},"excerpt":{"rendered":"<p>&#8222;Na pocz\u0105tku by\u0142o S\u0142owo&#8230;&#8221; [J 1,1-18] &nbsp; Odejd\u017acie ju\u017c, zamilknijcie w\u0142osa na czworo ju\u017c nie dzielcie &nbsp; nic wi\u0119cej nie ujm\u0119 nic wi\u0119cej nie dodam&hellip; <\/p>\n","protected":false},"author":1,"featured_media":0,"parent":0,"menu_order":0,"comment_status":"closed","ping_status":"closed","template":"","meta":{"footnotes":""},"class_list":["post-625","page","type-page","status-publish","hentry"],"_links":{"self":[{"href":"https:\/\/hubertpietka.bialystok.pl\/index.php?rest_route=\/wp\/v2\/pages\/625","targetHints":{"allow":["GET"]}}],"collection":[{"href":"https:\/\/hubertpietka.bialystok.pl\/index.php?rest_route=\/wp\/v2\/pages"}],"about":[{"href":"https:\/\/hubertpietka.bialystok.pl\/index.php?rest_route=\/wp\/v2\/types\/page"}],"author":[{"embeddable":true,"href":"https:\/\/hubertpietka.bialystok.pl\/index.php?rest_route=\/wp\/v2\/users\/1"}],"replies":[{"embeddable":true,"href":"https:\/\/hubertpietka.bialystok.pl\/index.php?rest_route=%2Fwp%2Fv2%2Fcomments&post=625"}],"version-history":[{"count":1,"href":"https:\/\/hubertpietka.bialystok.pl\/index.php?rest_route=\/wp\/v2\/pages\/625\/revisions"}],"predecessor-version":[{"id":626,"href":"https:\/\/hubertpietka.bialystok.pl\/index.php?rest_route=\/wp\/v2\/pages\/625\/revisions\/626"}],"wp:attachment":[{"href":"https:\/\/hubertpietka.bialystok.pl\/index.php?rest_route=%2Fwp%2Fv2%2Fmedia&parent=625"}],"curies":[{"name":"wp","href":"https:\/\/api.w.org\/{rel}","templated":true}]}}