{"id":627,"date":"2017-07-13T09:04:14","date_gmt":"2017-07-13T09:04:14","guid":{"rendered":"http:\/\/hubertpietka.bialystok.pl\/?page_id=627"},"modified":"2017-07-13T09:53:57","modified_gmt":"2017-07-13T09:53:57","slug":"zamiast-zakonczenia","status":"publish","type":"page","link":"https:\/\/hubertpietka.bialystok.pl\/?page_id=627","title":{"rendered":"Zamiast Zako\u0144czenia"},"content":{"rendered":"<p>&#8222;Je\u015bli Moj\u017cesza i Prorok\u00f3w nie s\u0142uchaj\u0105, to cho\u0107by kto z umar\u0142ych powsta\u0142, nie uwierz\u0105.&#8221; \/\u0141k 16,31\/<\/p>\n<p>&#8222;Ja przyszed\u0142em na \u015bwiat jako \u015bwiat\u0142o, aby ka\u017cdy, kto we Mnie wierzy, nie pozostawa\u0142 w ciemno\u015bci. A je\u017celi kto\u015b pos\u0142yszy s\u0142owa moje, ale ich nie zachowa, to Ja go nie s\u0105dz\u0119. Nie przyszed\u0142em bowiem po to, aby \u015bwiat s\u0105dzi\u0107, ale aby \u015bwiat zbawi\u0107.<br \/>\nKto gardzi Mn\u0105 i nie przyjmuje s\u0142\u00f3w moich, ten ma swego s\u0119dziego: s\u0142owo, kt\u00f3re powiedzia\u0142em, ono to b\u0119dzie go s\u0105dzi\u0107 w dniu ostatecznym.&#8221; \/J, 12,46-48\/<\/p>\n<p>&nbsp;<\/p>\n<p>&#8222;Twardego karku i opornych serc i uszu! Wy zawsze sprzeciwiacie si\u0119 Duchowi \u015awi\u0119temu. Jak ojcowie wasi, tak i wy!&#8221; \/Dz 7, 51\/<\/p>\n<p>&nbsp;<\/p>\n<p>&#8222;Tylko w swojej ojczy\u017anie, w\u015br\u00f3d swoich krewnych i w swoim domu mo\u017ce by\u0107 prorok tak lekcewa\u017cony.&#8221; \/Mk 6,4\/<\/p>\n<p>&nbsp;<\/p>\n<p>&lt;&lt;&#8222;S\u0142uga nie jest wi\u0119kszy od swego pana&#8221;. Je\u017celi Mnie prze\u015bladowali, to i was b\u0119d\u0105 prze\u015bladowa\u0107. Je\u017celi moje s\u0142owo zachowali, to i wasze b\u0119d\u0105 zachowywa\u0107. Ale to wszystko wam b\u0119d\u0105 czyni\u0107 z powodu mego imienia, bo nie znaj\u0105 Tego, kt\u00f3ry Mnie pos\u0142a\u0142. Gdybym nie przyszed\u0142 i nie m\u00f3wi\u0142 do nich, nie mieliby grzechu. Teraz jednak nie maj\u0105 usprawiedliwienia dla swego grzechu. Kto Mnie nienawidzi, ten i Ojca mego nienawidzi.\u00a0 Gdybym nie dokona\u0142 w\u015br\u00f3d nich dzie\u0142, kt\u00f3rych nikt inny nie dokona\u0142, nie mieliby grzechu.&gt;&gt; \/J 15, 20b-24a\/<\/p>\n<p>&nbsp;<\/p>\n<p>&#8222;To jest moje przykazanie, aby\u015bcie si\u0119 wzajemnie mi\u0142owali, tak jak Ja was umi\u0142owa\u0142em.\u00a0 Nikt nie ma wi\u0119kszej mi\u0142o\u015bci od tej, gdy kto\u015b \u017cycie swoje oddaje za przyjaci\u00f3\u0142 swoich. Wy jeste\u015bcie przyjaci\u00f3\u0142mi moimi, je\u017celi czynicie to, co wam przykazuj\u0119. Ju\u017c was nie nazywam s\u0142ugami, bo s\u0142uga nie wie, co czyni pan jego, ale nazwa\u0142em was przyjaci\u00f3\u0142mi, albowiem oznajmi\u0142em wam wszystko, co us\u0142ysza\u0142em od Ojca mego. Nie wy\u015bcie Mnie wybrali, ale Ja was wybra\u0142em i przeznaczy\u0142em was na to, aby\u015bcie szli i owoc przynosili, i by owoc wasz trwa\u0142 &#8211; aby wszystko da\u0142 wam Ojciec, o cokolwiek Go poprosicie w imi\u0119 moje. To wam przykazuj\u0119, aby\u015bcie si\u0119 wzajemnie mi\u0142owali.&#8221; \/J 15, 12-17\/<\/p>\n<p>&nbsp;<\/p>\n<p><span class=\"st\"> \u201eW dobrych zawodach wyst\u0105pi\u0142em, bieg uko\u0144czy\u0142em, wiary ustrzeg\u0142em. Na ostatek od\u0142o\u017cono dla mnie wieniec sprawiedliwo\u015bci, kt\u00f3ry mi w\u00a0owym dniu odda Pan, sprawiedliwy S\u0119dzia, a\u00a0nie tylko mnie, ale i\u00a0wszystkim, kt\u00f3rzy umi\u0142owali pojawienie si\u0119 Jego.\u201d \/2 Tm 4, 7-8\/<\/span><\/p>\n<p>&nbsp;<\/p>\n<p style=\"text-align: center;\">EPILOG<\/p>\n<p style=\"text-align: center;\"><em>\u00a0\/ Koniec Polemik \/<\/em><\/p>\n<p style=\"text-align: center;\">Dobro Pi\u0119kno Prawda<\/p>\n<p style=\"text-align: center;\">Mi\u0142o\u015b\u0107 i M\u0105dro\u015b\u0107<\/p>\n<p style=\"text-align: center;\">sw\u00f3j pocz\u0105tek i koniec maj\u0105 w Bogu<\/p>\n<p style=\"text-align: center;\">On jest ich pocz\u0105tkiem, ko\u0144cem<\/p>\n<p style=\"text-align: center;\">i zwie\u0144czeniem stworzenia<\/p>\n<p style=\"text-align: center;\">przez Maryj\u0119 do Chrystusa<\/p>\n<p style=\"text-align: center;\">Ewangelia Dobra Nowina<\/p>\n<p style=\"text-align: center;\">Wiara Nadzieja Mi\u0142o\u015b\u0107<\/p>\n<p style=\"text-align: center;\">Pok\u00f3j i Dobro<\/p>\n<p style=\"text-align: center;\">M\u00f3dl si\u0119 i pracuj<\/p>\n<p style=\"text-align: center;\">wys\u0142uchaj i staraj si\u0119 poja\u0107<\/p>\n<p style=\"text-align: center;\">zrozumienie i dialog<\/p>\n<p style=\"text-align: center;\">przebaczenie i wyznanie win<\/p>\n<p style=\"text-align: center;\">nie zabija\u0107 &#8211; leczy\u0107<\/p>\n<p style=\"text-align: center;\">nie doprowadza\u0107 do upadku &#8211; podnosi\u0107<\/p>\n<p style=\"text-align: center;\">solidarno\u015b\u0107 mi\u0119dzyludzka<\/p>\n<p style=\"text-align: center;\">uniwersalne warto\u015bci<\/p>\n<p style=\"text-align: center;\">Eschatologia i Ko\u015bci\u00f3\u0142<\/p>\n<p style=\"text-align: center;\">metanoja pustynia i pokuta<\/p>\n<p style=\"text-align: center;\">Pismo \u015awi\u0119te i modlitwa<\/p>\n<p style=\"text-align: center;\">Franciszek i Benedykt<\/p>\n<p style=\"text-align: center;\">Faustyna Jan Pawe\u0142 II i Micha\u0142<\/p>\n<p style=\"text-align: center;\">\u015bwi\u0119ci i anio\u0142owie<\/p>\n<p style=\"text-align: center;\">humanizm psychologia i filozofia<\/p>\n<p style=\"text-align: center;\">teologia praktyczna<\/p>\n<p style=\"text-align: center;\">Tr\u00f3jca \u015awi\u0119ta i Maryja<\/p>\n<p style=\"text-align: center;\">Gwiazda Morza i R\u00f3\u017ca Mistyczna<\/p>\n<p style=\"text-align: left;\">Bia\u0142ystok, 13.07.2017 r.<\/p>\n<p style=\"text-align: right;\">\/Maria Rosa Mystica\/<\/p>\n<p style=\"text-align: right;\">\n<p style=\"text-align: center;\"><em><strong>W Twoje r\u0119ce, o Matko&#8230;<\/strong><\/em><\/p>\n","protected":false},"excerpt":{"rendered":"<p>&#8222;Je\u015bli Moj\u017cesza i Prorok\u00f3w nie s\u0142uchaj\u0105, to cho\u0107by kto z umar\u0142ych powsta\u0142, nie uwierz\u0105.&#8221; \/\u0141k 16,31\/ &#8222;Ja przyszed\u0142em na \u015bwiat jako \u015bwiat\u0142o, aby ka\u017cdy, kto&hellip; <\/p>\n","protected":false},"author":1,"featured_media":0,"parent":0,"menu_order":0,"comment_status":"closed","ping_status":"closed","template":"","meta":{"footnotes":""},"class_list":["post-627","page","type-page","status-publish","hentry"],"_links":{"self":[{"href":"https:\/\/hubertpietka.bialystok.pl\/index.php?rest_route=\/wp\/v2\/pages\/627","targetHints":{"allow":["GET"]}}],"collection":[{"href":"https:\/\/hubertpietka.bialystok.pl\/index.php?rest_route=\/wp\/v2\/pages"}],"about":[{"href":"https:\/\/hubertpietka.bialystok.pl\/index.php?rest_route=\/wp\/v2\/types\/page"}],"author":[{"embeddable":true,"href":"https:\/\/hubertpietka.bialystok.pl\/index.php?rest_route=\/wp\/v2\/users\/1"}],"replies":[{"embeddable":true,"href":"https:\/\/hubertpietka.bialystok.pl\/index.php?rest_route=%2Fwp%2Fv2%2Fcomments&post=627"}],"version-history":[{"count":5,"href":"https:\/\/hubertpietka.bialystok.pl\/index.php?rest_route=\/wp\/v2\/pages\/627\/revisions"}],"predecessor-version":[{"id":641,"href":"https:\/\/hubertpietka.bialystok.pl\/index.php?rest_route=\/wp\/v2\/pages\/627\/revisions\/641"}],"wp:attachment":[{"href":"https:\/\/hubertpietka.bialystok.pl\/index.php?rest_route=%2Fwp%2Fv2%2Fmedia&parent=627"}],"curies":[{"name":"wp","href":"https:\/\/api.w.org\/{rel}","templated":true}]}}