{"id":6587,"date":"2022-12-09T12:01:45","date_gmt":"2022-12-09T12:01:45","guid":{"rendered":"http:\/\/hubertpietka.bialystok.pl\/?page_id=6587"},"modified":"2022-12-09T12:01:45","modified_gmt":"2022-12-09T12:01:45","slug":"zycie-swiata-w-rekach-idiotow","status":"publish","type":"page","link":"https:\/\/hubertpietka.bialystok.pl\/?page_id=6587","title":{"rendered":"\u017bycie \u015bwiata \/ w r\u0119kach idiot\u00f3w"},"content":{"rendered":"<p><em><strong>\u017bycie \u015bwiata \/ w r\u0119kach idiot\u00f3w\u00a0<\/strong><\/em><\/p>\n<p>Czy wy naprawd\u0119 nie rozumiecie<br \/>\n\u017be jeden taki czy inny idiota \/ idiotka<br \/>\nMo\u017ce postawi\u0107 \u017cycie \u015bwiata<br \/>\nNa przys\u0142owiowej szali<\/p>\n<p>Czy je\u015bli kto\u015b nie wierzy<br \/>\nW \u017cycie wieczne<br \/>\nTo znaczy \u017ce go i nie ma<br \/>\nKiedy\u015b si\u0119 przekona<br \/>\nCo mu z tego wtedy z jego niewiary<br \/>\nTym gorzej dla niego<\/p>\n<p><em>Wczoraj pono\u0107 wspominany \u015bw. *Roma-ryk*<\/em><br \/>\n<em> Czy\u017c ja tylko nie walcz\u0119<\/em><br \/>\n<em> O klasyczny kszta\u0142t cywilizacji zachodniej<\/em><br \/>\n<em> Ale je\u015bli cokolwiek<\/em><br \/>\n<em> Nie tylko bynajmniej mi<\/em><br \/>\n<em> Ale i mojej \u017conie<\/em><br \/>\n<em> To us\u0142yszycie *amora ryk*<\/em><br \/>\n<em> Z kt\u00f3rego ju\u017c<\/em><br \/>\n<em> Nie b\u0119dziecie mogli si\u0119 podnie\u015b\u0107<\/em><\/p>\n<p><em>A dzisiaj \u015bw. Juana Diego<\/em><br \/>\n<em> Indianina prostaczka<\/em><br \/>\n<em> Przez kt\u00f3rego objawi\u0142a si\u0119<\/em><br \/>\n<em> Matka \u017bycia meksyka\u0144ska<\/em><br \/>\n<em> A je\u015bli Bogu rzeczywi\u015bcie tak si\u0119 spodoba\u0142o<\/em><br \/>\n<em> \u017beby dla \u017cycia \u015bwiata<\/em><br \/>\n<em> Uczyni\u0107\u00a0 z tego ma\u0142ego gwaranta<\/em><br \/>\n<em> Co wtedy z waszej niewiary<\/em><\/p>\n<p><a href=\"http:\/\/hubertpietka.bialystok.pl\/wp-content\/uploads\/2022\/12\/IMG_20221209_124637.jpg\"><img loading=\"lazy\" decoding=\"async\" class=\"alignnone size-thumbnail wp-image-6588\" src=\"http:\/\/hubertpietka.bialystok.pl\/wp-content\/uploads\/2022\/12\/IMG_20221209_124637-150x150.jpg\" alt=\"\" width=\"150\" height=\"150\" srcset=\"https:\/\/hubertpietka.bialystok.pl\/wp-content\/uploads\/2022\/12\/IMG_20221209_124637-150x150.jpg 150w, https:\/\/hubertpietka.bialystok.pl\/wp-content\/uploads\/2022\/12\/IMG_20221209_124637-75x75.jpg 75w\" sizes=\"auto, (max-width: 150px) 100vw, 150px\" \/><\/a><\/p>\n<p><strong>Na zdj. Matka Bo\u017ca z Medjugorje<\/strong><br \/>\n<strong> W mieszkaniu pewnym \u0142om\u017cy\u0144skim<\/strong><br \/>\n<strong> I niech nie przychodz\u0105<\/strong><br \/>\n<strong> Ani tu ani nigdzie<\/strong><br \/>\n<strong> Totus Tuus w ca\u0142ej pe\u0142ni<\/strong><br \/>\n<strong> Tu i tam nadszarpni\u0119tej<\/strong><br \/>\n<strong> Kt\u00f3r\u0105 oni zapewne zechc\u0105<\/strong><br \/>\n<strong> Szarpa\u0107 dalej by p\u0119k\u0142a ca\u0142kowicie<\/strong><\/p>\n<p>Ps. Mimo wszystko<br \/>\nCzuj\u0119 si\u0119 \u015bwietnie<br \/>\nI moja \u017cona te\u017c nie\u017ale<br \/>\nI ten kot i pies<br \/>\nA co do innych<br \/>\nWiecie mo\u017ce sami<br \/>\nNie mi si\u0119 wypowiada\u0107 zapewne<\/p>\n<p>Ave Maryja Niepokalana<br \/>\nZwyci\u0119\u017caj w Panu<br \/>\nI prawdzie<br \/>\nBo ona pochodzi od Boga<\/p>\n<p style=\"text-align: center;\">\/<\/p>\n<p style=\"text-align: right;\"><a href=\"https:\/\/youtu.be\/j1JRpE1YBXk\"><em><strong>Lion &#8211; Winnica Worship\u00a0<\/strong><\/em><\/a><\/p>\n","protected":false},"excerpt":{"rendered":"<p>\u017bycie \u015bwiata \/ w r\u0119kach idiot\u00f3w\u00a0 Czy wy naprawd\u0119 nie rozumiecie \u017be jeden taki czy inny idiota \/ idiotka Mo\u017ce postawi\u0107 \u017cycie \u015bwiata Na przys\u0142owiowej&hellip; <\/p>\n","protected":false},"author":1,"featured_media":0,"parent":0,"menu_order":0,"comment_status":"closed","ping_status":"closed","template":"","meta":{"footnotes":""},"class_list":["post-6587","page","type-page","status-publish","hentry"],"_links":{"self":[{"href":"https:\/\/hubertpietka.bialystok.pl\/index.php?rest_route=\/wp\/v2\/pages\/6587","targetHints":{"allow":["GET"]}}],"collection":[{"href":"https:\/\/hubertpietka.bialystok.pl\/index.php?rest_route=\/wp\/v2\/pages"}],"about":[{"href":"https:\/\/hubertpietka.bialystok.pl\/index.php?rest_route=\/wp\/v2\/types\/page"}],"author":[{"embeddable":true,"href":"https:\/\/hubertpietka.bialystok.pl\/index.php?rest_route=\/wp\/v2\/users\/1"}],"replies":[{"embeddable":true,"href":"https:\/\/hubertpietka.bialystok.pl\/index.php?rest_route=%2Fwp%2Fv2%2Fcomments&post=6587"}],"version-history":[{"count":1,"href":"https:\/\/hubertpietka.bialystok.pl\/index.php?rest_route=\/wp\/v2\/pages\/6587\/revisions"}],"predecessor-version":[{"id":6589,"href":"https:\/\/hubertpietka.bialystok.pl\/index.php?rest_route=\/wp\/v2\/pages\/6587\/revisions\/6589"}],"wp:attachment":[{"href":"https:\/\/hubertpietka.bialystok.pl\/index.php?rest_route=%2Fwp%2Fv2%2Fmedia&parent=6587"}],"curies":[{"name":"wp","href":"https:\/\/api.w.org\/{rel}","templated":true}]}}