{"id":6609,"date":"2022-12-12T21:11:20","date_gmt":"2022-12-12T21:11:20","guid":{"rendered":"http:\/\/hubertpietka.bialystok.pl\/?page_id=6609"},"modified":"2022-12-12T21:11:20","modified_gmt":"2022-12-12T21:11:20","slug":"cenni-jestescie","status":"publish","type":"page","link":"https:\/\/hubertpietka.bialystok.pl\/?page_id=6609","title":{"rendered":"Cenni \/ jeste\u015bcie"},"content":{"rendered":"<p><em><strong>Cenni \/ jeste\u015bcie<\/strong><\/em><\/p>\n<p>Bracia i siostry<br \/>\nW wierze<br \/>\nWed\u0142ug krwii pokrewie\u0144stwa<br \/>\nW cz\u0142owiecze\u0144stwie<\/p>\n<p>W oczach Bo\u017cych jeste\u015bcie cenni<\/p>\n<p>Mam w sobie przepa\u015b\u0107<br \/>\nTo troska o was<br \/>\nOd tych bli\u017cej po tych i dalej<br \/>\nWy te\u017c pewnie macie<br \/>\nW sobie r\u00f3\u017cne przepa\u015bcie<\/p>\n<p>Na kt\u00f3re wp\u0142ywu nie mamy<br \/>\nKt\u00f3rych nie da si\u0119 kontrolowa\u0107<br \/>\nOddajcie to Panu<br \/>\nW serca odruchu czystym<\/p>\n<p><em>Dzi\u015b pono\u0107 \u015bw. *Hart-mana*<\/em><br \/>\n<em> Ka\u017cde chyba *serce cz\u0142owieka*<\/em><br \/>\n<em> Sta\u0107 na poruszenie dobra<\/em><\/p>\n<p><em>Matko \u017bycia z Guadeloupe<\/em><br \/>\n<em> Dzi\u015b wspominana Matko Pana<\/em><br \/>\n<em> Niech \u017cycia nasze i bliskich<\/em><br \/>\n<em> B\u0119d\u0105 tobie bliskie<\/em><\/p>\n<p><em>Tam gdzie nie ogarniam<\/em><br \/>\n<em> B\u0105d\u017a Matko tam<\/em><br \/>\n<em> A ja zawsze jestem<\/em><br \/>\n<em> Z tymi dalej i bli\u017cej<\/em><br \/>\n<em> Na zasadzie serca pami\u0119ci<\/em><\/p>\n<p><em><a href=\"http:\/\/hubertpietka.bialystok.pl\/wp-content\/uploads\/2022\/12\/IMG_20221212_215412.jpg\"><img loading=\"lazy\" decoding=\"async\" class=\"alignnone size-thumbnail wp-image-6610\" src=\"http:\/\/hubertpietka.bialystok.pl\/wp-content\/uploads\/2022\/12\/IMG_20221212_215412-150x150.jpg\" alt=\"\" width=\"150\" height=\"150\" srcset=\"https:\/\/hubertpietka.bialystok.pl\/wp-content\/uploads\/2022\/12\/IMG_20221212_215412-150x150.jpg 150w, https:\/\/hubertpietka.bialystok.pl\/wp-content\/uploads\/2022\/12\/IMG_20221212_215412-75x75.jpg 75w\" sizes=\"auto, (max-width: 150px) 100vw, 150px\" \/><\/a><\/em><\/p>\n<p><strong>Na zdj. Jezus naucza\u0142 uczni\u00f3w<\/strong><br \/>\n<strong> W kaplicy cmentarza w Turo\u015bli<\/strong><br \/>\n<strong> Tak On i tak naucza<\/strong><br \/>\n<strong> Niech trafia do serc<\/strong><br \/>\n<strong> Jego prawdziwa nauka<\/strong><br \/>\n<strong> O prostocie serca i pokorze<\/strong><br \/>\n<strong> Jezu ufam Tobie<\/strong><\/p>\n<p style=\"text-align: center;\"><a href=\"https:\/\/youtu.be\/FO7x2Hgtaos\"><em><strong>Hej &#8211; Do rycerzy, do szlachty, do mieszczan (Impresja Katarzyny Nosowskiej)<\/strong><\/em><\/a><\/p>\n","protected":false},"excerpt":{"rendered":"<p>Cenni \/ jeste\u015bcie Bracia i siostry W wierze Wed\u0142ug krwii pokrewie\u0144stwa W cz\u0142owiecze\u0144stwie W oczach Bo\u017cych jeste\u015bcie cenni Mam w sobie przepa\u015b\u0107 To troska o&hellip; <\/p>\n","protected":false},"author":1,"featured_media":0,"parent":0,"menu_order":0,"comment_status":"closed","ping_status":"closed","template":"","meta":{"footnotes":""},"class_list":["post-6609","page","type-page","status-publish","hentry"],"_links":{"self":[{"href":"https:\/\/hubertpietka.bialystok.pl\/index.php?rest_route=\/wp\/v2\/pages\/6609","targetHints":{"allow":["GET"]}}],"collection":[{"href":"https:\/\/hubertpietka.bialystok.pl\/index.php?rest_route=\/wp\/v2\/pages"}],"about":[{"href":"https:\/\/hubertpietka.bialystok.pl\/index.php?rest_route=\/wp\/v2\/types\/page"}],"author":[{"embeddable":true,"href":"https:\/\/hubertpietka.bialystok.pl\/index.php?rest_route=\/wp\/v2\/users\/1"}],"replies":[{"embeddable":true,"href":"https:\/\/hubertpietka.bialystok.pl\/index.php?rest_route=%2Fwp%2Fv2%2Fcomments&post=6609"}],"version-history":[{"count":1,"href":"https:\/\/hubertpietka.bialystok.pl\/index.php?rest_route=\/wp\/v2\/pages\/6609\/revisions"}],"predecessor-version":[{"id":6611,"href":"https:\/\/hubertpietka.bialystok.pl\/index.php?rest_route=\/wp\/v2\/pages\/6609\/revisions\/6611"}],"wp:attachment":[{"href":"https:\/\/hubertpietka.bialystok.pl\/index.php?rest_route=%2Fwp%2Fv2%2Fmedia&parent=6609"}],"curies":[{"name":"wp","href":"https:\/\/api.w.org\/{rel}","templated":true}]}}