{"id":6681,"date":"2022-12-24T19:27:59","date_gmt":"2022-12-24T19:27:59","guid":{"rendered":"http:\/\/hubertpietka.bialystok.pl\/?page_id=6681"},"modified":"2022-12-24T19:27:59","modified_gmt":"2022-12-24T19:27:59","slug":"ciag-dalszy-wobec-dzieci-swiatlosci","status":"publish","type":"page","link":"https:\/\/hubertpietka.bialystok.pl\/?page_id=6681","title":{"rendered":"Ci\u0105g dalszy \/ wobec dzieci \u015bwiat\u0142o\u015bci ?"},"content":{"rendered":"<p><strong>Ci\u0105g dalszy<\/strong> \/ <em>wobec dzieci \u015bwiat\u0142o\u015bci?<\/em><\/p>\n<p>Dla wsp\u00f3\u0142czesnych pogan nowoczesnych<br \/>\nBo jak to nazwa\u0107 inaczej<br \/>\nAdwent to za ma\u0142o<br \/>\nNa rozpraw\u0119 z dzie\u0107mi \u015bwiat\u0142o\u015bci<br \/>\nA niekt\u00f3rym wigili\u0119 prze\u017cy\u0107 pozwolili<br \/>\nO \u0142askawcy<br \/>\nAch ju\u017c \u015awi\u0119ta Bo\u017cego Narodzenia<br \/>\nA dla nich dobra przecie\u017c ka\u017cda okazja<\/p>\n<p>Ju\u017c dosy\u0107<br \/>\nNiech krzywdzi\u0107 nie przychodz\u0105<br \/>\nNie zak\u0142\u00f3caj\u0105 pokoju serc naszych i bliskich<br \/>\nPokoju serc dzieci \u015bwiat\u0142o\u015bci<br \/>\nNiech nie zak\u0142\u00f3caj\u0105 miru domowego<br \/>\nNas naszych bliskich i innych<br \/>\nMaj\u0105cych \u015bwiat\u0142o Bo\u017ce<br \/>\nJu\u017c dosy\u0107<br \/>\nNiech ju\u017c te\u017c nie zak\u0142\u00f3caj\u0105<br \/>\nPokoju Dni Pa\u0144skich<br \/>\n\u015awi\u0119tych Dni kt\u00f3re dzieci Bo\u017ce<br \/>\nChc\u0105 prze\u017cywa\u0107 w prawdzie jasno<br \/>\nJu\u017c dosy\u0107<\/p>\n<p><a href=\"http:\/\/hubertpietka.bialystok.pl\/wp-content\/uploads\/2022\/12\/IMG_20221224_202030.jpg\"><img loading=\"lazy\" decoding=\"async\" class=\"alignnone size-thumbnail wp-image-6682\" src=\"http:\/\/hubertpietka.bialystok.pl\/wp-content\/uploads\/2022\/12\/IMG_20221224_202030-150x150.jpg\" alt=\"\" width=\"150\" height=\"150\" srcset=\"https:\/\/hubertpietka.bialystok.pl\/wp-content\/uploads\/2022\/12\/IMG_20221224_202030-150x150.jpg 150w, https:\/\/hubertpietka.bialystok.pl\/wp-content\/uploads\/2022\/12\/IMG_20221224_202030-75x75.jpg 75w\" sizes=\"auto, (max-width: 150px) 100vw, 150px\" \/><\/a><\/p>\n<p><strong>Na zdj. <em>B\u00f3g zamieszka\u0142 mi\u0119dzy nami<\/em><\/strong><br \/>\n<strong> Wbrew temu co s\u0105dz\u0105 nowocze\u015bni wsp\u00f3\u0142cze\u015bni poganie<\/strong><br \/>\n<strong> I to si\u0119 kiedy\u015b bardzo nawet oka\u017ce<\/strong><br \/>\n<strong> I je\u015bli cokolwieczuniek nawet<\/strong><br \/>\n<strong> Z nami naszym naszymi<\/strong><br \/>\n<strong> Rodze\u0144stwem ich rodzinami\u00a0rodzicami moimi<\/strong><br \/>\n<strong> Wujostwem kuzynostwem przyjaci\u00f3\u0142mi znajomymi<\/strong><br \/>\n<strong> To zobaczycie w swoim czasie<\/strong><\/p>\n<p><strong>B\u00f3g widzi wszystko<\/strong><br \/>\n<strong> Ci\u0105g dalszy rozprawy niesprawiedliwej<\/strong><br \/>\n<strong> Z dzie\u0107mi \u015bwiat\u0142o\u015bci<\/strong><br \/>\n<strong>\u015awiat te\u017c patrzy<\/strong><\/p>\n","protected":false},"excerpt":{"rendered":"<p>Ci\u0105g dalszy \/ wobec dzieci \u015bwiat\u0142o\u015bci? Dla wsp\u00f3\u0142czesnych pogan nowoczesnych Bo jak to nazwa\u0107 inaczej Adwent to za ma\u0142o Na rozpraw\u0119 z dzie\u0107mi \u015bwiat\u0142o\u015bci A&hellip; <\/p>\n","protected":false},"author":1,"featured_media":0,"parent":0,"menu_order":0,"comment_status":"closed","ping_status":"closed","template":"","meta":{"footnotes":""},"class_list":["post-6681","page","type-page","status-publish","hentry"],"_links":{"self":[{"href":"https:\/\/hubertpietka.bialystok.pl\/index.php?rest_route=\/wp\/v2\/pages\/6681","targetHints":{"allow":["GET"]}}],"collection":[{"href":"https:\/\/hubertpietka.bialystok.pl\/index.php?rest_route=\/wp\/v2\/pages"}],"about":[{"href":"https:\/\/hubertpietka.bialystok.pl\/index.php?rest_route=\/wp\/v2\/types\/page"}],"author":[{"embeddable":true,"href":"https:\/\/hubertpietka.bialystok.pl\/index.php?rest_route=\/wp\/v2\/users\/1"}],"replies":[{"embeddable":true,"href":"https:\/\/hubertpietka.bialystok.pl\/index.php?rest_route=%2Fwp%2Fv2%2Fcomments&post=6681"}],"version-history":[{"count":1,"href":"https:\/\/hubertpietka.bialystok.pl\/index.php?rest_route=\/wp\/v2\/pages\/6681\/revisions"}],"predecessor-version":[{"id":6683,"href":"https:\/\/hubertpietka.bialystok.pl\/index.php?rest_route=\/wp\/v2\/pages\/6681\/revisions\/6683"}],"wp:attachment":[{"href":"https:\/\/hubertpietka.bialystok.pl\/index.php?rest_route=%2Fwp%2Fv2%2Fmedia&parent=6681"}],"curies":[{"name":"wp","href":"https:\/\/api.w.org\/{rel}","templated":true}]}}