{"id":6705,"date":"2022-12-30T20:34:51","date_gmt":"2022-12-30T20:34:51","guid":{"rendered":"http:\/\/hubertpietka.bialystok.pl\/?page_id=6705"},"modified":"2022-12-30T20:34:51","modified_gmt":"2022-12-30T20:34:51","slug":"serc-zamiary-wobec-tych-malych","status":"publish","type":"page","link":"https:\/\/hubertpietka.bialystok.pl\/?page_id=6705","title":{"rendered":"Serc zamiary \/ wobec tych ma\u0142ych"},"content":{"rendered":"<p><em><strong>Serc zamiary \/ wobec tych ma\u0142ych\u00a0<\/strong><\/em><\/p>\n<p>Powiem jak inni<br \/>\n<em>Nikomu nic nie ukrad\u0142em<\/em><br \/>\n<em> Nikogo nie zabi\u0142em<\/em><br \/>\nNawet nie wyrz\u0105dzi\u0142em nikomu krzywdy<br \/>\nZ uszczerbkiem fizycznym<br \/>\nA tak wielu na mnie na nas nastaje<br \/>\nMa mi co\u015b za z\u0142e<\/p>\n<p>To tak jakby oskar\u017ca\u0107 Jezusa<br \/>\nZa to \u017ce chrze\u015bcijanie s\u0105 przez innych mordowani<br \/>\nChocia\u017c ja wr\u0119cz przeciwnie czyni\u0119<br \/>\nI to od rodziny po wielu innych<br \/>\nPowiela pu\u0142apk\u0119 ideologicznego my\u015blenia<br \/>\nWiem \u017ce mog\u0119 liczy\u0107<br \/>\nTak do ko\u0144ca<br \/>\nTylko na moj\u0105 \u017con\u0119<br \/>\nDlatego i ona ma by\u0107 ofiar\u0105<br \/>\nIdeologii zbrodni<br \/>\n\u017be o sobie ju\u017c nawet nie wspomn\u0119<br \/>\nNo bo po c\u00f3\u017c maj\u0105 przyj\u015b\u0107 misie<br \/>\nB\u0119d\u0105 mnie g\u0142aska\u0107 po g\u0142\u00f3wce<br \/>\nRaczej nie s\u0105dz\u0119<\/p>\n<p><a href=\"http:\/\/hubertpietka.bialystok.pl\/wp-content\/uploads\/2022\/12\/IMG_20221230_205617.jpg\"><img loading=\"lazy\" decoding=\"async\" class=\"alignnone size-thumbnail wp-image-6706\" src=\"http:\/\/hubertpietka.bialystok.pl\/wp-content\/uploads\/2022\/12\/IMG_20221230_205617-150x150.jpg\" alt=\"\" width=\"150\" height=\"150\" srcset=\"https:\/\/hubertpietka.bialystok.pl\/wp-content\/uploads\/2022\/12\/IMG_20221230_205617-150x150.jpg 150w, https:\/\/hubertpietka.bialystok.pl\/wp-content\/uploads\/2022\/12\/IMG_20221230_205617-75x75.jpg 75w\" sizes=\"auto, (max-width: 150px) 100vw, 150px\" \/><\/a><\/p>\n<p><strong>Na zdj. Stajenka w Gi\u017cycku<\/strong><br \/>\n<strong> To tak jakby oskar\u017ca\u0107 Jezusa<\/strong><br \/>\n<strong> Za Rze\u017a Niewini\u0105tek<\/strong><br \/>\n<strong> Czy\u017c On to uczyni\u0142<\/strong><br \/>\n<strong> Ludzie przejrzyjcie wreszcie na oczy<\/strong><\/p>\n<p>Ps. Czy\u017c \u015awi\u0119ta Rodzina mia\u0142a wyda\u0107 Jezusa Dzieci\u0105tko<br \/>\nAby nie gin\u0119\u0142y niewini\u0105tka<br \/>\nTo po co przyszed\u0142 anio\u0142 do J\u00f3zefa<br \/>\nA mo\u017ce powinni to uczyni\u0107 Trzej Kr\u00f3lowie<br \/>\nPo c\u00f3\u017c \u017cesz pos\u0142a\u0142 B\u00f3g anio\u0142a do nich<br \/>\nI to nie chodzi o to \u017ce niewini\u0105tka maj\u0105 gin\u0105\u0107<br \/>\nS\u0105 odpowiedzialni za ka\u017cd\u0105 zbrodnie zbrodniarze prawdziwi<br \/>\nAle mo\u017ce w tym przypadku<br \/>\nSzczeg\u00f3lnie ma znaczenie ewangaliczne<br \/>\n<em>Wszystko co uczynili\u015bcie tym ma\u0142ym<\/em><br \/>\nJe\u015bli Bogu na tych ma\u0142ych<br \/>\nSi\u0119 spodoba\u0142o objawia\u0107 serc zamiary<br \/>\nTo czy\u017c B\u00f3g nie mo\u017ce zrobi\u0107 co chce<br \/>\nZ tym \u015bwiatem<br \/>\n<em>I je\u015bli cokolwieczuniek nawet<\/em><\/p>\n","protected":false},"excerpt":{"rendered":"<p>Serc zamiary \/ wobec tych ma\u0142ych\u00a0 Powiem jak inni Nikomu nic nie ukrad\u0142em Nikogo nie zabi\u0142em Nawet nie wyrz\u0105dzi\u0142em nikomu krzywdy Z uszczerbkiem fizycznym A&hellip; <\/p>\n","protected":false},"author":1,"featured_media":0,"parent":0,"menu_order":0,"comment_status":"closed","ping_status":"closed","template":"","meta":{"footnotes":""},"class_list":["post-6705","page","type-page","status-publish","hentry"],"_links":{"self":[{"href":"https:\/\/hubertpietka.bialystok.pl\/index.php?rest_route=\/wp\/v2\/pages\/6705","targetHints":{"allow":["GET"]}}],"collection":[{"href":"https:\/\/hubertpietka.bialystok.pl\/index.php?rest_route=\/wp\/v2\/pages"}],"about":[{"href":"https:\/\/hubertpietka.bialystok.pl\/index.php?rest_route=\/wp\/v2\/types\/page"}],"author":[{"embeddable":true,"href":"https:\/\/hubertpietka.bialystok.pl\/index.php?rest_route=\/wp\/v2\/users\/1"}],"replies":[{"embeddable":true,"href":"https:\/\/hubertpietka.bialystok.pl\/index.php?rest_route=%2Fwp%2Fv2%2Fcomments&post=6705"}],"version-history":[{"count":1,"href":"https:\/\/hubertpietka.bialystok.pl\/index.php?rest_route=\/wp\/v2\/pages\/6705\/revisions"}],"predecessor-version":[{"id":6707,"href":"https:\/\/hubertpietka.bialystok.pl\/index.php?rest_route=\/wp\/v2\/pages\/6705\/revisions\/6707"}],"wp:attachment":[{"href":"https:\/\/hubertpietka.bialystok.pl\/index.php?rest_route=%2Fwp%2Fv2%2Fmedia&parent=6705"}],"curies":[{"name":"wp","href":"https:\/\/api.w.org\/{rel}","templated":true}]}}