{"id":6721,"date":"2023-01-03T18:44:30","date_gmt":"2023-01-03T18:44:30","guid":{"rendered":"http:\/\/hubertpietka.bialystok.pl\/?page_id=6721"},"modified":"2023-01-03T18:44:30","modified_gmt":"2023-01-03T18:44:30","slug":"serca-radosc-z-rezerwa","status":"publish","type":"page","link":"https:\/\/hubertpietka.bialystok.pl\/?page_id=6721","title":{"rendered":"Serca \/ rado\u015b\u0107 z rezerw\u0105"},"content":{"rendered":"<p><em><strong>Serca \/ rado\u015b\u0107 z rezerw\u0105\u00a0<\/strong><\/em><\/p>\n<p>Tak ciesz\u0119 si\u0119<br \/>\nAle wiem<br \/>\n\u017be jak oni puszczaj\u0105 palec<br \/>\nTo po to by od razu z\u0142apa\u0107<br \/>\nZa r\u0119k\u0119 ca\u0142\u0105<br \/>\nTak jest chyba raczej<br \/>\nAle si\u0119 ciesz\u0119<br \/>\nZachowuj\u0105c jednak odpowiedni\u0105 rezerw\u0119<\/p>\n<p>Poza tym<br \/>\nCzy\u017c organizm nie ma i wi\u0119cej palc\u00f3w<br \/>\nTych bli\u017cej oczu i dalej<br \/>\nCiesz\u0119 si\u0119 z wskazuj\u0105cego<br \/>\nA co z tymi innym bli\u017cej i dalej<br \/>\nNikt kalek\u0105 by\u0107 nie chce<br \/>\nTrzeba walczy\u0107 o wszystkie palce<br \/>\nPomijaj\u0105c ju\u017c nawet inne wzgl\u0119dy<br \/>\nW\u0142a\u015bciwe zapewne pami\u0119ci<\/p>\n<p><em>Dzi\u015b wspominane Imi\u0119 Jezus \u015awi\u0119te<\/em><br \/>\n<em> Niech nas wybawia<\/em><br \/>\n<em> Ale poza tym samo imi\u0119<\/em><br \/>\n<em> H na A si\u0119 opiera<\/em><br \/>\n<em> I razem tworz\u0105 one drabin\u0119<\/em><br \/>\n<em> Post\u0119powania w Bogu<\/em><br \/>\n<em> Dzi\u015b te\u017c podobno wspominany jest \u015bw. *Al-an*<\/em><br \/>\n<em> Tak wszystko dla An czyli *All &#8211; An*<\/em><br \/>\n<em> To jest jej czas<\/em><br \/>\n<em> Bo dzi\u015b te\u017c podobno i \u015bw. *An-tera*<\/em><br \/>\n<em> *An teraz*<\/em><br \/>\n<em> I oby by\u0142o tak zachowuj\u0105c rezerw\u0119 jednak<\/em><br \/>\n<em> Bo oni rzadko raczej odpuszczaj\u0105 ofiary swoje<\/em><br \/>\n<em> \u017be si\u0119 tak wyra\u017c\u0119 tu<\/em><br \/>\n<em> A poza tym pami\u0119\u0107 serce<\/em><br \/>\n<em> Jest nie tylko tu i teraz<\/em><br \/>\n<em> Obejmuje r\u00f3\u017cne \u015bwiaty<\/em><br \/>\n<em> I tych bli\u017cej i dalej<\/em><br \/>\n<em> Ciesz\u0105c si\u0119 te\u017c sob\u0105 wzajemnie<\/em><br \/>\n<em> Nie zapomina si\u0119 o tych<\/em><br \/>\n<em> Kt\u00f3rzy s\u0105 mo\u017ce teraz w sytuacji gorszej<\/em><br \/>\n<em> A B\u00f3g wie jak jest<\/em><br \/>\n<em> Niech ochroni On<\/em><br \/>\n<em> W \u015awi\u0119tym swym Imieniu<\/em><br \/>\n<em> Tych kt\u00f3rzy s\u0105 jakkolwiek zagro\u017ceni<\/em><\/p>\n<p><em><a href=\"http:\/\/hubertpietka.bialystok.pl\/wp-content\/uploads\/2023\/01\/IMG_20230103_190413472.jpg\"><img loading=\"lazy\" decoding=\"async\" class=\"alignnone size-thumbnail wp-image-6722\" src=\"http:\/\/hubertpietka.bialystok.pl\/wp-content\/uploads\/2023\/01\/IMG_20230103_190413472-150x150.jpg\" alt=\"\" width=\"150\" height=\"150\" srcset=\"https:\/\/hubertpietka.bialystok.pl\/wp-content\/uploads\/2023\/01\/IMG_20230103_190413472-150x150.jpg 150w, https:\/\/hubertpietka.bialystok.pl\/wp-content\/uploads\/2023\/01\/IMG_20230103_190413472-75x75.jpg 75w\" sizes=\"auto, (max-width: 150px) 100vw, 150px\" \/><\/a><\/em><\/p>\n<p><strong>Na zdj. Kwiat tej zimy rozkwit\u0142 pi\u0119knie<\/strong><br \/>\n<strong> Oby tak rozkwita\u0142a i ona<\/strong><br \/>\n<strong> W pe\u0142nym \u015bwietle dobra<\/strong><br \/>\n<strong> I by te\u017c inni mogli prawdziwie zakwitn\u0105\u0107<\/strong><\/p>\n<p><strong>I w imi\u0119 Bo\u017ce<\/strong><br \/>\n<strong> Niech nie przychodz\u0105 oni<\/strong><br \/>\n<strong> I je\u015bli cokolwieczunio<\/strong><br \/>\n<strong> Nie daj tego Bo\u017ce im<\/strong><\/p>\n","protected":false},"excerpt":{"rendered":"<p>Serca \/ rado\u015b\u0107 z rezerw\u0105\u00a0 Tak ciesz\u0119 si\u0119 Ale wiem \u017be jak oni puszczaj\u0105 palec To po to by od razu z\u0142apa\u0107 Za r\u0119k\u0119 ca\u0142\u0105&hellip; <\/p>\n","protected":false},"author":1,"featured_media":0,"parent":0,"menu_order":0,"comment_status":"closed","ping_status":"closed","template":"","meta":{"footnotes":""},"class_list":["post-6721","page","type-page","status-publish","hentry"],"_links":{"self":[{"href":"https:\/\/hubertpietka.bialystok.pl\/index.php?rest_route=\/wp\/v2\/pages\/6721","targetHints":{"allow":["GET"]}}],"collection":[{"href":"https:\/\/hubertpietka.bialystok.pl\/index.php?rest_route=\/wp\/v2\/pages"}],"about":[{"href":"https:\/\/hubertpietka.bialystok.pl\/index.php?rest_route=\/wp\/v2\/types\/page"}],"author":[{"embeddable":true,"href":"https:\/\/hubertpietka.bialystok.pl\/index.php?rest_route=\/wp\/v2\/users\/1"}],"replies":[{"embeddable":true,"href":"https:\/\/hubertpietka.bialystok.pl\/index.php?rest_route=%2Fwp%2Fv2%2Fcomments&post=6721"}],"version-history":[{"count":1,"href":"https:\/\/hubertpietka.bialystok.pl\/index.php?rest_route=\/wp\/v2\/pages\/6721\/revisions"}],"predecessor-version":[{"id":6723,"href":"https:\/\/hubertpietka.bialystok.pl\/index.php?rest_route=\/wp\/v2\/pages\/6721\/revisions\/6723"}],"wp:attachment":[{"href":"https:\/\/hubertpietka.bialystok.pl\/index.php?rest_route=%2Fwp%2Fv2%2Fmedia&parent=6721"}],"curies":[{"name":"wp","href":"https:\/\/api.w.org\/{rel}","templated":true}]}}