{"id":6837,"date":"2023-02-10T23:47:26","date_gmt":"2023-02-10T23:47:26","guid":{"rendered":"http:\/\/hubertpietka.bialystok.pl\/?page_id=6837"},"modified":"2023-02-10T23:47:26","modified_gmt":"2023-02-10T23:47:26","slug":"rozum-ludzkie-dzialania-integruje-wiara","status":"publish","type":"page","link":"https:\/\/hubertpietka.bialystok.pl\/?page_id=6837","title":{"rendered":"Rozum ludzkie dzia\u0142ania \/ integruje wiara"},"content":{"rendered":"<p><em><strong>Rozum ludzkie dzia\u0142ania \/ integruje wiara<\/strong><\/em><\/p>\n<p>Dzi\u015b wspominana \u015bw. Scholastyka<br \/>\nSiostra \u015bw. Benedykta<br \/>\nJej imi\u0119 oznacza nauk\u0119 \u015bredniowieczn\u0105<br \/>\nRozum i wiar\u0119 jednocz\u0105c\u0105<br \/>\nWraz z Bo\u017cym b\u0142ogos\u0142awie\u0144stwem<\/p>\n<p>Jak to prze\u0142o\u017cy\u0107 na wsp\u00f3\u0142czesno\u015b\u0107<br \/>\nBy nad tym co ludzkie<br \/>\nBy\u0142o co\u015b wi\u0119cej<\/p>\n<p>Tak jest w ma\u0142\u017ce\u0144stwie<br \/>\nMo\u017cemy k\u0142\u00f3ci\u0107 si\u0119 z sob\u0105<br \/>\nNie zgadza\u0107 w r\u00f3\u017cnych rzeczach<br \/>\nA jednak sakrament ma\u0142\u017ce\u0144stwa<br \/>\nPrze\u017cywany w Bo\u017cej prawdzie<br \/>\nI obop\u00f3lne zaufanie<br \/>\nW dobr\u0105 wol\u0119 ka\u017cdej strony<br \/>\nPowoduje \u017ce si\u0119 przekracza niedogodno\u015bci<br \/>\nA jednocze\u015bnie otwiera si\u0119<br \/>\nWzajemnie na siebie poddaj\u0105c refleksji<br \/>\nI to co niewygodne wst\u0119pnie<\/p>\n<p>Podobnie jest w relacji wiernego z Ko\u015bcio\u0142em<br \/>\nMo\u017cna nie rozumie\u0107 czegos<br \/>\nLecz w relacji dojrza\u0142ej<br \/>\nTo nie jest przeszkoda<br \/>\nBy czerpa\u0107 z \u017cywego \u017ar\u00f3d\u0142a<br \/>\nSakrament\u00f3w i nauki Ko\u015bcio\u0142a<br \/>\nBo to powoduje wzrost<br \/>\nMimo wszystko w\u0142a\u015bnie<br \/>\nPodobnie jak mimo r\u00f3\u017cnic<br \/>\nJest w ma\u0142\u017ce\u0144stwie<\/p>\n<p>Czy\u017c nie i na tym jest tak\u017ce<br \/>\nZdrowy patriotyzm oparty<br \/>\n\u017be zak\u0142ada si\u0119 wol\u0119 dobra<br \/>\nKt\u00f3r\u0105 weryfikuje prawda<br \/>\nZar\u00f3wno dla Ojczyzny<br \/>\nKo\u015bcio\u0142a rodziny<br \/>\nBo tylko wola dobra<br \/>\nMo\u017ce by\u0107 w tym przypadku<br \/>\nGwarantem \u017cycia w prawdzie<\/p>\n<p>Nie da si\u0119 budowa\u0107 tych zwi\u0105zk\u00f3w trwa\u0142ych<br \/>\nNa relatywizmie z\u0142ej woli k\u0142amstwie<br \/>\nJak pr\u00f3bowa\u0142y to czyni\u0107 cho\u0107by<br \/>\nSystemy totalitarne<\/p>\n<p>Tak <em>a propos<\/em> to te\u017c dzisiaj podobno<br \/>\nB\u0142. Alojzego Wiktora *Step-inaca*<br \/>\nOfiar\u0119 system\u00f3w totalitarnych<br \/>\nA dzisiaj wspominamy i inne te\u017c ofiary<br \/>\nSowieckich syberyjskich \u0142agr\u00f3w<br \/>\n<em>Z czas\u00f3w drugiej rzezi<\/em><br \/>\nWielu Polak\u00f3w tam zgin\u0119\u0142o<br \/>\n*Step inaczej* cho\u0107by w Kazachstanie<\/p>\n<p style=\"text-align: right;\"><a href=\"https:\/\/youtu.be\/pNS63CVU-QQ\"><em><strong>Hymn Sybirak\u00f3w<\/strong><\/em><\/a><\/p>\n<p><a href=\"http:\/\/hubertpietka.bialystok.pl\/wp-content\/uploads\/2023\/02\/IMG_20230208_181430064.jpg\"><img loading=\"lazy\" decoding=\"async\" class=\"alignnone size-thumbnail wp-image-6838\" src=\"http:\/\/hubertpietka.bialystok.pl\/wp-content\/uploads\/2023\/02\/IMG_20230208_181430064-150x150.jpg\" alt=\"\" width=\"150\" height=\"150\" srcset=\"https:\/\/hubertpietka.bialystok.pl\/wp-content\/uploads\/2023\/02\/IMG_20230208_181430064-150x150.jpg 150w, https:\/\/hubertpietka.bialystok.pl\/wp-content\/uploads\/2023\/02\/IMG_20230208_181430064-75x75.jpg 75w\" sizes=\"auto, (max-width: 150px) 100vw, 150px\" \/><\/a><\/p>\n<p>Na zdj. Jan Pawe\u0142 II w *Mi\u0119dzy-rzeczu* Podlaskim<br \/>\n*Miedzy rzeczami* mi\u0119dzy s\u0142owami<br \/>\n<em>Ducha nie ga\u015bcie<\/em><br \/>\nTo jego zawsze aktualne przes\u0142anie<\/p>\n","protected":false},"excerpt":{"rendered":"<p>Rozum ludzkie dzia\u0142ania \/ integruje wiara Dzi\u015b wspominana \u015bw. Scholastyka Siostra \u015bw. Benedykta Jej imi\u0119 oznacza nauk\u0119 \u015bredniowieczn\u0105 Rozum i wiar\u0119 jednocz\u0105c\u0105 Wraz z Bo\u017cym&hellip; <\/p>\n","protected":false},"author":1,"featured_media":0,"parent":0,"menu_order":0,"comment_status":"closed","ping_status":"closed","template":"","meta":{"footnotes":""},"class_list":["post-6837","page","type-page","status-publish","hentry"],"_links":{"self":[{"href":"https:\/\/hubertpietka.bialystok.pl\/index.php?rest_route=\/wp\/v2\/pages\/6837","targetHints":{"allow":["GET"]}}],"collection":[{"href":"https:\/\/hubertpietka.bialystok.pl\/index.php?rest_route=\/wp\/v2\/pages"}],"about":[{"href":"https:\/\/hubertpietka.bialystok.pl\/index.php?rest_route=\/wp\/v2\/types\/page"}],"author":[{"embeddable":true,"href":"https:\/\/hubertpietka.bialystok.pl\/index.php?rest_route=\/wp\/v2\/users\/1"}],"replies":[{"embeddable":true,"href":"https:\/\/hubertpietka.bialystok.pl\/index.php?rest_route=%2Fwp%2Fv2%2Fcomments&post=6837"}],"version-history":[{"count":1,"href":"https:\/\/hubertpietka.bialystok.pl\/index.php?rest_route=\/wp\/v2\/pages\/6837\/revisions"}],"predecessor-version":[{"id":6839,"href":"https:\/\/hubertpietka.bialystok.pl\/index.php?rest_route=\/wp\/v2\/pages\/6837\/revisions\/6839"}],"wp:attachment":[{"href":"https:\/\/hubertpietka.bialystok.pl\/index.php?rest_route=%2Fwp%2Fv2%2Fmedia&parent=6837"}],"curies":[{"name":"wp","href":"https:\/\/api.w.org\/{rel}","templated":true}]}}