{"id":6853,"date":"2023-02-17T10:53:11","date_gmt":"2023-02-17T10:53:11","guid":{"rendered":"http:\/\/hubertpietka.bialystok.pl\/?page_id=6853"},"modified":"2023-02-17T10:53:11","modified_gmt":"2023-02-17T10:53:11","slug":"konfraternie-w-sluzbie-bozej","status":"publish","type":"page","link":"https:\/\/hubertpietka.bialystok.pl\/?page_id=6853","title":{"rendered":"Konfraternie \/ w s\u0142u\u017cbie Bo\u017cej"},"content":{"rendered":"<p><em><strong>Konfraternie \/ w s\u0142u\u017cbie Bo\u017cej<\/strong><\/em><\/p>\n<p>Do kogo to si\u0119 mog\u0105 odnosi\u0107 s\u0142owa psalmisty<br \/>\n<em>Powiedzieli nieprawi<\/em><br \/>\n<em> Zniszczymy drzewo w pe\u0142ni si\u0142<\/em><br \/>\n<em> Wytnijmy je by ju\u017c go nie wspominano<\/em><\/p>\n<p>By\u0142a sobie polana w lesie<br \/>\nNa niej dwa drzewa bli\u017aniacze<br \/>\nPo\u0142\u0105czone korzeniami \u017cycia<br \/>\nPowiedzieli wytnijmy to jedno<br \/>\nTo zginie i drugie<\/p>\n<p>Otacza\u0142y polan\u0119 innych drzew szpalery<br \/>\nOd tych bli\u017cej po dalej<br \/>\nI je wytnijmy powiedzieli<br \/>\nA w tym miejscu<br \/>\nWielki blok betonowy si\u0119 postawi<\/p>\n<p>A teraz<br \/>\nCo uczyniono z tym \u015bwiatem<br \/>\nDobrze si\u0119 maj\u0105 zbrodniarze<br \/>\nA niewinnych si\u0119 zbrodniom poddaje<\/p>\n<p>Ach boj\u0105 sie o m\u00f3j dobrostan psychiczny biedaczki<br \/>\nAle najpierw chca mi \u017con\u0119 i bliskich zabi\u0107<br \/>\nM\u00f3j dobrostan psychiczny z ich punktu widzenia<br \/>\nNajlepszy b\u0119dzie dwa metry pod ziemi\u0105 czy\u017c nie tak<\/p>\n<p>Czy te\u017c za jakie moje i zbrodnie<br \/>\nMaj\u0105 przyj\u015b\u0107 po mnie misiaczki<br \/>\nA za jakie straszne te\u017c niby zbrodnie<br \/>\nGin\u0105\u0107 maj\u0105 bliscy nasi<\/p>\n<p><strong>Dzi\u015b podobno \u015bw. Sylwana<\/strong><br \/>\n<strong> Jego imi\u0119 las zagajnik oznacza<\/strong><br \/>\n<strong> Po c\u00f3\u017c przypowie\u015b\u0107 o lesie taka<\/strong><br \/>\n<strong> Otrz\u0105\u015bnij si\u0119 \u015bwiecie<\/strong><br \/>\n<strong> Po c\u00f3\u017c masz zgin\u0105\u0107 wraz z nami<\/strong><\/p>\n<p><a href=\"http:\/\/hubertpietka.bialystok.pl\/wp-content\/uploads\/2023\/02\/IMG_20230212_153714400_HDR.jpg\"><img loading=\"lazy\" decoding=\"async\" class=\"alignnone size-thumbnail wp-image-6854\" src=\"http:\/\/hubertpietka.bialystok.pl\/wp-content\/uploads\/2023\/02\/IMG_20230212_153714400_HDR-150x150.jpg\" alt=\"\" width=\"150\" height=\"150\" srcset=\"https:\/\/hubertpietka.bialystok.pl\/wp-content\/uploads\/2023\/02\/IMG_20230212_153714400_HDR-150x150.jpg 150w, https:\/\/hubertpietka.bialystok.pl\/wp-content\/uploads\/2023\/02\/IMG_20230212_153714400_HDR-75x75.jpg 75w\" sizes=\"auto, (max-width: 150px) 100vw, 150px\" \/><\/a><\/p>\n<p><strong>Na zdj. Brzoza w lesie \u015bwi\u0119te drzewo<\/strong><br \/>\n<strong> Sprawia wra\u017cenie<\/strong><br \/>\n<strong> Jakby w jej wn\u0119trzu<\/strong><br \/>\n<strong> By\u0142a figurka Maryi<\/strong><br \/>\n<strong> Takie wra\u017cenie sprawia<\/strong><\/p>\n<p><strong>Dzi\u015b te\u017c \u015bwi\u0119tych za\u0142o\u017cycieli<\/strong><br \/>\n<strong> Serwitut\u00f3w Naj\u015bwi\u0119tszej Maryi Panny<\/strong><br \/>\n<strong> Czyli konfraterni jej s\u0142ug<\/strong><\/p>\n<p><strong>Pierwszy szpaler najbli\u017cszy drzew bli\u017aniaczych<\/strong><br \/>\n<strong> To ich siostry i bracia<\/strong><br \/>\n<strong> Siedmiu jak konfraternia NMP<\/strong><br \/>\n<strong> Wewn\u0105trz \u015bwi\u0119tej brzozy Maria<\/strong><br \/>\n<strong> A oni czy chc\u0105 czy te\u017c nie chc\u0105<\/strong><br \/>\n<strong> Te\u017c jej cze\u015b\u0107 oddaj\u0105<\/strong><\/p>\n<p><strong>Bo ona jest wewn\u0105trz jednego z nich<\/strong><br \/>\n<strong> I z nimi te\u017c razem zosta\u0142a tam wsp\u00f3\u0142ukszta\u0142towana<\/strong><br \/>\n<strong> Przez wsp\u00f3lny wiatr deszcz s\u0142o\u0144ce<\/strong><br \/>\n<strong> I inne warunki i wewn\u0119trzne i zewn\u0119trzne<\/strong><\/p>\n<p><strong>Chro\u0144 Panie co zasadzi\u0142a Twa nieomylna Prawica<\/strong><br \/>\n<strong> I je\u015bli cokolwieczuniek<\/strong><br \/>\n<strong> Chro\u0144 Maryjo konfraternie swoje<\/strong><br \/>\n<strong> I te bli\u017cej i dalej<\/strong><br \/>\n<strong> Drzew szpalery ku twej chwale<\/strong><\/p>\n","protected":false},"excerpt":{"rendered":"<p>Konfraternie \/ w s\u0142u\u017cbie Bo\u017cej Do kogo to si\u0119 mog\u0105 odnosi\u0107 s\u0142owa psalmisty Powiedzieli nieprawi Zniszczymy drzewo w pe\u0142ni si\u0142 Wytnijmy je by ju\u017c go&hellip; <\/p>\n","protected":false},"author":1,"featured_media":0,"parent":0,"menu_order":0,"comment_status":"closed","ping_status":"closed","template":"","meta":{"footnotes":""},"class_list":["post-6853","page","type-page","status-publish","hentry"],"_links":{"self":[{"href":"https:\/\/hubertpietka.bialystok.pl\/index.php?rest_route=\/wp\/v2\/pages\/6853","targetHints":{"allow":["GET"]}}],"collection":[{"href":"https:\/\/hubertpietka.bialystok.pl\/index.php?rest_route=\/wp\/v2\/pages"}],"about":[{"href":"https:\/\/hubertpietka.bialystok.pl\/index.php?rest_route=\/wp\/v2\/types\/page"}],"author":[{"embeddable":true,"href":"https:\/\/hubertpietka.bialystok.pl\/index.php?rest_route=\/wp\/v2\/users\/1"}],"replies":[{"embeddable":true,"href":"https:\/\/hubertpietka.bialystok.pl\/index.php?rest_route=%2Fwp%2Fv2%2Fcomments&post=6853"}],"version-history":[{"count":1,"href":"https:\/\/hubertpietka.bialystok.pl\/index.php?rest_route=\/wp\/v2\/pages\/6853\/revisions"}],"predecessor-version":[{"id":6855,"href":"https:\/\/hubertpietka.bialystok.pl\/index.php?rest_route=\/wp\/v2\/pages\/6853\/revisions\/6855"}],"wp:attachment":[{"href":"https:\/\/hubertpietka.bialystok.pl\/index.php?rest_route=%2Fwp%2Fv2%2Fmedia&parent=6853"}],"curies":[{"name":"wp","href":"https:\/\/api.w.org\/{rel}","templated":true}]}}