{"id":6898,"date":"2023-03-11T13:47:39","date_gmt":"2023-03-11T13:47:39","guid":{"rendered":"http:\/\/hubertpietka.bialystok.pl\/?page_id=6898"},"modified":"2023-03-11T13:47:39","modified_gmt":"2023-03-11T13:47:39","slug":"perfidia-permanentne-dazenie-do-zla","status":"publish","type":"page","link":"https:\/\/hubertpietka.bialystok.pl\/?page_id=6898","title":{"rendered":"Perfidia \/ permanentne d\u0105\u017cenie do z\u0142a"},"content":{"rendered":"<p><em><strong>Perfidia \/ permanentne d\u0105\u017cenie do z\u0142a<\/strong><\/em><\/p>\n<p>Czy\u017c d\u0105\u017cenie do z\u0142a dla kogo\u015b<br \/>\nZ premedytacj\u0105 to jest konsekwencja<br \/>\nNawet je\u015bli pod p\u0142aszczykiem<br \/>\nNiby innego dobra<br \/>\nCzy\u017c to nie perfidia<\/p>\n<p>I tak z nami naszymi i naszym<br \/>\nPerfidnie bezczelnie na hama<br \/>\nNiby przypadkiem skrycie czy jawnie<br \/>\nJaktamkolwiek zreszt\u0105 byleby tylko<br \/>\nA czy\u017c nie po mnie tak\u017ce podobnie<\/p>\n<p><a href=\"http:\/\/hubertpietka.bialystok.pl\/wp-content\/uploads\/2023\/03\/IMG_20230310_184955999.jpg\"><img loading=\"lazy\" decoding=\"async\" class=\"alignnone size-thumbnail wp-image-6899\" src=\"http:\/\/hubertpietka.bialystok.pl\/wp-content\/uploads\/2023\/03\/IMG_20230310_184955999-150x150.jpg\" alt=\"\" width=\"150\" height=\"150\" srcset=\"https:\/\/hubertpietka.bialystok.pl\/wp-content\/uploads\/2023\/03\/IMG_20230310_184955999-150x150.jpg 150w, https:\/\/hubertpietka.bialystok.pl\/wp-content\/uploads\/2023\/03\/IMG_20230310_184955999-75x75.jpg 75w\" sizes=\"auto, (max-width: 150px) 100vw, 150px\" \/><\/a><\/p>\n<p><strong>Na zdj. Grota Maryjna przy ko\u015bciele augustowskim \u015bw. Jana Chrzciciela<\/strong><br \/>\n<strong> Ave Maria<\/strong><br \/>\n<strong> Chro\u0144 nas nasze i naszych<\/strong><br \/>\n<strong> Przed szata\u0144sk\u0105 ob\u0142ud\u0105 perfidi\u0105<\/strong><br \/>\n<strong> I wszelk\u0105 pod\u0142o\u015bci\u0105<\/strong><br \/>\n<strong> Bo to on jest takich rzeczy ojcem<\/strong><br \/>\n<strong> Czy si\u0119 wie i czy si\u0119 chce<\/strong><br \/>\n<strong> To z nim tak post\u0119puj\u0105c si\u0119 wsp\u00f3\u0142dzia\u0142a<\/strong><\/p>\n<p><strong>I nie zmieni tego relatywizm<\/strong><br \/>\n<strong> Kt\u00f3ry pr\u00f3buje przek\u0142ama\u0107 znaczenia s\u0142\u00f3w<\/strong><br \/>\n<strong> Takich czy innych<\/strong><\/p>\n","protected":false},"excerpt":{"rendered":"<p>Perfidia \/ permanentne d\u0105\u017cenie do z\u0142a Czy\u017c d\u0105\u017cenie do z\u0142a dla kogo\u015b Z premedytacj\u0105 to jest konsekwencja Nawet je\u015bli pod p\u0142aszczykiem Niby innego dobra Czy\u017c&hellip; <\/p>\n","protected":false},"author":1,"featured_media":0,"parent":0,"menu_order":0,"comment_status":"closed","ping_status":"closed","template":"","meta":{"footnotes":""},"class_list":["post-6898","page","type-page","status-publish","hentry"],"_links":{"self":[{"href":"https:\/\/hubertpietka.bialystok.pl\/index.php?rest_route=\/wp\/v2\/pages\/6898","targetHints":{"allow":["GET"]}}],"collection":[{"href":"https:\/\/hubertpietka.bialystok.pl\/index.php?rest_route=\/wp\/v2\/pages"}],"about":[{"href":"https:\/\/hubertpietka.bialystok.pl\/index.php?rest_route=\/wp\/v2\/types\/page"}],"author":[{"embeddable":true,"href":"https:\/\/hubertpietka.bialystok.pl\/index.php?rest_route=\/wp\/v2\/users\/1"}],"replies":[{"embeddable":true,"href":"https:\/\/hubertpietka.bialystok.pl\/index.php?rest_route=%2Fwp%2Fv2%2Fcomments&post=6898"}],"version-history":[{"count":1,"href":"https:\/\/hubertpietka.bialystok.pl\/index.php?rest_route=\/wp\/v2\/pages\/6898\/revisions"}],"predecessor-version":[{"id":6900,"href":"https:\/\/hubertpietka.bialystok.pl\/index.php?rest_route=\/wp\/v2\/pages\/6898\/revisions\/6900"}],"wp:attachment":[{"href":"https:\/\/hubertpietka.bialystok.pl\/index.php?rest_route=%2Fwp%2Fv2%2Fmedia&parent=6898"}],"curies":[{"name":"wp","href":"https:\/\/api.w.org\/{rel}","templated":true}]}}

Perfidia / permanentne dążenie do zła

<p><em><strong>Perfidia / permanentne dążenie do zła</strong></em></p>
<p>Czyż dążenie do zła dla kogoś<br />
Z premedytacją to jest konsekwencja<br />
Nawet jeśli pod płaszczykiem<br />
Niby innego dobra<br />
Czyż to nie perfidia</p>
<p>I tak z nami naszymi i naszym<br />
Perfidnie bezczelnie na hama<br />
Niby przypadkiem skrycie czy jawnie<br />
Jaktamkolwiek zresztą byleby tylko<br />
A czyż nie po mnie także podobnie</p>
<p><a href="http://hubertpietka.bialystok.pl/wp-content/uploads/2023/03/IMG_20230310_184955999.jpg"><img loading="lazy" decoding="async" class="alignnone size-thumbnail wp-image-6899" src="http://hubertpietka.bialystok.pl/wp-content/uploads/2023/03/IMG_20230310_184955999-150x150.jpg" alt="" width="150" height="150" srcset="https://hubertpietka.bialystok.pl/wp-content/uploads/2023/03/IMG_20230310_184955999-150x150.jpg 150w, https://hubertpietka.bialystok.pl/wp-content/uploads/2023/03/IMG_20230310_184955999-75x75.jpg 75w" sizes="auto, (max-width: 150px) 100vw, 150px" /></a></p>
<p><strong>Na zdj. Grota Maryjna przy kościele augustowskim św. Jana Chrzciciela</strong><br />
<strong> Ave Maria</strong><br />
<strong> Chroń nas nasze i naszych</strong><br />
<strong> Przed szatańską obłudą perfidią</strong><br />
<strong> I wszelką podłością</strong><br />
<strong> Bo to on jest takich rzeczy ojcem</strong><br />
<strong> Czy się wie i czy się chce</strong><br />
<strong> To z nim tak postępując się współdziała</strong></p>
<p><strong>I nie zmieni tego relatywizm</strong><br />
<strong> Który próbuje przekłamać znaczenia słów</strong><br />
<strong> Takich czy innych</strong></p>

<p>Perfidia / permanentne dążenie do zła Czyż dążenie do zła dla kogoś Z premedytacją to jest konsekwencja Nawet jeśli pod płaszczykiem Niby innego dobra Czyż&hellip; </p>
