{"id":691,"date":"2017-07-26T23:48:53","date_gmt":"2017-07-26T23:48:53","guid":{"rendered":"http:\/\/hubertpietka.bialystok.pl\/?page_id=691"},"modified":"2017-07-26T23:48:53","modified_gmt":"2017-07-26T23:48:53","slug":"poecie-bratu-ks-zenonowi-konradowi","status":"publish","type":"page","link":"https:\/\/hubertpietka.bialystok.pl\/?page_id=691","title":{"rendered":"Poecie-bratu! \tKs. Zenonowi Konradowi"},"content":{"rendered":"<p><strong>Poecie-bratu!<\/strong><\/p>\n<p>Ks. Zenonowi Konradowi<\/p>\n<p>&nbsp;<\/p>\n<p>tam gdzie rado\u015b\u0107<\/p>\n<p>splata si\u0119 z b\u00f3lem<\/p>\n<p>budujemy most nadziei<\/p>\n<p>z rozpaczy do szcz\u0119\u015bcia<\/p>\n<p>&nbsp;<\/p>\n<p>krzy\u017c jest drog\u0105 umierania<\/p>\n<p>do wiecznego trwania<\/p>\n<p>w tej ma\u0142ej bra\u0144skiej bibliotece<\/p>\n<p>spotka\u0142em ci\u0119, przyjacielu<\/p>\n<p>&nbsp;<\/p>\n<p>&#8211; i cho\u0107 takich jak my niewielu<\/p>\n<p>musimy stale wyci\u0105ga\u0107 r\u0119k\u0119<\/p>\n<p>do cz\u0142owieka<\/p>\n<p>co na wieczno\u015b\u0107 czeka<\/p>\n<p>&nbsp;<\/p>\n<p>po\u0142\u0105czy\u0142a nas wiara<\/p>\n<p>wiejskiego ko\u015bcio\u0142a<\/p>\n<p>i droga wsp\u00f3lna<\/p>\n<p>do Boga<\/p>\n","protected":false},"excerpt":{"rendered":"<p>Poecie-bratu! Ks. Zenonowi Konradowi &nbsp; tam gdzie rado\u015b\u0107 splata si\u0119 z b\u00f3lem budujemy most nadziei z rozpaczy do szcz\u0119\u015bcia &nbsp; krzy\u017c jest drog\u0105 umierania do&hellip; <\/p>\n","protected":false},"author":1,"featured_media":0,"parent":0,"menu_order":0,"comment_status":"closed","ping_status":"closed","template":"","meta":{"footnotes":""},"class_list":["post-691","page","type-page","status-publish","hentry"],"_links":{"self":[{"href":"https:\/\/hubertpietka.bialystok.pl\/index.php?rest_route=\/wp\/v2\/pages\/691","targetHints":{"allow":["GET"]}}],"collection":[{"href":"https:\/\/hubertpietka.bialystok.pl\/index.php?rest_route=\/wp\/v2\/pages"}],"about":[{"href":"https:\/\/hubertpietka.bialystok.pl\/index.php?rest_route=\/wp\/v2\/types\/page"}],"author":[{"embeddable":true,"href":"https:\/\/hubertpietka.bialystok.pl\/index.php?rest_route=\/wp\/v2\/users\/1"}],"replies":[{"embeddable":true,"href":"https:\/\/hubertpietka.bialystok.pl\/index.php?rest_route=%2Fwp%2Fv2%2Fcomments&post=691"}],"version-history":[{"count":1,"href":"https:\/\/hubertpietka.bialystok.pl\/index.php?rest_route=\/wp\/v2\/pages\/691\/revisions"}],"predecessor-version":[{"id":692,"href":"https:\/\/hubertpietka.bialystok.pl\/index.php?rest_route=\/wp\/v2\/pages\/691\/revisions\/692"}],"wp:attachment":[{"href":"https:\/\/hubertpietka.bialystok.pl\/index.php?rest_route=%2Fwp%2Fv2%2Fmedia&parent=691"}],"curies":[{"name":"wp","href":"https:\/\/api.w.org\/{rel}","templated":true}]}}