{"id":6965,"date":"2023-03-30T08:04:23","date_gmt":"2023-03-30T08:04:23","guid":{"rendered":"http:\/\/hubertpietka.bialystok.pl\/?page_id=6965"},"modified":"2023-03-30T08:04:23","modified_gmt":"2023-03-30T08:04:23","slug":"dla-was-ona","status":"publish","type":"page","link":"https:\/\/hubertpietka.bialystok.pl\/?page_id=6965","title":{"rendered":"Dla was \/ ona"},"content":{"rendered":"<p><em><strong>Dla was \/ ona<\/strong><\/em><\/p>\n<p><em>On to nie skorzysta\u0142 dot\u0105d ze sposobno\u015bci<\/em><br \/>\nBy na r\u00f3wni by\u0107 z innymi bogami<br \/>\nW wolno\u015bci przynale\u017cnej dzieciom Bo\u017cym<br \/>\nLecz pozosta\u0142 by ocali\u0107<br \/>\nTo co ma by\u0107 ocalone<\/p>\n<p>Nie prosz\u0119 o nic tylko dla siebie<br \/>\nOna ma by\u0107 ocalona tak\u017ce dla was<br \/>\nBo na ni\u0105 si\u0119 zasadzili<br \/>\nNiemi\u0142osiernie we wszystkim<br \/>\nDla was by\u015bcie zrozumieli istot\u0119 dzie\u0142 Bo\u017cych<\/p>\n<p>A na mnie misiaczki dalej wiem przecie\u017c<br \/>\nZreszt\u0105 tacy czy owacy<br \/>\nIle si\u0119 za to p\u0142aci<br \/>\nAle ona ma by\u0107 ocalona<br \/>\n<em>Wyrwana z ich bezlitosnych szpon\u00f3w<\/em><\/p>\n<p><a href=\"http:\/\/hubertpietka.bialystok.pl\/wp-content\/uploads\/2023\/03\/IMG_20230310_184902607.jpg\"><img loading=\"lazy\" decoding=\"async\" class=\"alignnone size-thumbnail wp-image-6966\" src=\"http:\/\/hubertpietka.bialystok.pl\/wp-content\/uploads\/2023\/03\/IMG_20230310_184902607-150x150.jpg\" alt=\"\" width=\"150\" height=\"150\" srcset=\"https:\/\/hubertpietka.bialystok.pl\/wp-content\/uploads\/2023\/03\/IMG_20230310_184902607-150x150.jpg 150w, https:\/\/hubertpietka.bialystok.pl\/wp-content\/uploads\/2023\/03\/IMG_20230310_184902607-75x75.jpg 75w\" sizes=\"auto, (max-width: 150px) 100vw, 150px\" \/><\/a><\/p>\n<p><strong>Na zdj. Perfidna do granic rozs\u0105dku<\/strong><br \/>\n<strong> Parodia b\u0142\u0119kitna trwa dalej<\/strong><br \/>\n<strong> Ale to nie ona rz\u0105dzi \u015bwiatem<\/strong><br \/>\n<strong> Jak si\u0119 mo\u017ce wydawa\u0107 czasem<\/strong><\/p>\n<p><strong>Jezus na globie ziemskim<\/strong><br \/>\n<strong> W ko\u015bciele w Augustowie<\/strong><br \/>\n<strong> On chce \u017ceby Mu zatryiumfowa\u0107<\/strong><br \/>\n<strong> Nad ka\u017cdym z\u0142em pom\u00f3c<\/strong><\/p>\n","protected":false},"excerpt":{"rendered":"<p>Dla was \/ ona On to nie skorzysta\u0142 dot\u0105d ze sposobno\u015bci By na r\u00f3wni by\u0107 z innymi bogami W wolno\u015bci przynale\u017cnej dzieciom Bo\u017cym Lecz pozosta\u0142&hellip; <\/p>\n","protected":false},"author":1,"featured_media":0,"parent":0,"menu_order":0,"comment_status":"closed","ping_status":"closed","template":"","meta":{"footnotes":""},"class_list":["post-6965","page","type-page","status-publish","hentry"],"_links":{"self":[{"href":"https:\/\/hubertpietka.bialystok.pl\/index.php?rest_route=\/wp\/v2\/pages\/6965","targetHints":{"allow":["GET"]}}],"collection":[{"href":"https:\/\/hubertpietka.bialystok.pl\/index.php?rest_route=\/wp\/v2\/pages"}],"about":[{"href":"https:\/\/hubertpietka.bialystok.pl\/index.php?rest_route=\/wp\/v2\/types\/page"}],"author":[{"embeddable":true,"href":"https:\/\/hubertpietka.bialystok.pl\/index.php?rest_route=\/wp\/v2\/users\/1"}],"replies":[{"embeddable":true,"href":"https:\/\/hubertpietka.bialystok.pl\/index.php?rest_route=%2Fwp%2Fv2%2Fcomments&post=6965"}],"version-history":[{"count":1,"href":"https:\/\/hubertpietka.bialystok.pl\/index.php?rest_route=\/wp\/v2\/pages\/6965\/revisions"}],"predecessor-version":[{"id":6967,"href":"https:\/\/hubertpietka.bialystok.pl\/index.php?rest_route=\/wp\/v2\/pages\/6965\/revisions\/6967"}],"wp:attachment":[{"href":"https:\/\/hubertpietka.bialystok.pl\/index.php?rest_route=%2Fwp%2Fv2%2Fmedia&parent=6965"}],"curies":[{"name":"wp","href":"https:\/\/api.w.org\/{rel}","templated":true}]}}