{"id":7171,"date":"2023-05-31T08:54:41","date_gmt":"2023-05-31T08:54:41","guid":{"rendered":"http:\/\/hubertpietka.bialystok.pl\/?page_id=7171"},"modified":"2023-06-04T13:03:34","modified_gmt":"2023-06-04T13:03:34","slug":"piosenka-o-wiernosci","status":"publish","type":"page","link":"https:\/\/hubertpietka.bialystok.pl\/?page_id=7171","title":{"rendered":"Piosenka o wierno\u015bci"},"content":{"rendered":"<p><b>Piosenka o wierno\u015bci<\/b><\/p>\n<p><span style=\"font-weight: 400;\">Kiedy b\u00f3l<\/span><br \/>\n<span style=\"font-weight: 400;\">Przekracza<\/span><br \/>\n<span style=\"font-weight: 400;\">Wszelkie twoje<\/span><br \/>\n<span style=\"font-weight: 400;\">Wyobra\u017cenia<\/span><br \/>\n<span style=\"font-weight: 400;\">Pami\u0119taj<\/span><br \/>\n<span style=\"font-weight: 400;\">Ja jestem<\/span><br \/>\n<span style=\"font-weight: 400;\">I to<\/span><br \/>\n<span style=\"font-weight: 400;\">Si\u0119 nie zmienia<\/span><\/p>\n<p><span style=\"font-weight: 400;\">Kiedy zawodzi<\/span><br \/>\n<span style=\"font-weight: 400;\">Ka\u017cdy<\/span><br \/>\n<span style=\"font-weight: 400;\">Cz\u0142owiek i \u015bwiat\u00a0<\/span><br \/>\n<span style=\"font-weight: 400;\">Kiedy<\/span><br \/>\n<span style=\"font-weight: 400;\">Nie masz ju\u017c si\u0142y<\/span><br \/>\n<span style=\"font-weight: 400;\">Trwa\u0107<\/span><br \/>\n<span style=\"font-weight: 400;\">Pami\u0119taj<\/span><br \/>\n<span style=\"font-weight: 400;\">Chc\u0119 przy tobie<\/span><br \/>\n<span style=\"font-weight: 400;\">Sta\u0107<\/span><\/p>\n<p><span style=\"font-weight: 400;\">Kiedy ju\u017c<\/span><br \/>\n<span style=\"font-weight: 400;\">Nie ma dla ciebie<\/span><br \/>\n<span style=\"font-weight: 400;\">Nic pr\u00f3cz<\/span><br \/>\n<span style=\"font-weight: 400;\">B\u00f3lu istnienia\u00a0<\/span><br \/>\n<span style=\"font-weight: 400;\">Pami\u0119taj<\/span><br \/>\n<span style=\"font-weight: 400;\">\u017be jestem<\/span><br \/>\n<span style=\"font-weight: 400;\">Na ciebie<\/span><br \/>\n<span style=\"font-weight: 400;\">Oczekiwaniem<\/span><\/p>\n<p><span style=\"font-weight: 400;\">Nie zostawi\u0119 ci\u0119<\/span><br \/>\n<span style=\"font-weight: 400;\">Cho\u0107bym pad\u0142<\/span><br \/>\n<span style=\"font-weight: 400;\">I cho\u0107by<\/span><br \/>\n<span style=\"font-weight: 400;\">Inaczej<\/span><br \/>\n<span style=\"font-weight: 400;\">M\u00f3wi\u0142<\/span><br \/>\n<span style=\"font-weight: 400;\">Ten \u015bwiat<\/span><\/p>\n<p><span style=\"font-weight: 400;\">Nie zostawi\u0119 ci\u0119<\/span><br \/>\n<span style=\"font-weight: 400;\">Bo w tobie<\/span><br \/>\n<span style=\"font-weight: 400;\">\u0179r\u00f3dle mym<\/span><br \/>\n<span style=\"font-weight: 400;\">Znalaz\u0142em<\/span><br \/>\n<span style=\"font-weight: 400;\">Nieustaj\u0105cy hymn<\/span><\/p>\n<p style=\"text-align: center;\"><span style=\"font-weight: 400;\"><a href=\"https:\/\/youtu.be\/ClS-lkiC3BU\"><em><strong>Pani ze sn\u00f3w &#8211; Krzysztof i Piotr Cugowscy \/ z serialu &#8222;Drogi Wolno\u015bci&#8221;<\/strong><\/em><\/a><br \/>\n<\/span><\/p>\n","protected":false},"excerpt":{"rendered":"<p>Piosenka o wierno\u015bci Kiedy b\u00f3l Przekracza Wszelkie twoje Wyobra\u017cenia Pami\u0119taj Ja jestem I to Si\u0119 nie zmienia Kiedy zawodzi Ka\u017cdy Cz\u0142owiek i \u015bwiat\u00a0 Kiedy Nie&hellip; <\/p>\n","protected":false},"author":1,"featured_media":0,"parent":0,"menu_order":0,"comment_status":"closed","ping_status":"closed","template":"","meta":{"footnotes":""},"class_list":["post-7171","page","type-page","status-publish","hentry"],"_links":{"self":[{"href":"https:\/\/hubertpietka.bialystok.pl\/index.php?rest_route=\/wp\/v2\/pages\/7171","targetHints":{"allow":["GET"]}}],"collection":[{"href":"https:\/\/hubertpietka.bialystok.pl\/index.php?rest_route=\/wp\/v2\/pages"}],"about":[{"href":"https:\/\/hubertpietka.bialystok.pl\/index.php?rest_route=\/wp\/v2\/types\/page"}],"author":[{"embeddable":true,"href":"https:\/\/hubertpietka.bialystok.pl\/index.php?rest_route=\/wp\/v2\/users\/1"}],"replies":[{"embeddable":true,"href":"https:\/\/hubertpietka.bialystok.pl\/index.php?rest_route=%2Fwp%2Fv2%2Fcomments&post=7171"}],"version-history":[{"count":2,"href":"https:\/\/hubertpietka.bialystok.pl\/index.php?rest_route=\/wp\/v2\/pages\/7171\/revisions"}],"predecessor-version":[{"id":7207,"href":"https:\/\/hubertpietka.bialystok.pl\/index.php?rest_route=\/wp\/v2\/pages\/7171\/revisions\/7207"}],"wp:attachment":[{"href":"https:\/\/hubertpietka.bialystok.pl\/index.php?rest_route=%2Fwp%2Fv2%2Fmedia&parent=7171"}],"curies":[{"name":"wp","href":"https:\/\/api.w.org\/{rel}","templated":true}]}}