{"id":7214,"date":"2023-06-04T13:25:58","date_gmt":"2023-06-04T13:25:58","guid":{"rendered":"http:\/\/hubertpietka.bialystok.pl\/?page_id=7214"},"modified":"2023-06-08T08:18:54","modified_gmt":"2023-06-08T08:18:54","slug":"1234-2","status":"publish","type":"page","link":"https:\/\/hubertpietka.bialystok.pl\/?page_id=7214","title":{"rendered":"Ko\u0142ysaneczka"},"content":{"rendered":"<p><em><b>Ko\u0142ysaneczka<\/b><\/em><\/p>\n<p><span style=\"font-weight: 400;\">\u015apij s\u0142oneczko<\/span><br \/>\n<span style=\"font-weight: 400;\">Niech \u017cycie twe<\/span><br \/>\n<span style=\"font-weight: 400;\">Z ziemi si\u0119<\/span><br \/>\n<span style=\"font-weight: 400;\">W niebo<\/span><br \/>\n<span style=\"font-weight: 400;\">Bezpiecznie pnie<\/span><\/p>\n<p><span style=\"font-weight: 400;\">\u015apij malutka<\/span><br \/>\n<span style=\"font-weight: 400;\">By\u015b mog\u0142a<\/span><br \/>\n<span style=\"font-weight: 400;\">Rozweseli\u0107<\/span><br \/>\n<span style=\"font-weight: 400;\">Swe serce<\/span><br \/>\n<span style=\"font-weight: 400;\">Pokrzepi\u0107 smutki<\/span><\/p>\n<p><span style=\"font-weight: 400;\">\u015apij pere\u0142ko<\/span><br \/>\n<span style=\"font-weight: 400;\">By\u015b mog\u0142a<\/span><br \/>\n<span style=\"font-weight: 400;\">Sta\u0107 si\u0119<\/span><br \/>\n<span style=\"font-weight: 400;\">Po prostu anio\u0142kiem<\/span><br \/>\n<span style=\"font-weight: 400;\">Z bia\u0142ym krokiem<\/span><\/p>\n<p><span style=\"font-weight: 400;\">Anio\u0142kiem<\/span><br \/>\n<span style=\"font-weight: 400;\">Mym kochanym<\/span><br \/>\n<span style=\"font-weight: 400;\">W naszym wsp\u00f3lnym<\/span><br \/>\n<span style=\"font-weight: 400;\">nieustannym<\/span><br \/>\n<span style=\"font-weight: 400;\">trwaniu<\/span><\/p>\n<p><span style=\"font-weight: 400;\">\u015bpij laleczko<\/span><br \/>\n<span style=\"font-weight: 400;\">przykryj si\u0119<\/span><br \/>\n<span style=\"font-weight: 400;\">ko\u0142dereczk\u0105<\/span><br \/>\n<span style=\"font-weight: 400;\">by\u015b mi\u0142a<\/span><br \/>\n<span style=\"font-weight: 400;\">silna<\/span><br \/>\n<span style=\"font-weight: 400;\">si\u0119 obudzi\u0142a<\/span><br \/>\n<span style=\"font-weight: 400;\">by\u015b mog\u0142a<\/span><br \/>\n<span style=\"font-weight: 400;\">znie\u015b\u0107<\/span><br \/>\n<span style=\"font-weight: 400;\">trudy trwania<\/span><br \/>\n<span style=\"font-weight: 400;\">a\u017c do ich<\/span><br \/>\n<span style=\"font-weight: 400;\">pokonania<\/span><\/p>\n<p><span style=\"font-weight: 400;\">pokonania<\/span><br \/>\n<span style=\"font-weight: 400;\">i sko\u0144czenia<\/span><br \/>\n<span style=\"font-weight: 400;\">\u017cycia mego<\/span><br \/>\n<span style=\"font-weight: 400;\">u boku<\/span><br \/>\n<span style=\"font-weight: 400;\">twego<\/span><\/p>\n<p><span style=\"font-weight: 400;\">by przyj\u0105\u0142<\/span><br \/>\n<span style=\"font-weight: 400;\">nas dobry B\u00f3g<\/span><br \/>\n<span style=\"font-weight: 400;\">by\u015bmy mogli<\/span><br \/>\n<span style=\"font-weight: 400;\">ukl\u0119kn\u0105\u0107<\/span><br \/>\n<span style=\"font-weight: 400;\">u Jego st\u00f3p<\/span><\/p>\n<p style=\"text-align: center;\"><a href=\"https:\/\/youtu.be\/8-02C_4VA44\"><em><strong>Goran Bregovi\u0107 i Kayah &#8211; \u015apij kochanie \u015bpij<\/strong><\/em><\/a><\/p>\n","protected":false},"excerpt":{"rendered":"<p>Ko\u0142ysaneczka \u015apij s\u0142oneczko Niech \u017cycie twe Z ziemi si\u0119 W niebo Bezpiecznie pnie \u015apij malutka By\u015b mog\u0142a Rozweseli\u0107 Swe serce Pokrzepi\u0107 smutki \u015apij pere\u0142ko By\u015b&hellip; <\/p>\n","protected":false},"author":1,"featured_media":0,"parent":0,"menu_order":0,"comment_status":"closed","ping_status":"closed","template":"","meta":{"footnotes":""},"class_list":["post-7214","page","type-page","status-publish","hentry"],"_links":{"self":[{"href":"https:\/\/hubertpietka.bialystok.pl\/index.php?rest_route=\/wp\/v2\/pages\/7214","targetHints":{"allow":["GET"]}}],"collection":[{"href":"https:\/\/hubertpietka.bialystok.pl\/index.php?rest_route=\/wp\/v2\/pages"}],"about":[{"href":"https:\/\/hubertpietka.bialystok.pl\/index.php?rest_route=\/wp\/v2\/types\/page"}],"author":[{"embeddable":true,"href":"https:\/\/hubertpietka.bialystok.pl\/index.php?rest_route=\/wp\/v2\/users\/1"}],"replies":[{"embeddable":true,"href":"https:\/\/hubertpietka.bialystok.pl\/index.php?rest_route=%2Fwp%2Fv2%2Fcomments&post=7214"}],"version-history":[{"count":3,"href":"https:\/\/hubertpietka.bialystok.pl\/index.php?rest_route=\/wp\/v2\/pages\/7214\/revisions"}],"predecessor-version":[{"id":7247,"href":"https:\/\/hubertpietka.bialystok.pl\/index.php?rest_route=\/wp\/v2\/pages\/7214\/revisions\/7247"}],"wp:attachment":[{"href":"https:\/\/hubertpietka.bialystok.pl\/index.php?rest_route=%2Fwp%2Fv2%2Fmedia&parent=7214"}],"curies":[{"name":"wp","href":"https:\/\/api.w.org\/{rel}","templated":true}]}}