{"id":7242,"date":"2023-06-07T09:37:57","date_gmt":"2023-06-07T09:37:57","guid":{"rendered":"http:\/\/hubertpietka.bialystok.pl\/?page_id=7242"},"modified":"2023-06-07T09:37:57","modified_gmt":"2023-06-07T09:37:57","slug":"zakrojone-uderzania-tendencje-poczekac-moga-zawsze-odpowiednio","status":"publish","type":"page","link":"https:\/\/hubertpietka.bialystok.pl\/?page_id=7242","title":{"rendered":"Zakrojone uderzania tendencje \/  poczeka\u0107 mog\u0105 zawsze odpowiednio"},"content":{"rendered":"<p><em><strong>Zakrojone uderzania tendencje \/\u00a0 poczeka\u0107 mog\u0105 zawsze odpowiednio\u00a0<\/strong><\/em><\/p>\n<p>Z koszeniem trawy wczoraj czekano<br \/>\nDo powrotu mojej \u017cony z pracy do domu<br \/>\nDzisiaj jako\u015b te\u017c nie dokaszaj\u0105<br \/>\nCzy\u017cby podobna sytuacja<br \/>\nCzy\u017cby nie mieli dokosi\u0107 przed Bo\u017cym Cia\u0142em<br \/>\nA c\u00f3\u017c tam dla nich<br \/>\nNajwa\u017cniejsze \u017ceby ta alergia<br \/>\nKt\u00f3rej nie ma by\u0142a \u015bmiertelna<br \/>\nWszystko mo\u017cna zrobi\u0107<br \/>\nJak ma si\u0119 ku temu odpowiednie \u015brodki<\/p>\n<p>A z naszym mieszkaniem<br \/>\nGodni zaufania spo\u0142ecznego nadu\u017cywaj\u0105cy troszeczk\u0119<br \/>\nTego czy tamtego<br \/>\nNa pewno zeznaj\u0105 odpowiednio<br \/>\nByleby tylko pozbawi\u0107 nas tego<\/p>\n<p>R\u00f3\u017cne sprawy wracaj\u0105 po czasie<br \/>\nByleby tylko<br \/>\n<em>Szatan umie czeka\u0107<\/em> kto\u015b powiedzia\u0142<br \/>\nA czy\u017c oni nie podobnie<br \/>\nByleby tylko w nas naszych i w nasze<\/p>\n<p>Strategia dzia\u0142a\u0144 zakrojona<br \/>\nTrzeba tylko odpowiednio zamanewrowa\u0107<br \/>\nPod takim czy innym pretekstem<br \/>\nMo\u017cna wszystko przecie\u017c<br \/>\nSzczeg\u00f3lnie jak ma si\u0119 ludzi<br \/>\nI odpowiednie ku temu \u015brodki<br \/>\nWykorzystuj\u0105c pozory<\/p>\n<p><a href=\"http:\/\/hubertpietka.bialystok.pl\/wp-content\/uploads\/2023\/06\/IMG_20230607_113356.jpg\"><img loading=\"lazy\" decoding=\"async\" class=\"alignnone size-thumbnail wp-image-7243\" src=\"http:\/\/hubertpietka.bialystok.pl\/wp-content\/uploads\/2023\/06\/IMG_20230607_113356-150x150.jpg\" alt=\"\" width=\"150\" height=\"150\" srcset=\"https:\/\/hubertpietka.bialystok.pl\/wp-content\/uploads\/2023\/06\/IMG_20230607_113356-150x150.jpg 150w, https:\/\/hubertpietka.bialystok.pl\/wp-content\/uploads\/2023\/06\/IMG_20230607_113356-75x75.jpg 75w\" sizes=\"auto, (max-width: 150px) 100vw, 150px\" \/><\/a><\/p>\n<p><strong>Na zdj. Maryja w ko\u015bcielnej bramie<\/strong><br \/>\n<strong> <em>Ave Maryja Niepokalana<\/em><\/strong><br \/>\n<strong> Chro\u0144 nas naszych i nasze<\/strong><br \/>\n<strong> Przed r\u00f3\u017cnymi napa\u015bciami<\/strong><br \/>\n<strong> Wykorzystuj\u0105cymi niestety ludzi i metody<\/strong><br \/>\n<strong> <em>Na wszystko jest lekarstwo<\/em><\/strong><br \/>\n<strong> Wszystko te\u017c mo\u017cna analogicznie zatru\u0107<\/strong><br \/>\n<strong> Szczeg\u00f3lnie gdy si\u0119 chce zniszczy\u0107<\/strong><br \/>\n<strong> Tego czy tamt\u0105 i to co wok\u00f3\u0142<\/strong><\/p>\n<p><strong>I ani mi Ani<\/strong><br \/>\n<strong> Ani tego co i nas jest wok\u00f3\u0142<\/strong><br \/>\n<strong> W taki czy inny spos\u00f3b<\/strong><\/p>\n<p><strong>Na koniec odtrutka prosta koronka<\/strong><br \/>\n<strong> Do Maryi Bramy Wiary<\/strong><br \/>\n<strong> Ona wskazuje na Jezusa nieustannie<\/strong><\/p>\n<p><strong><em>10 x Jezu ufam Tobie<\/em><\/strong><br \/>\n<strong><em> 1 x Ave Maryja Niepokalana Totus Tuus<\/em><\/strong><br \/>\n<strong><em> 5 tajemnic<\/em><\/strong><br \/>\n<strong><em> Na ko\u0144cu 1 x Chwa\u0142a Ojcu<\/em><\/strong><\/p>\n","protected":false},"excerpt":{"rendered":"<p>Zakrojone uderzania tendencje \/\u00a0 poczeka\u0107 mog\u0105 zawsze odpowiednio\u00a0 Z koszeniem trawy wczoraj czekano Do powrotu mojej \u017cony z pracy do domu Dzisiaj jako\u015b te\u017c nie&hellip; <\/p>\n","protected":false},"author":1,"featured_media":0,"parent":0,"menu_order":0,"comment_status":"closed","ping_status":"closed","template":"","meta":{"footnotes":""},"class_list":["post-7242","page","type-page","status-publish","hentry"],"_links":{"self":[{"href":"https:\/\/hubertpietka.bialystok.pl\/index.php?rest_route=\/wp\/v2\/pages\/7242","targetHints":{"allow":["GET"]}}],"collection":[{"href":"https:\/\/hubertpietka.bialystok.pl\/index.php?rest_route=\/wp\/v2\/pages"}],"about":[{"href":"https:\/\/hubertpietka.bialystok.pl\/index.php?rest_route=\/wp\/v2\/types\/page"}],"author":[{"embeddable":true,"href":"https:\/\/hubertpietka.bialystok.pl\/index.php?rest_route=\/wp\/v2\/users\/1"}],"replies":[{"embeddable":true,"href":"https:\/\/hubertpietka.bialystok.pl\/index.php?rest_route=%2Fwp%2Fv2%2Fcomments&post=7242"}],"version-history":[{"count":1,"href":"https:\/\/hubertpietka.bialystok.pl\/index.php?rest_route=\/wp\/v2\/pages\/7242\/revisions"}],"predecessor-version":[{"id":7244,"href":"https:\/\/hubertpietka.bialystok.pl\/index.php?rest_route=\/wp\/v2\/pages\/7242\/revisions\/7244"}],"wp:attachment":[{"href":"https:\/\/hubertpietka.bialystok.pl\/index.php?rest_route=%2Fwp%2Fv2%2Fmedia&parent=7242"}],"curies":[{"name":"wp","href":"https:\/\/api.w.org\/{rel}","templated":true}]}}