{"id":7329,"date":"2023-07-12T21:59:13","date_gmt":"2023-07-12T21:59:13","guid":{"rendered":"http:\/\/hubertpietka.bialystok.pl\/?page_id=7329"},"modified":"2023-07-17T05:50:05","modified_gmt":"2023-07-17T05:50:05","slug":"saga-o-ludziach","status":"publish","type":"page","link":"https:\/\/hubertpietka.bialystok.pl\/?page_id=7329","title":{"rendered":"Saga o ludziach \/ pewnej Rodziny"},"content":{"rendered":"<p><em><strong>Saga o ludziach \/ pewnej Rodziny\u00a0<\/strong><\/em><\/p>\n<p>Poniewa\u017c kto\u015b mo\u017ce mie\u0107 pretensje<br \/>\n\u017be nie pisz\u0119 o ptaszkach i kwiatkach tylko<br \/>\nLecz niestety warunki \u017cycia dyktuj\u0105 te\u017c poezj\u0119<br \/>\nTo tutaj troch\u0119 tak b\u0119dzie<br \/>\nZanurzaj\u0105c si\u0119 we wspomnienia dzieci\u0144stwa<br \/>\nWyp\u0142ywaj\u0105ce ku twardym warunkom \u017cycia<br \/>\nPop\u0142y\u0144my razem ku ludzkim twarzom<br \/>\nBo to wa\u017cne by w ludziach widzie\u0107 ludzi<br \/>\nCz\u0142owiecze\u0144stwo im przynale\u017cne zawsze paradoksalnie<\/p>\n<p>Z \u017con\u0105 serce mamy wsp\u00f3lne<br \/>\nCzy mo\u017cna \u017cy\u0107 bez tej po\u0142owy serca<br \/>\nI nawet je\u015bli r\u00f3\u017cnimy si\u0119 czasem bynajmniej nie \u0142adnie<br \/>\nTo serca s\u0105 zawsze zbie\u017cne<br \/>\nI przenikaj\u0105 swe p\u0142aszczyzny<br \/>\nI tak by\u0142o od pocz\u0105tku<br \/>\nOd zapadni\u0119cia si\u0119 wzajemnego w sercach i duszach<br \/>\nPrzez jedno spojrzenie w oczy<br \/>\nBo nie tylko serca ale w wierze i przystaj\u0105ce dusze<br \/>\nZ piecz\u0119ci\u0105 sakramentu ma\u0142\u017ce\u0144stwa<\/p>\n<p><strong>Muppet Show czyli rodze\u0144stwo<\/strong><\/p>\n<p>P. czyli \u017babka<br \/>\nNajbardziej z nas gimnastycznie sprawny<br \/>\nEwentualnie Tylek bo tak wo\u0142a\u0142<br \/>\nLataj\u0105c za motylkiem<br \/>\nA potem goni\u0142 \u0142apa\u0142 rybki<br \/>\nZawsze te\u017c potrafi\u0142 mnie rozbawi\u0107<br \/>\nA jego \u017cona E. w niego wpatrzona<br \/>\nI to najwa\u017cniejsze<br \/>\nI ta pociecha Am.<br \/>\nDystyngowana jak mama<br \/>\nI po ojcu te\u017c to co\u015b jako\u015b ma<br \/>\nI jako jedyny by\u0142 z nas w wojsku<br \/>\nDla mnie to pow\u00f3d jest do dumy<\/p>\n<p>Basia to bynajmniej nie siostra<br \/>\nTak M. wo\u0142a\u0142 jak by\u0142 troch\u0119 g\u0142odny<br \/>\nA przez sylabizm prosty<br \/>\nBy\u0142o to wo\u0142anie o kawa\u0142ek kie\u0142basy<br \/>\nUwielbia\u0142 kolejki elektryczne<br \/>\nM\u00f3g\u0142 wpatrywa\u0107 si\u0119 w nie przez d\u0142ugie godziny<br \/>\nPotem mu si\u0119 to prze\u0142o\u017cy\u0142o na symulacje pi\u0142karskie<br \/>\nMia\u0142 o futbolu ogromn\u0105 wiedz\u0119<br \/>\nZ I. im chyba troch\u0119 co\u015b nie wysz\u0142o<br \/>\nAle to nie przeszkadza<br \/>\nBy c\u00f3rk\u0119 Kor. pokornie wychowywa\u0107<br \/>\nI tak by mia\u0142a wszystko<br \/>\nCzego mo\u017ce mu gdzie\u015b brak\u0142o<\/p>\n<p>L-Ew to bynajmniej nie on<br \/>\nZawsze by\u0142a konsekwentna w d\u0105\u017ceniach<br \/>\nPatrzy\u0142em z podziwem<br \/>\nNa jej pr\u00f3by malarskie<br \/>\nOna pierwsza nauczy\u0142a si\u0119 gra\u0107 na gitarze<br \/>\nI troch\u0119 jej tego pozazdro\u015bci\u0142em<br \/>\nI wreszcie pr\u00f3by literackie<br \/>\nTe\u017c od niej i z ni\u0105 pierwotnie dyskutowane<br \/>\nTrwa w swej malarskiej pasji<br \/>\nCho\u0107 \u017cycie pisz\u0119 r\u00f3\u017cne scenariusze<br \/>\nNiekoniecznie zbie\u017cne z pierwszym animuszem<br \/>\nI ona pierwsza z nas<br \/>\nRozmi\u0142owa\u0142a si\u0119 w zwierz\u0119tach<br \/>\nW wielu rzeczach by\u0142a pierwsza z rodze\u0144stwa<br \/>\nA jej m\u0105\u017c M. naukowiec<br \/>\nZ zaanga\u017cowania i chyba przekonania<br \/>\nCho\u0107 i tu los pomiesza\u0142 troch\u0119<br \/>\nSw\u0105 pasj\u0119 przeni\u00f3s\u0142 na g\u00f3ry<br \/>\nZawsze chyba do\u015b\u0107 spokojny<br \/>\nB\u00f3g wiedzia\u0142 kogo da\u0107 siostrze<br \/>\nI tak narodzi\u0142 si\u0119 Emi.<br \/>\nKt\u00f3ry zara\u017ca\u0142 rado\u015bci\u0105<br \/>\nA \u017ce jedynak<br \/>\nPociesza\u0142 si\u0119 grami i ku temu te\u017c<br \/>\nPredysponowanymi figurkami<br \/>\nBo odziedziczy\u0142 po mamie i artystyczny talent<br \/>\nI w tym kierunku informatycznym<br \/>\nKszta\u0142tuje si\u0119 jego przysz\u0142o\u015b\u0107<\/p>\n<p>R. Mi\u015b jak to mi\u015b<br \/>\nNajbardziej chyba lubi\u0142 spa\u0107<br \/>\nZawsze te\u017c mia\u0142 wok\u00f3\u0142<br \/>\nDu\u017co koleg\u00f3w lubili go ludzie<br \/>\nZ powodu sposobu obycia \u0142agodnego<br \/>\nCho\u0107 w domu r\u00f3\u017cnie pewnie by\u0107 mo\u017ce<br \/>\nTeraz jest specjalist\u0105 w dziedzinie w kt\u00f3rej<br \/>\nI ja si\u0119 troch\u0119 odnajduje<br \/>\n\u017bona K. Kapsel i Jo.<br \/>\nDope\u0142niaj\u0105 pe\u0142ni\u0119 t\u0105<br \/>\nWszyscy charakterystyczni<\/p>\n<p>U\u015b. to bynajmniej nie U\u015a<br \/>\nLecz re\u017cyseria na renomowanej uczelni<br \/>\nPociecha rodze\u0144stwa kiedy by\u0142a male\u0144stwem<br \/>\nPasja na gitarze grania posz\u0142a tu dalej<br \/>\nA teraz c\u00f3reczka ca\u0142a z Lnu bia\u0142ego<br \/>\nCho\u0107 krwii r\u00f3\u017cnych narodowych prowieniencji<br \/>\nJaktamkolwiek z ojcem dziecka<\/p>\n<p>Fasolka wreszcie najbardziej dziewczy\u0144ska<br \/>\nLalki i kotki w w\u00f3zkach<br \/>\nPogodne spojrzenia na rodzin\u0119<br \/>\nTeraz Al. synek pi\u0119kny \u017cywio\u0142<br \/>\nPociecha niew\u0105tpliwa cho\u0107 mo\u017ce nie\u0142atwa dla rodzic\u00f3w<\/p>\n<p>I ad Ad.<br \/>\nW ojca wpatrzony jako ma\u0142y<br \/>\nTeraz psychologi\u0119 mierzy<br \/>\nNa pewno w dobrej wierze<br \/>\nPi\u0142ka zamieniona na desk\u0119<br \/>\nCho\u0107 gra\u0142o si\u0119 w Smsie<br \/>\nBroni\u0107 mo\u017cna te\u017c w psychologii<\/p>\n<p>Jako ch\u0142opacy wszyscy<br \/>\nGrali\u015bmy w no\u017cn\u0105 pi\u0142k\u0119<br \/>\nI w szkole i w klubie i na podw\u00f3rku<br \/>\nWszyscy\u015bmy pokochali muzyk\u0119<br \/>\nMieli\u015bmy d\u0142ugie w\u0142osy charakterystyczne<br \/>\nI bryd\u017c sta\u0142 si\u0119 te\u017c domen\u0105 rodzinn\u0105<br \/>\nA by\u0142y i szachy i plansz\u00f3wki bez ko\u0144ca<br \/>\nTeraz do matki i ojca<\/p>\n<p>Ale zanim to jeszcze<br \/>\nO sza\u0142apucie pokracznym jednym<br \/>\nCho\u0107 pono\u0107 by\u0142 bardzo urodziwy<br \/>\nI to mu nie przeszkadza\u0142o<br \/>\nPrawd\u0119 prosto z mostu wali\u0107<br \/>\nJako\u015b si\u0119 ogarn\u0105\u0142<br \/>\nI takie co\u015b powsta\u0142o<br \/>\nA ro(c)kowania by\u0142y zmienne<\/p>\n<p>A dalej innym razem<\/p>\n<p><strong>MaT<\/strong><br \/>\n<em>M jak mama i T jak tata<\/em><br \/>\n<em> Mama a tata i my<\/em><\/p>\n<p>Warto na co\u015b spojrze\u0107 z perspektywy jakiej\u015b<br \/>\nPrzyjrze\u0107 si\u0119 temu i odczyta\u0107 to mo\u017ce troch\u0119 inaczej<br \/>\nM tak naprawd\u0119 pokorna by\u0142a<br \/>\nTyle rzeczy mimochodem robi\u0142a<br \/>\nNic dziwnego ogarn\u0105\u0107 to stadko ca\u0142e i<br \/>\nWszystko co z tym zwi\u0105zane<br \/>\nI tak jest dalej w s\u0142u\u017cbie rodzinie zawsze<br \/>\nTeraz Al. przy jej boku<br \/>\nAle to uk\u0142ad chyba si\u0119 wzajemnie wspieraj\u0105cy<br \/>\nI otwieraj\u0105cy na swoich wzajemnie<\/p>\n<p>T rozkwita\u0142 najlepiej w relacjach<br \/>\nNajbardziej lubi\u0142 ogl\u0105da\u0107 telewizj\u0119 w fotelu tak<br \/>\nNa kolanach z dzieckiem<br \/>\nZ bratem siostr\u0105 jak byli bardzo mali<br \/>\nWida\u0107 by\u0142o \u017ce daje mu to pokoju rado\u015b\u0107<br \/>\nTaki obrazek<br \/>\nI ju\u017c si\u0119 chyba pouk\u0142ada\u0142 z r\u00f3\u017cnymi zmorami<br \/>\nBo jego postawa bardziej wyprostowana<br \/>\nI ta cze\u015b\u0107 kt\u00f3r\u0105 mia\u0142<br \/>\nDo swojej matki wymierna znacznie<\/p>\n<p>Czerpiemy z tych relacji rodzicielskich<br \/>\nI ich postaw<br \/>\nNie tylko na zasadzie negacji<br \/>\nNa wszystko mo\u017cna troch\u0119 inaczej spojrze\u0107 te\u017c<br \/>\nI z perspektywy czasu<br \/>\nFundamentem by\u0142 jednak szacunek wzajemny<br \/>\nKt\u00f3ry czasem mo\u017cna by\u0142o zauwa\u017cy\u0107 do\u015b\u0107 dobrze<br \/>\nMimo \u017ce los popl\u0105ta\u0142 ich \u015bcie\u017cki troch\u0119<br \/>\nTo te relacje na nas rzutuj\u0105 w spos\u00f3b<br \/>\nNie zawsze do ko\u0144ca u\u015bwiadomiony<br \/>\nRozmawiamy i o tym czasem z \u017con\u0105<br \/>\nWa\u017cne by stara\u0107 si\u0119 dostrzec te akcenty dobre<br \/>\nPod pow\u0142ok\u0105 czego\u015b co wygl\u0105da\u0107 pozornie tylko mo\u017ce<br \/>\nNiekoniecznie tylko dobrze<br \/>\nA kt\u00f3\u017c jest bezb\u0142\u0119dny zawsze<br \/>\nStara\u0107 si\u0119 odzyska\u0107 i wyzyska\u0107<br \/>\nTo co dobre i fundamentalne<\/p>\n<p>I inne ma\u0142\u017ce\u0144skie relacje rodzin rodziny naszej<br \/>\nTe\u017c dla nas wa\u017cne<br \/>\nBo jak rozmawiamy z \u017con\u0105<br \/>\nCzerpiemy z nich tak\u017ce<br \/>\nDzi\u0119ki temu \u017ce mogli\u015bmy na r\u00f3\u017cne ma\u0142\u017ce\u0144stwa patrze\u0107<br \/>\nBy\u0107 z nimi w r\u00f3\u017cnym czasie i chwilach<br \/>\nI stara\u0107 si\u0119 to co dobre i pi\u0119kne z nich pozyskiwa\u0107<br \/>\nDalej o tym<\/p>\n<p><strong>Wujostwo i kuzynostwo<\/strong><\/p>\n<p>Im dalej w las tym wi\u0119cej drzew<br \/>\nI one drogie sercu zawsze<\/p>\n<p>Samsony<br \/>\nPraca na roli opanowa\u0142em tam jazd\u0119 traktorem<br \/>\nWuj mi kupi\u0142 te\u017c motor<br \/>\n\u0179r\u00f3d\u0142o dla mnie pociechy<br \/>\nA ciocia najbardziej mi przypomina j\u0105 \u017cona ze wszystkich<br \/>\nS\u0142uchanie listy przeboj\u00f3w 3 i r\u00f3\u017cne mi\u0142e rozmowy<br \/>\nSyn ich Sz. najstarszy<br \/>\nOd male\u0144ko\u015bci do motoryzacji mia\u0142 wielki bakcyl<br \/>\nI po\u017cytkowuje to dalej r\u00f3\u017cnowymiarowo<br \/>\nCieszy si\u0119 Ew. \u017con\u0105<br \/>\nI tr\u00f3jk\u0105 dzieci<br \/>\nKub. podobno pi\u0142k\u0119 lubi<br \/>\nTos. dziewczy\u0144sko-artystycznie \u015blicznie<br \/>\nA Len. bardzo pocieszna<br \/>\nWojt. Syn drugi<br \/>\nW informatyce odnalaz\u0142 sw\u0105 drog\u0119<br \/>\nZ \u017con\u0105 Ma. mi\u0142\u0105 bardzo<br \/>\nA Mir. c\u00f3rka z An. m\u0119\u017cem i dzie\u0107mi<br \/>\nW mie\u015bcie kr\u00f3lewskim<br \/>\nMo\u017cna si\u0119 r\u00f3\u017cni\u0107 wyznaniem<br \/>\nAle fundamenty warto\u015bci mog\u0105 by\u0107 te same<br \/>\nBo te uniwersalne s\u0105 niezbywalne<br \/>\nDzieci Br. i Ha.<br \/>\nDobrze uk\u0142adane i lubi\u0105ce instrumenty<\/p>\n<p>Konopy<br \/>\nCiocia trzeba przyzna\u0107 mia\u0142a cierpliwo\u015b\u0107<br \/>\nDo rozm\u00f3w z nastolatkiem<br \/>\nKt\u00f3ry troch\u0119 lekcewa\u017c\u0105co na to wtedy patrzy\u0142<br \/>\nAle po czasie trzeba przyzna\u0107<br \/>\n\u017be wiele rzeczy si\u0119 odnalaz\u0142o<br \/>\nWuj natomiast obecno\u015b\u0107 akceptuj\u0105ca<br \/>\nTrzeba si\u0119 zawsze stara\u0107 wyzyskiwa\u0107 to co dobre<\/p>\n<p>Botwinki<br \/>\nWuj mawia\u0142 jak Zag\u0142oba zawsze<br \/>\n<em>Gdy ojca nie ma wuja s\u0142ucha\u0107 b\u0119dziesz<\/em><br \/>\nBy\u0142em zawsze zachwycony jego niegasn\u0105cym poczuciem humoru<br \/>\nKt\u00f3ry te\u017c ciocia docenia\u0142a zawsze<br \/>\nA mnie umacnia\u0142a ta ma\u0142\u017ce\u0144ska wsp\u00f3lno\u015b\u0107 i jedno\u015b\u0107<br \/>\nC\u00f3rka Karol. pi\u0119knie na pianinie te\u017c gra\u0142a<br \/>\nA Aga. z aktorstwem za pan brat i<br \/>\nBy\u0142a zawsze bardzo otwarta i serdeczna<br \/>\nKarol. z m\u0119\u017cem Dam. teraz na obczy\u017anie<br \/>\nA Aga. sw\u0105 \u0142\u00f3dk\u0105 p\u0142ynie<\/p>\n<p>Grudzie<br \/>\nCiocia Halo m\u0105dra sowa<br \/>\nW krzy\u017c\u00f3wkach i telewizorze<br \/>\nC\u00f3rka Bea. swoj\u0105 drog\u0105<br \/>\nAle zawsze by\u0142a mi\u0142a<br \/>\nZ m\u0119\u017cem Gie. kt\u00f3ry dla nas ma\u0142olat\u00f3w<br \/>\nBy\u0142 tajemnic\u0105 i to co on uzyskiwa\u0142<br \/>\nTrzy dziewczyny c\u00f3rki<br \/>\nWer. teraz z Rad. i chyba czw\u00f3rka jeszcze dzieci<br \/>\nGo. z Nad. c\u00f3rk\u0105 i m\u0119\u017cem chyba<br \/>\nWspieraj\u0105ca w tym co trzeba<br \/>\nWreszcie Jul. z ch\u0142opakiem<br \/>\nI cho\u0107 okrojone relacje to rodzina przecie\u017c zawsze<br \/>\nMac. mia\u0142 w sobie przepa\u015b\u0107<br \/>\nKt\u00f3r\u0105 mo\u017cna by\u0142o spo\u017cytkowa\u0107 r\u00f3\u017cnie<br \/>\nOby wyprostowa\u0142y si\u0119 jego drogi<br \/>\nMa c\u00f3r\u0119 cho\u0107 od siebie chyba daleko<br \/>\nWreszcie Ka. z m\u0119\u017cem Ma.<br \/>\nOd dawna razem<br \/>\nI chyba im si\u0119 udaje<br \/>\nPouk\u0142ada\u0107 z tym co niezawsze jest \u0142atwe<br \/>\nC\u00f3rka Bl. na pewno jest te\u017c dla nich<br \/>\nRado\u015bci\u0105 i wyzwaniem<\/p>\n<p>Wreszcie Pi. i Do. i ich rodziny<br \/>\nPi. i Gra. chyba si\u0119 maj\u0105 z sob\u0105 dobrze<br \/>\nSyn Mi. i \u017cona Ga. muzycy a to pi\u0119knie<br \/>\nTeraz mo\u017ce graj\u0105 te\u017c dla swej ma\u0142ej pociechy<br \/>\nC\u00f3rka Ma. z m\u0119\u017cem<br \/>\nCho\u0107 tu kontakt ograniczony &#8211; \/<\/p>\n<p>+ Pozdrawiam Was wszystkich serdecznie<br \/>\nWszystkich tu wymienionych<br \/>\nTak si\u0119 sk\u0142ada \u017ce dzisiaj<br \/>\nImieniny mojej \u017cony<br \/>\nMam nadziej\u0119 \u017ce si\u0119 jeszcze<br \/>\nI nam uda zaistnie\u0107 wsp\u00f3lnie<br \/>\nW Waszych sprawach<br \/>\nZ rado\u015bci\u0105 i obop\u00f3lnym wsparciem<\/p>\n<p>I Do. z m\u0119\u017cem Gr.<br \/>\nC\u00f3rka Go. z m\u0119\u017cem Da.<br \/>\nDu\u017ca rado\u015b\u0107 dla mnie<br \/>\nZe wsp\u00f3lnoty wiary i do\u015bwiadcze\u0144<br \/>\nI syn Pi. muzyk i z tego si\u0119 ciesz\u0119<br \/>\nA Do. i Gr. niech dobrze trwaj\u0105<br \/>\nCho\u0107 \u017cycie nie szcz\u0119dzi do\u015bwiadcze\u0144<\/p>\n<p>I jeszcze mo\u017ce ciocia Ul.<br \/>\nChrzestna moja i syn Pio.<br \/>\nKt\u00f3ry ma teraz te\u017c i swoj\u0105 rodzin\u0119<br \/>\nW dzieci\u0144stwie pami\u0119ta\u0142a o mnie zawsze<br \/>\nPi. by\u0142 autorytetem nawet<br \/>\nA wuj. K. cho\u0107 ma\u0142o raczej obecny<br \/>\nZawsze serdeczny<\/p>\n<p>I na koniec rodzina \u017cony<br \/>\nO wielkim cz\u0142owieku pisa\u0107 nie b\u0119d\u0119 prosz\u0119 wybaczy\u0107 \u017cadnym<br \/>\nBo nie jestem zapewne w stanie jego wielko\u015bci wyrazi\u0107<br \/>\nAle wuj St. du\u017ca rado\u015b\u0107 dla nas<br \/>\nKiedy byli\u015bmy tam<br \/>\nCho\u0107 dotkn\u0119\u0142y go trudno\u015bci<br \/>\nW sercach naszych ma on zawsze swe miejsce<br \/>\nJego \u017cona ciocia Ja.<br \/>\nTe\u017c potrafi\u0142a pocieszy\u0107 wspiera\u0107<br \/>\nI mimo \u017ce co\u015b si\u0119 gdzie\u015b tam por\u00f3\u017cni\u0142o<br \/>\nNajwa\u017cniejsze \u017ce oni razem id\u0105<br \/>\nC\u00f3rka Jus. chyba dobrze ju\u017c<br \/>\nI jej c\u00f3ra Ag. bardzo chyba odwa\u017cna<br \/>\nWreszcie Tom. i Mil.<br \/>\nChyba si\u0119 dobrze dogaduj\u0105<br \/>\nI ich owoc s\u0142odki ale i do\u015b\u0107 m\u0105dry<br \/>\nIg. syn kt\u00f3ry rozwesela\u0142 nam tam wieczory<br \/>\nI Fil. te\u017c na pewno klimat rodzinny ten czuje<br \/>\nI Bart. na koniec<br \/>\nSyn brata \u017cony i Jo.<br \/>\nRozwa\u017cny m\u0142ody cz\u0142owiek<br \/>\nCho\u0107 m\u0142odo\u015b\u0107 wiadomo ma te\u017c prawa swoje<br \/>\nPocieszenie dla \u017cony po latach z pewnej odleg\u0142o\u015bci<\/p>\n<p>I to by by\u0142o chyba na tyle<br \/>\nPrzyjmijcie te s\u0142owa<br \/>\nMam nadziej\u0119 \u017ce mi\u0142e<br \/>\nBardziej na zasadzie pogodnych akcent\u00f3w<br \/>\nBo nie da si\u0119 chyba opisa\u0107 wszystkiego zupe\u0142nie<br \/>\nW sercu dla wszystkich jest i miejsce<br \/>\nTym bardziej \u017ce mamy je i podw\u00f3jne<br \/>\nNa pewno w \u017cyciu naszym s\u0105 i by\u0142y<br \/>\nI inne wa\u017cne dla nas rodziny<br \/>\nJak satelity co bynajmniej i nie znaczy<br \/>\n\u017be my jeste\u015bmy w centrum<br \/>\nPozdrawiamy Was wszystkich serdecznie<br \/>\nI wszystkich ludzi dobrej woli<br \/>\nNiech B\u00f3g dozwoli<br \/>\nBy wype\u0142ni\u0142y si\u0119 kiedy\u015b te wszystkie mo\u017cliwo\u015bci<br \/>\nA ja te\u017c zawsze za Was wszystkich si\u0119 i modl\u0119<\/p>\n<p><a href=\"http:\/\/hubertpietka.bialystok.pl\/wp-content\/uploads\/2023\/07\/IMG_20230717_073423.jpg\"><img loading=\"lazy\" decoding=\"async\" class=\"alignnone size-thumbnail wp-image-7335\" src=\"http:\/\/hubertpietka.bialystok.pl\/wp-content\/uploads\/2023\/07\/IMG_20230717_073423-150x150.jpg\" alt=\"\" width=\"150\" height=\"150\" srcset=\"https:\/\/hubertpietka.bialystok.pl\/wp-content\/uploads\/2023\/07\/IMG_20230717_073423-150x150.jpg 150w, https:\/\/hubertpietka.bialystok.pl\/wp-content\/uploads\/2023\/07\/IMG_20230717_073423-75x75.jpg 75w\" sizes=\"auto, (max-width: 150px) 100vw, 150px\" \/><\/a><\/p>\n<p><strong>Na zdj. \u015aw. Jan Pawe\u0142 II<\/strong><br \/>\n<strong> Kt\u00f3ry mi si\u0119 obra\u0142<\/strong><br \/>\n<strong> Na patrona ca\u0142ej rodziny<\/strong><br \/>\n<strong> Jezus cierpi\u0105cy<\/strong><br \/>\n<strong> I mi\u0142osierny<\/strong><br \/>\n<strong> Niech to co nie\u0142atwe trudne<\/strong><br \/>\n<strong> W dobr\u0105 stron\u0119 zmierza<\/strong><br \/>\n<strong> To w ko\u015bciele w d\u017awi\u0119cznie brzmi\u0105cej Mi\u0142ki miejscowo\u015bci<\/strong><br \/>\n<strong> Bo mo\u017ce by\u0107 mi\u0119dzy nami i r\u00f3\u017cnie<\/strong><br \/>\n<strong> Ale rodzina mi\u0142a zawsze<\/strong><br \/>\n<strong> Tak B\u00f3g w swej dobroci przewidzia\u0142 odwiecznej<\/strong><br \/>\n<strong> Mili moi trwajmy<\/strong><\/p>\n","protected":false},"excerpt":{"rendered":"<p>Saga o ludziach \/ pewnej Rodziny\u00a0 Poniewa\u017c kto\u015b mo\u017ce mie\u0107 pretensje \u017be nie pisz\u0119 o ptaszkach i kwiatkach tylko Lecz niestety warunki \u017cycia dyktuj\u0105 te\u017c&hellip; <\/p>\n","protected":false},"author":1,"featured_media":0,"parent":0,"menu_order":0,"comment_status":"closed","ping_status":"closed","template":"","meta":{"footnotes":""},"class_list":["post-7329","page","type-page","status-publish","hentry"],"_links":{"self":[{"href":"https:\/\/hubertpietka.bialystok.pl\/index.php?rest_route=\/wp\/v2\/pages\/7329","targetHints":{"allow":["GET"]}}],"collection":[{"href":"https:\/\/hubertpietka.bialystok.pl\/index.php?rest_route=\/wp\/v2\/pages"}],"about":[{"href":"https:\/\/hubertpietka.bialystok.pl\/index.php?rest_route=\/wp\/v2\/types\/page"}],"author":[{"embeddable":true,"href":"https:\/\/hubertpietka.bialystok.pl\/index.php?rest_route=\/wp\/v2\/users\/1"}],"replies":[{"embeddable":true,"href":"https:\/\/hubertpietka.bialystok.pl\/index.php?rest_route=%2Fwp%2Fv2%2Fcomments&post=7329"}],"version-history":[{"count":5,"href":"https:\/\/hubertpietka.bialystok.pl\/index.php?rest_route=\/wp\/v2\/pages\/7329\/revisions"}],"predecessor-version":[{"id":7337,"href":"https:\/\/hubertpietka.bialystok.pl\/index.php?rest_route=\/wp\/v2\/pages\/7329\/revisions\/7337"}],"wp:attachment":[{"href":"https:\/\/hubertpietka.bialystok.pl\/index.php?rest_route=%2Fwp%2Fv2%2Fmedia&parent=7329"}],"curies":[{"name":"wp","href":"https:\/\/api.w.org\/{rel}","templated":true}]}}