{"id":7466,"date":"2023-08-24T09:09:03","date_gmt":"2023-08-24T09:09:03","guid":{"rendered":"http:\/\/hubertpietka.bialystok.pl\/?page_id=7466"},"modified":"2023-08-24T09:09:03","modified_gmt":"2023-08-24T09:09:03","slug":"podstep-to-domena-ich-ja-sie-bronie-tylko","status":"publish","type":"page","link":"https:\/\/hubertpietka.bialystok.pl\/?page_id=7466","title":{"rendered":"Podst\u0119p \/ to domena ich \/\/ ja si\u0119 broni\u0119 tylko"},"content":{"rendered":"<p><em><strong>Podst\u0119p \/ to domena ich \/\/ ja si\u0119 broni\u0119 tylko\u00a0<\/strong><\/em><\/p>\n<p>Prowad\u017a mnie Panie<br \/>\nPoprostu zwyczajnie<br \/>\nJak Natanaela<br \/>\nDzi\u0119kuj\u0119 Ci \u017ce jeste\u015b i za wszystko<br \/>\nTy mnie widzia\u0142e\u015b pod tym figowcem i widzisz<\/p>\n<p><a href=\"https:\/\/youtu.be\/qndahCtBdLs?si=erbM9R2-EGCaGh-T\"><em><strong>Wszystkie moje troski i k\u0142opoty\u00a0<\/strong><\/em><\/a><\/p>\n<p><em>Dzi\u015b \u015bw. Bart\u0142omieja czyli inaczej<\/em><br \/>\n<em> Syna *To-lemai* tak *maj\u0105 co maj\u0105*<\/em><br \/>\n<em> Wi\u0119cej nam nie trzeba<\/em><br \/>\n<em> Byle wszystko z Ciebie<\/em><br \/>\n<em> A nie z nich<\/em><br \/>\n<em> Strze\u017c nas naszego i naszych<\/em><br \/>\n<em> A inaczej to Natanael czyli B\u00f3g da\u0142 znaczy<\/em><\/p>\n<p>Wed\u0142ug podania to na jego \u015blubie<br \/>\nBy\u0142 Jezus na tym weselu w Kanie Galilejskiej<br \/>\nB\u00f3g mi da\u0142 \u017con\u0119<br \/>\nDa\u0142 nam nawzajem siebie<br \/>\nI by\u0142 tam Jezus<br \/>\nB\u00f3g da\u0142 a oni chc\u0105 to zabra\u0107<br \/>\nTo wed\u0142ug kogo oni dzia\u0142aj\u0105<\/p>\n<p style=\"text-align: center;\"><a href=\"https:\/\/youtu.be\/jh6UE2K4zKY?si=MOGTODzE1r0R4KBr\"><em><strong>Fanatic &#8211; Rzeki przep\u0142yn\u0105\u0142em\u00a0<\/strong><\/em><\/a><\/p>\n<p>I je\u015bli cokolwieczuniek jej nawet<br \/>\nTo ja na pewno zrobi\u0119<br \/>\nTo co powinienem<br \/>\nA poza tym te\u017c ko\u0142o pi\u0119kne<br \/>\nJak mo\u017cna po bandycku<br \/>\nTo mo\u017cna i po ubecku<br \/>\nI odwrotnie<br \/>\nSmok kt\u00f3ry zjada sw\u00f3j ogon<\/p>\n<p><a href=\"http:\/\/hubertpietka.bialystok.pl\/wp-content\/uploads\/2023\/08\/IMG_20230824_103430.jpg\"><img loading=\"lazy\" decoding=\"async\" class=\"alignnone size-thumbnail wp-image-7467\" src=\"http:\/\/hubertpietka.bialystok.pl\/wp-content\/uploads\/2023\/08\/IMG_20230824_103430-150x150.jpg\" alt=\"\" width=\"150\" height=\"150\" srcset=\"https:\/\/hubertpietka.bialystok.pl\/wp-content\/uploads\/2023\/08\/IMG_20230824_103430-150x150.jpg 150w, https:\/\/hubertpietka.bialystok.pl\/wp-content\/uploads\/2023\/08\/IMG_20230824_103430-75x75.jpg 75w\" sizes=\"auto, (max-width: 150px) 100vw, 150px\" \/><\/a><\/p>\n<p><strong>Na zdj. I c\u00f3\u017c ja poczn\u0119 taki ma\u0142y \u017cuczek<\/strong><br \/>\n<strong> Oni w\u0142adz\u0119 maj\u0105 swe prawa<\/strong><br \/>\n<strong> Nieprzynale\u017cne\u00a0 bynajmniej prostakom<\/strong><br \/>\n<strong> Bo to s\u0105 atrybuty tak pi\u0119knej elity<\/strong><br \/>\n<strong> A my tylko siebie mamy<\/strong><br \/>\n<strong> I nigdzie st\u0105d nie wyjad\u0119<\/strong><br \/>\n<strong> Bez \u017cony i tych animals\u00f3w milusi\u0144skich naszych<\/strong><br \/>\n<strong> Niech b\u0119dzie to wiadome i wszem i wobec<\/strong><br \/>\n<strong> I je\u015bli cokolwieczuniek nawet<\/strong><br \/>\n<strong> To ja na pewno co trzeba zrobi\u0119<\/strong><\/p>\n","protected":false},"excerpt":{"rendered":"<p>Podst\u0119p \/ to domena ich \/\/ ja si\u0119 broni\u0119 tylko\u00a0 Prowad\u017a mnie Panie Poprostu zwyczajnie Jak Natanaela Dzi\u0119kuj\u0119 Ci \u017ce jeste\u015b i za wszystko Ty&hellip; <\/p>\n","protected":false},"author":1,"featured_media":0,"parent":0,"menu_order":0,"comment_status":"closed","ping_status":"closed","template":"","meta":{"footnotes":""},"class_list":["post-7466","page","type-page","status-publish","hentry"],"_links":{"self":[{"href":"https:\/\/hubertpietka.bialystok.pl\/index.php?rest_route=\/wp\/v2\/pages\/7466","targetHints":{"allow":["GET"]}}],"collection":[{"href":"https:\/\/hubertpietka.bialystok.pl\/index.php?rest_route=\/wp\/v2\/pages"}],"about":[{"href":"https:\/\/hubertpietka.bialystok.pl\/index.php?rest_route=\/wp\/v2\/types\/page"}],"author":[{"embeddable":true,"href":"https:\/\/hubertpietka.bialystok.pl\/index.php?rest_route=\/wp\/v2\/users\/1"}],"replies":[{"embeddable":true,"href":"https:\/\/hubertpietka.bialystok.pl\/index.php?rest_route=%2Fwp%2Fv2%2Fcomments&post=7466"}],"version-history":[{"count":1,"href":"https:\/\/hubertpietka.bialystok.pl\/index.php?rest_route=\/wp\/v2\/pages\/7466\/revisions"}],"predecessor-version":[{"id":7468,"href":"https:\/\/hubertpietka.bialystok.pl\/index.php?rest_route=\/wp\/v2\/pages\/7466\/revisions\/7468"}],"wp:attachment":[{"href":"https:\/\/hubertpietka.bialystok.pl\/index.php?rest_route=%2Fwp%2Fv2%2Fmedia&parent=7466"}],"curies":[{"name":"wp","href":"https:\/\/api.w.org\/{rel}","templated":true}]}}