{"id":7470,"date":"2023-08-25T18:05:28","date_gmt":"2023-08-25T18:05:28","guid":{"rendered":"http:\/\/hubertpietka.bialystok.pl\/?page_id=7470"},"modified":"2023-08-25T18:05:28","modified_gmt":"2023-08-25T18:05:28","slug":"klam-klam-na-pewno-uwierza-ktorzy-chca-w-klamstwa-wierzyc","status":"publish","type":"page","link":"https:\/\/hubertpietka.bialystok.pl\/?page_id=7470","title":{"rendered":"K\u0142am k\u0142am \/ na pewno uwierz\u0105 \/\/ kt\u00f3rzy chc\u0105 w k\u0142amstwa wierzy\u0107"},"content":{"rendered":"<p><em><strong>K\u0142am k\u0142am \/ na pewno uwierz\u0105 \/\/ kt\u00f3rzy chc\u0105 w k\u0142amstwa wierzy\u0107\u00a0<\/strong><\/em><\/p>\n<p>Jak najlepiej kala\u0107 \u015bwi\u0119to\u015b\u0107<br \/>\nNiszczy\u0107 czyj\u0105\u015b czysto\u015b\u0107<br \/>\nK\u0142amstwem i fa\u0142szerstwem<br \/>\nWed\u0142ug sprawdzonej metody komunistycznej<br \/>\nK\u0142am a zawsze co\u015b si\u0119 i przylepi<\/p>\n<p>Mo\u017cna posy\u0142a\u0107 bandyt\u00f3w<br \/>\nA mo\u017cna i w pi\u0119ciu na jednego<br \/>\nJak dzisiaj na Branickiego<br \/>\nByleby tylko cel sw\u00f3j osi\u0105gn\u0105\u0107<br \/>\nTak\u0105 czy inn\u0105 metod\u0105<br \/>\nA przecie\u017c cel u\u015bwi\u0119ca \u015brodki<br \/>\nA bandyctwo wed\u0142ug czyn\u00f3w<br \/>\nI aparat represji s\u0105 wbrew pozorom siebie blisko<br \/>\nW ka\u017cdym razie by\u0107 mog\u0105<br \/>\nCho\u0107by z racji na mnogo\u015b\u0107 kontakt\u00f3w tej relacji<\/p>\n<p><a href=\"http:\/\/hubertpietka.bialystok.pl\/wp-content\/uploads\/2023\/08\/IMG_20230825_195624.jpg\"><img loading=\"lazy\" decoding=\"async\" class=\"alignnone size-thumbnail wp-image-7471\" src=\"http:\/\/hubertpietka.bialystok.pl\/wp-content\/uploads\/2023\/08\/IMG_20230825_195624-150x150.jpg\" alt=\"\" width=\"150\" height=\"150\" srcset=\"https:\/\/hubertpietka.bialystok.pl\/wp-content\/uploads\/2023\/08\/IMG_20230825_195624-150x150.jpg 150w, https:\/\/hubertpietka.bialystok.pl\/wp-content\/uploads\/2023\/08\/IMG_20230825_195624-75x75.jpg 75w\" sizes=\"auto, (max-width: 150px) 100vw, 150px\" \/><\/a><\/p>\n<p><strong>Na zdj. Matka Bo\u017ca w *Zb\u00f3jnej*<\/strong><br \/>\n<strong>*Zb\u00f3jem* si\u0119 jest wed\u0142ug rozboj\u00f3w<\/strong><br \/>\n<strong> A je\u015bli na niewinnym si\u0119 to czyni<\/strong><br \/>\n<strong> Nawet ten aparat pa\u0144stwowy elitarny<\/strong><br \/>\n<strong> To tak to trzeba nazwa\u0107<\/strong><br \/>\n<strong> Chro\u0144 nas Maryjo przed rozbojami<\/strong><br \/>\n<strong> I takimi czy innymi zb\u00f3jami<\/strong><br \/>\n<strong> I w dzie\u0144 bia\u0142y i w noc czarn\u0105<\/strong><br \/>\n<strong> Pozdrawiam ci\u0119 Maryjo ave<\/strong><\/p>\n<p><strong>Dzisiaj \u015bw. J\u00f3zefa *Cala-<em>santi<\/em>*<\/strong><br \/>\n<strong> *Kala\u0107 \u015bwi\u0119to\u015b\u0107* tak czy inaczej<\/strong><br \/>\n<strong> Tak\u0105 czy inn\u0105<\/strong><br \/>\n<strong> To wed\u0142ug kogo w istocie<\/strong><br \/>\n<strong> Tak si\u0119 post\u0119puje<\/strong><\/p>\n<p><strong>I ani mi Ani<\/strong><br \/>\n<strong> Ja nigdy nie wykroczy\u0142em<\/strong><br \/>\n<strong> Przeciwko wierno\u015bci w s\u0142owie czynie<\/strong><br \/>\n<strong> I je\u015bli cokolwieczunio<\/strong><br \/>\n<strong> Przyjd\u017a a oni nie<\/strong><\/p>\n<p style=\"text-align: center;\"><a href=\"https:\/\/youtu.be\/2cKNYtucyWM?si=ezvCxe2QDCcD21HX\"><em><strong>Happysad &#8211; Wr\u00f3cimy tu jeszcze\u00a0<\/strong><\/em><\/a><\/p>\n","protected":false},"excerpt":{"rendered":"<p>K\u0142am k\u0142am \/ na pewno uwierz\u0105 \/\/ kt\u00f3rzy chc\u0105 w k\u0142amstwa wierzy\u0107\u00a0 Jak najlepiej kala\u0107 \u015bwi\u0119to\u015b\u0107 Niszczy\u0107 czyj\u0105\u015b czysto\u015b\u0107 K\u0142amstwem i fa\u0142szerstwem Wed\u0142ug sprawdzonej metody&hellip; <\/p>\n","protected":false},"author":1,"featured_media":0,"parent":0,"menu_order":0,"comment_status":"closed","ping_status":"closed","template":"","meta":{"footnotes":""},"class_list":["post-7470","page","type-page","status-publish","hentry"],"_links":{"self":[{"href":"https:\/\/hubertpietka.bialystok.pl\/index.php?rest_route=\/wp\/v2\/pages\/7470","targetHints":{"allow":["GET"]}}],"collection":[{"href":"https:\/\/hubertpietka.bialystok.pl\/index.php?rest_route=\/wp\/v2\/pages"}],"about":[{"href":"https:\/\/hubertpietka.bialystok.pl\/index.php?rest_route=\/wp\/v2\/types\/page"}],"author":[{"embeddable":true,"href":"https:\/\/hubertpietka.bialystok.pl\/index.php?rest_route=\/wp\/v2\/users\/1"}],"replies":[{"embeddable":true,"href":"https:\/\/hubertpietka.bialystok.pl\/index.php?rest_route=%2Fwp%2Fv2%2Fcomments&post=7470"}],"version-history":[{"count":1,"href":"https:\/\/hubertpietka.bialystok.pl\/index.php?rest_route=\/wp\/v2\/pages\/7470\/revisions"}],"predecessor-version":[{"id":7472,"href":"https:\/\/hubertpietka.bialystok.pl\/index.php?rest_route=\/wp\/v2\/pages\/7470\/revisions\/7472"}],"wp:attachment":[{"href":"https:\/\/hubertpietka.bialystok.pl\/index.php?rest_route=%2Fwp%2Fv2%2Fmedia&parent=7470"}],"curies":[{"name":"wp","href":"https:\/\/api.w.org\/{rel}","templated":true}]}}