{"id":7478,"date":"2023-08-30T15:37:26","date_gmt":"2023-08-30T15:37:26","guid":{"rendered":"http:\/\/hubertpietka.bialystok.pl\/?page_id=7478"},"modified":"2023-08-30T15:37:26","modified_gmt":"2023-08-30T15:37:26","slug":"dy-buki-a-te-bloki-i-z-ksiazka-w-tle-przeszkadza-tez","status":"publish","type":"page","link":"https:\/\/hubertpietka.bialystok.pl\/?page_id=7478","title":{"rendered":"*Dy-buki* a *te bloki* \/ i Z ksi\u0105\u017ck\u0105 w tle przeszkadza te\u017c"},"content":{"rendered":"<p><strong>*Dy-buki* a *te booki* \/ i <em>Z ksi\u0105\u017ck\u0105 w tle<\/em> przeszkadza te\u017c\u00a0<\/strong><\/p>\n<p>W g\u0142ow\u0119 zachodz\u0119 nieustannie<br \/>\nW czym ja my nasze i nasi<br \/>\nTak misiom przeszkadzamy<br \/>\nNikomu nic nie zabra\u0142em<br \/>\nNiczyjego dobra nie po\u017c\u0105dam<br \/>\nA tak bardzo przeszkadzam<br \/>\nA mo\u017ce jednak wiara moja<\/p>\n<p>Wr\u0119cz przeciwnie<br \/>\nSwym \u017cyciem prostym<br \/>\nTo ma\u0142e niejako kupi\u0142em<br \/>\nJak kupiec poszukuj\u0105cy drogocenne per\u0142y<br \/>\nI to jest dla mnie totalnie bezcenne<br \/>\nPer\u0142a moja ta \u017cona<br \/>\nI te pere\u0142ki zwierz\u0105tka samochody i domek<br \/>\nOraz te mi dziedzictwem powierzone<br \/>\nBliscy moi<br \/>\nNiczego nikomu nie zabra\u0142em<br \/>\nZa to oni na mnie moich nasze<br \/>\nDybi\u0105 nieustannie<\/p>\n<p>Takie troch\u0119 rzek\u0142 bym *dybuki*<br \/>\n*Dybi\u0105* na nas nasze naszych<br \/>\nI mnie zaku\u0107 w *dyby*<br \/>\nA mo\u017cna si\u0119 te\u017c ku temu pos\u0142u\u017cy\u0107<br \/>\nCho\u0107by pijanymi drabami<br \/>\nDzia\u0142aj\u0105cymi zupe\u0142nie pod\u0142ug nich<br \/>\nPewnie i oni chc\u0105 nale\u017ce\u0107<br \/>\nDo tej pi\u0119knej misiowej elity<\/p>\n<p><a href=\"http:\/\/hubertpietka.bialystok.pl\/wp-content\/uploads\/2023\/08\/IMG_20230830_172320.jpg\"><img loading=\"lazy\" decoding=\"async\" class=\"alignnone size-thumbnail wp-image-7479\" src=\"http:\/\/hubertpietka.bialystok.pl\/wp-content\/uploads\/2023\/08\/IMG_20230830_172320-150x150.jpg\" alt=\"\" width=\"150\" height=\"150\" srcset=\"https:\/\/hubertpietka.bialystok.pl\/wp-content\/uploads\/2023\/08\/IMG_20230830_172320-150x150.jpg 150w, https:\/\/hubertpietka.bialystok.pl\/wp-content\/uploads\/2023\/08\/IMG_20230830_172320-75x75.jpg 75w\" sizes=\"auto, (max-width: 150px) 100vw, 150px\" \/><\/a><\/p>\n<p><strong>Na zdj. Maryja zsy\u0142aj\u0105ca promienie \u0142aski Bo\u017cej<\/strong><br \/>\n<strong> Przez swe r\u0119ce<\/strong><br \/>\n<strong> Pod ni\u0105 Jan Pawe\u0142 II<\/strong><br \/>\n<strong> Patron nas naszego i naszych<\/strong><br \/>\n<strong> Bro\u0144cie nas przed z\u0142a zakusami<\/strong><br \/>\n<strong> Bo ich dzia\u0142ania w\u0119\u017cowe przypominaj\u0105\u00a0<\/strong><br \/>\n<strong> Gdzie tylko mog\u0105 chc\u0105 si\u0119 tam w\u015blizgn\u0105\u0107<\/strong><br \/>\n<strong> By nam z\u0142o uczyni\u0107<\/strong><\/p>\n","protected":false},"excerpt":{"rendered":"<p>*Dy-buki* a *te booki* \/ i Z ksi\u0105\u017ck\u0105 w tle przeszkadza te\u017c\u00a0 W g\u0142ow\u0119 zachodz\u0119 nieustannie W czym ja my nasze i nasi Tak misiom&hellip; <\/p>\n","protected":false},"author":1,"featured_media":0,"parent":0,"menu_order":0,"comment_status":"closed","ping_status":"closed","template":"","meta":{"footnotes":""},"class_list":["post-7478","page","type-page","status-publish","hentry"],"_links":{"self":[{"href":"https:\/\/hubertpietka.bialystok.pl\/index.php?rest_route=\/wp\/v2\/pages\/7478","targetHints":{"allow":["GET"]}}],"collection":[{"href":"https:\/\/hubertpietka.bialystok.pl\/index.php?rest_route=\/wp\/v2\/pages"}],"about":[{"href":"https:\/\/hubertpietka.bialystok.pl\/index.php?rest_route=\/wp\/v2\/types\/page"}],"author":[{"embeddable":true,"href":"https:\/\/hubertpietka.bialystok.pl\/index.php?rest_route=\/wp\/v2\/users\/1"}],"replies":[{"embeddable":true,"href":"https:\/\/hubertpietka.bialystok.pl\/index.php?rest_route=%2Fwp%2Fv2%2Fcomments&post=7478"}],"version-history":[{"count":1,"href":"https:\/\/hubertpietka.bialystok.pl\/index.php?rest_route=\/wp\/v2\/pages\/7478\/revisions"}],"predecessor-version":[{"id":7480,"href":"https:\/\/hubertpietka.bialystok.pl\/index.php?rest_route=\/wp\/v2\/pages\/7478\/revisions\/7480"}],"wp:attachment":[{"href":"https:\/\/hubertpietka.bialystok.pl\/index.php?rest_route=%2Fwp%2Fv2%2Fmedia&parent=7478"}],"curies":[{"name":"wp","href":"https:\/\/api.w.org\/{rel}","templated":true}]}}