{"id":7492,"date":"2023-09-02T09:14:30","date_gmt":"2023-09-02T09:14:30","guid":{"rendered":"http:\/\/hubertpietka.bialystok.pl\/?page_id=7492"},"modified":"2023-09-02T09:14:30","modified_gmt":"2023-09-02T09:14:30","slug":"a-sabat-szatanow-i-czarownic-bedzie-potem","status":"publish","type":"page","link":"https:\/\/hubertpietka.bialystok.pl\/?page_id=7492","title":{"rendered":"A sabat szatan\u00f3w i czarownic \/ b\u0119dzie potem"},"content":{"rendered":"<p><em><strong>A sabat szatan\u00f3w i czarownic \/ b\u0119dzie potem\u00a0<\/strong><\/em><\/p>\n<p>Widzia\u0142em szatan\u00f3w<br \/>\n<em>Czy w ciele czy mo\u017ce poza cia\u0142em<\/em><br \/>\nKt\u00f3rzy chodz\u0105 od domu do domu<br \/>\nI zabijaj\u0105 ludzi<\/p>\n<p>Czy\u017c nie takie lub im podobne szatany<br \/>\nMaj\u0105 mi i \u017con\u0119 zabi\u0107<\/p>\n<p>A najlepiej to \u017cebym<br \/>\nJak w Starym Testamencie<br \/>\nWo\u0142a\u0142 przed sob\u0105 <em>nieczysty<\/em><br \/>\nMo\u017ce to by im pasowa\u0142o<br \/>\nI ka\u017cdy m\u00f3g\u0142by ze mn\u0105 co chce zrobi\u0107<br \/>\nParadoksalnie dlatego \u017ce nie uczestnicz\u0119<br \/>\nW ich tr\u0105dach<\/p>\n<p>A czasem my\u015bl\u0119<br \/>\n\u017be te go\u0144cze liski<br \/>\nKt\u00f3re si\u0119 czaj\u0105 na mnie<br \/>\nS\u0105 na skutek jakiego\u015b go\u0144czego listu misiak\u00f3w<br \/>\nIle si\u0119 za krew niewinn\u0105 dzisiaj p\u0142aci<\/p>\n<p><a href=\"http:\/\/hubertpietka.bialystok.pl\/wp-content\/uploads\/2023\/09\/IMG_20230902_105809.jpg\"><img loading=\"lazy\" decoding=\"async\" class=\"alignnone size-thumbnail wp-image-7493\" src=\"http:\/\/hubertpietka.bialystok.pl\/wp-content\/uploads\/2023\/09\/IMG_20230902_105809-150x150.jpg\" alt=\"\" width=\"150\" height=\"150\" srcset=\"https:\/\/hubertpietka.bialystok.pl\/wp-content\/uploads\/2023\/09\/IMG_20230902_105809-150x150.jpg 150w, https:\/\/hubertpietka.bialystok.pl\/wp-content\/uploads\/2023\/09\/IMG_20230902_105809-75x75.jpg 75w\" sizes=\"auto, (max-width: 150px) 100vw, 150px\" \/><\/a><\/p>\n<p><em>Na zdj. A. *S(z)abat* w Sze\u015bcianie<\/em><br \/>\n<em> A *sabat* szatan\u00f3w i czarownic<\/em><br \/>\n<em> Ma by\u0107 potem<\/em><br \/>\n<em> Jak ju\u017c zrobi\u0105 z nami sw\u00f3j porz\u0105dek<\/em><br \/>\n<em> I b\u0119dzie ju\u017c wtedy spok\u00f3j<\/em><br \/>\n<em> Tak piekielny przez trzy dni<\/em><br \/>\n<em> A potem tylko ten \u015bwiat<\/em><br \/>\n<em> Si\u0119 sobie sko\u0144czy po prostu<\/em><\/p>\n<p style=\"text-align: center;\">\/<\/p>\n<p style=\"text-align: right;\"><a href=\"https:\/\/youtu.be\/4jxKhOZzXps?si=dRcSSkcYC2WJt8zJ\"><em><strong>Daria ze \u015al\u0105ska &#8211; Kill Bill<\/strong><\/em><\/a><\/p>\n","protected":false},"excerpt":{"rendered":"<p>A sabat szatan\u00f3w i czarownic \/ b\u0119dzie potem\u00a0 Widzia\u0142em szatan\u00f3w Czy w ciele czy mo\u017ce poza cia\u0142em Kt\u00f3rzy chodz\u0105 od domu do domu I zabijaj\u0105&hellip; <\/p>\n","protected":false},"author":1,"featured_media":0,"parent":0,"menu_order":0,"comment_status":"closed","ping_status":"closed","template":"","meta":{"footnotes":""},"class_list":["post-7492","page","type-page","status-publish","hentry"],"_links":{"self":[{"href":"https:\/\/hubertpietka.bialystok.pl\/index.php?rest_route=\/wp\/v2\/pages\/7492","targetHints":{"allow":["GET"]}}],"collection":[{"href":"https:\/\/hubertpietka.bialystok.pl\/index.php?rest_route=\/wp\/v2\/pages"}],"about":[{"href":"https:\/\/hubertpietka.bialystok.pl\/index.php?rest_route=\/wp\/v2\/types\/page"}],"author":[{"embeddable":true,"href":"https:\/\/hubertpietka.bialystok.pl\/index.php?rest_route=\/wp\/v2\/users\/1"}],"replies":[{"embeddable":true,"href":"https:\/\/hubertpietka.bialystok.pl\/index.php?rest_route=%2Fwp%2Fv2%2Fcomments&post=7492"}],"version-history":[{"count":1,"href":"https:\/\/hubertpietka.bialystok.pl\/index.php?rest_route=\/wp\/v2\/pages\/7492\/revisions"}],"predecessor-version":[{"id":7494,"href":"https:\/\/hubertpietka.bialystok.pl\/index.php?rest_route=\/wp\/v2\/pages\/7492\/revisions\/7494"}],"wp:attachment":[{"href":"https:\/\/hubertpietka.bialystok.pl\/index.php?rest_route=%2Fwp%2Fv2%2Fmedia&parent=7492"}],"curies":[{"name":"wp","href":"https:\/\/api.w.org\/{rel}","templated":true}]}}