{"id":7526,"date":"2023-09-29T13:12:19","date_gmt":"2023-09-29T13:12:19","guid":{"rendered":"http:\/\/hubertpietka.bialystok.pl\/?page_id=7526"},"modified":"2023-09-29T13:12:19","modified_gmt":"2023-09-29T13:12:19","slug":"abp-szymeckiemu-ad-memoriam","status":"publish","type":"page","link":"https:\/\/hubertpietka.bialystok.pl\/?page_id=7526","title":{"rendered":"Abp. Szymeckiemu \/ &#8211; ad memoriam"},"content":{"rendered":"<p><strong>Abp. Szymeckiemu \/<em>\u00a0&#8211; ad memoriam<\/em><\/strong><\/p>\n<p><strong>Przedziwnie si\u0119 sprz\u0119g\u0142y nasze losy<\/strong><br \/>\n<strong> <em>Dobry arcybiskupie<\/em><\/strong><br \/>\n<strong> Jak nazwa\u0142 ci\u0119 obecny metropolita bia\u0142ostocki abp Guzdek<\/strong><br \/>\n<strong> By\u0142e\u015b ojcem diecezji<\/strong><br \/>\n<strong> W kt\u00f3rych akurat \u017cy\u0142em<\/strong><br \/>\n<strong> Najpierw tej kieleckiej<\/strong><br \/>\n<strong> Zanim moje miasto sosnowiecka diecezja obj\u0119\u0142a<\/strong><br \/>\n<strong> I tutaj w Bia\u0142ymstoku<\/strong><br \/>\n<strong> Zbieg\u0142y si\u0119 lata Twoje i moje te\u017c w przeprowadzce<\/strong><\/p>\n<p>By\u0142 cz\u0142owiekiem ogromnego taktu<br \/>\nI wra\u017cliwej kultury<br \/>\nChyba na cz\u0142owieka ka\u017cdego<br \/>\nKt\u00f3ry by\u0142 w jego zasi\u0119gu<br \/>\nSpotka\u0142em go kiedy\u015b na ognisku<br \/>\nWsp\u00f3lnoty duszpasterstwa akademickiego<br \/>\nStara\u0142 si\u0119 chyba z ka\u017cdym zamieni\u0107 jakie\u015b s\u0142owo<br \/>\nNienachalnie nieprotekcjonalnie<br \/>\nA z du\u017c\u0105 otwarto\u015bci\u0105 i \u017cyczliw\u0105 wyrozumia\u0142o\u015bci\u0105<\/p>\n<p>To mu chyba da\u0142 pobyt w m\u0142odo\u015bci we Francji<br \/>\nI j\u0119zyka francuskiego znajomo\u015b\u0107<br \/>\n\u017be podobnie jak moja \u017cona<br \/>\nMia\u0142 bardzo du\u017co taktu<br \/>\nSzanowali go te\u017c ksi\u0119\u017ca bardzo<\/p>\n<p>On nazwa\u0142 te\u017c to miasto<br \/>\nPodobno jako pierwszy Miastem Mi\u0142osierdzia<br \/>\nOby tak by\u0142o w istocie<br \/>\nNie tylko ze wzgl\u0119du na pami\u0119\u0107<br \/>\nO b\u0142. Michale Sopo\u0107ce<\/p>\n<p><a href=\"http:\/\/hubertpietka.bialystok.pl\/wp-content\/uploads\/2023\/09\/IMG_20230929_132611696.jpg\"><img loading=\"lazy\" decoding=\"async\" class=\"alignnone size-thumbnail wp-image-7527\" src=\"http:\/\/hubertpietka.bialystok.pl\/wp-content\/uploads\/2023\/09\/IMG_20230929_132611696-150x150.jpg\" alt=\"\" width=\"150\" height=\"150\" srcset=\"https:\/\/hubertpietka.bialystok.pl\/wp-content\/uploads\/2023\/09\/IMG_20230929_132611696-150x150.jpg 150w, https:\/\/hubertpietka.bialystok.pl\/wp-content\/uploads\/2023\/09\/IMG_20230929_132611696-75x75.jpg 75w\" sizes=\"auto, (max-width: 150px) 100vw, 150px\" \/><\/a><\/p>\n<p><em>Na zdj. Arcybiskup Stanis\u0142aw Szymecki<\/em><br \/>\n<em> W swych latach troch\u0119 m\u0142odszych<\/em><br \/>\n<em> A prze\u017cy\u0142 sporo r\u00f3\u017cne zawieruchy polityczne historyczne<\/em><br \/>\n<em> By\u0142 te\u017c wiernym \u015bwiadkiem \u015bwi\u0119to\u015bci Jana Paw\u0142a II<\/em><br \/>\n<em> I przecierpia\u0142 te\u017c chyba troch\u0119<\/em><br \/>\n<em> Odpoczywaj w pokoju<\/em><br \/>\n<em> M\u00f3j osobi\u015bcie te\u017c dobry ojcze<\/em><br \/>\n<em> Pok\u00f3j ci wieczny<\/em><\/p>\n","protected":false},"excerpt":{"rendered":"<p>Abp. Szymeckiemu \/\u00a0&#8211; ad memoriam Przedziwnie si\u0119 sprz\u0119g\u0142y nasze losy Dobry arcybiskupie Jak nazwa\u0142 ci\u0119 obecny metropolita bia\u0142ostocki abp Guzdek By\u0142e\u015b ojcem diecezji W kt\u00f3rych&hellip; <\/p>\n","protected":false},"author":1,"featured_media":0,"parent":0,"menu_order":0,"comment_status":"closed","ping_status":"closed","template":"","meta":{"footnotes":""},"class_list":["post-7526","page","type-page","status-publish","hentry"],"_links":{"self":[{"href":"https:\/\/hubertpietka.bialystok.pl\/index.php?rest_route=\/wp\/v2\/pages\/7526","targetHints":{"allow":["GET"]}}],"collection":[{"href":"https:\/\/hubertpietka.bialystok.pl\/index.php?rest_route=\/wp\/v2\/pages"}],"about":[{"href":"https:\/\/hubertpietka.bialystok.pl\/index.php?rest_route=\/wp\/v2\/types\/page"}],"author":[{"embeddable":true,"href":"https:\/\/hubertpietka.bialystok.pl\/index.php?rest_route=\/wp\/v2\/users\/1"}],"replies":[{"embeddable":true,"href":"https:\/\/hubertpietka.bialystok.pl\/index.php?rest_route=%2Fwp%2Fv2%2Fcomments&post=7526"}],"version-history":[{"count":1,"href":"https:\/\/hubertpietka.bialystok.pl\/index.php?rest_route=\/wp\/v2\/pages\/7526\/revisions"}],"predecessor-version":[{"id":7528,"href":"https:\/\/hubertpietka.bialystok.pl\/index.php?rest_route=\/wp\/v2\/pages\/7526\/revisions\/7528"}],"wp:attachment":[{"href":"https:\/\/hubertpietka.bialystok.pl\/index.php?rest_route=%2Fwp%2Fv2%2Fmedia&parent=7526"}],"curies":[{"name":"wp","href":"https:\/\/api.w.org\/{rel}","templated":true}]}}