{"id":7531,"date":"2023-10-01T09:39:25","date_gmt":"2023-10-01T09:39:25","guid":{"rendered":"http:\/\/hubertpietka.bialystok.pl\/?page_id=7531"},"modified":"2023-10-01T09:39:25","modified_gmt":"2023-10-01T09:39:25","slug":"zatrute-zrodla-swiata-klamstwem-szatanskim","status":"publish","type":"page","link":"https:\/\/hubertpietka.bialystok.pl\/?page_id=7531","title":{"rendered":"Zatrute \u017ar\u00f3d\u0142a \u015bwiata \/  k\u0142amstwem szata\u0144skim"},"content":{"rendered":"<p><em><strong>Zatrute \u017ar\u00f3d\u0142a \u015bwiata \/\u00a0 k\u0142amstwem szata\u0144skim\u00a0<\/strong><\/em><\/p>\n<p>Szata\u0144skie \u017ar\u00f3d\u0142o<br \/>\nK\u0142amstwa \u015bmierci fa\u0142szu i manipulacji<br \/>\nPr\u00f3buje wszystko zatru\u0107<br \/>\nWszystkie strumienie i rzeki potem<br \/>\nZ niego p\u0142yn\u0105ce<br \/>\nS\u0105 \u015bmierci\u0105 i k\u0142amstwem tchn\u0105ce<br \/>\nJad szata\u0144ski chce wszystko zatru\u0107<\/p>\n<p>A ich tezy musz\u0105 si\u0119 potwierdzi\u0107 bezwzgl\u0119dnie<br \/>\nZa wszelk\u0105 cen\u0119<br \/>\nMimo \u017ce niewiele wsp\u00f3lnego maj\u0105<br \/>\nZ tym co jest realnie<br \/>\nCel u\u015bwi\u0119ca \u015brodki<br \/>\nPo trupach do celu<br \/>\nTo dzia\u0142a\u0144 ich domena<br \/>\nI tak totalitarnie<br \/>\nW ka\u017cdym aspekcie naszego \u017cycia<br \/>\nWynik wszystkiego ma by\u0107 przecie\u017c<br \/>\nWed\u0142ug ich za\u0142o\u017ce\u0144<br \/>\nWszystko ob\u0142udnie ob\u0142\u0119dnie i cynicznie<br \/>\nByleby tylko po ichniemu by\u0142o<\/p>\n<p><a href=\"http:\/\/hubertpietka.bialystok.pl\/wp-content\/uploads\/2023\/10\/IMG_20231001_113817.jpg\"><img loading=\"lazy\" decoding=\"async\" class=\"alignnone size-thumbnail wp-image-7532\" src=\"http:\/\/hubertpietka.bialystok.pl\/wp-content\/uploads\/2023\/10\/IMG_20231001_113817-150x150.jpg\" alt=\"\" width=\"150\" height=\"150\" srcset=\"https:\/\/hubertpietka.bialystok.pl\/wp-content\/uploads\/2023\/10\/IMG_20231001_113817-150x150.jpg 150w, https:\/\/hubertpietka.bialystok.pl\/wp-content\/uploads\/2023\/10\/IMG_20231001_113817-75x75.jpg 75w\" sizes=\"auto, (max-width: 150px) 100vw, 150px\" \/><\/a><\/p>\n<p><strong>Na zdj. Ma\u0142a Tereska i Jezus<\/strong><br \/>\n<strong> <em>Ma\u0142a droga<\/em> pokornej troski<\/strong><br \/>\n<strong> W tym miesi\u0105cu r\u00f3\u017ca\u0144cowym<\/strong><br \/>\n<strong> Niech prowadzi do Jezusowej ostoi<\/strong><\/p>\n<p><strong>Szatan jest k\u0142amstwem mocny<\/strong><br \/>\n<strong> Ideologicznych sieci kt\u00f3re pr\u00f3buje narzuci\u0107<\/strong><br \/>\n<strong> Ale wobec Bo\u017cej chwa\u0142y on jest <em>piku\u015b<\/em><\/strong><br \/>\n<strong> I to si\u0119 w ca\u0142ej pe\u0142ni oka\u017ce<\/strong><br \/>\n<strong> W taki czy inny spos\u00f3b<\/strong><\/p>\n<p><strong>Przyjd\u017a a oni nie<\/strong><br \/>\n<strong> I je\u015bli cokolwieczuniek<\/strong><br \/>\n<strong> I ani mi Ani<\/strong><br \/>\n<strong> Nawet troch\u0119 i jakkolwiek<\/strong><\/p>\n","protected":false},"excerpt":{"rendered":"<p>Zatrute \u017ar\u00f3d\u0142a \u015bwiata \/\u00a0 k\u0142amstwem szata\u0144skim\u00a0 Szata\u0144skie \u017ar\u00f3d\u0142o K\u0142amstwa \u015bmierci fa\u0142szu i manipulacji Pr\u00f3buje wszystko zatru\u0107 Wszystkie strumienie i rzeki potem Z niego p\u0142yn\u0105ce S\u0105&hellip; <\/p>\n","protected":false},"author":1,"featured_media":0,"parent":0,"menu_order":0,"comment_status":"closed","ping_status":"closed","template":"","meta":{"footnotes":""},"class_list":["post-7531","page","type-page","status-publish","hentry"],"_links":{"self":[{"href":"https:\/\/hubertpietka.bialystok.pl\/index.php?rest_route=\/wp\/v2\/pages\/7531","targetHints":{"allow":["GET"]}}],"collection":[{"href":"https:\/\/hubertpietka.bialystok.pl\/index.php?rest_route=\/wp\/v2\/pages"}],"about":[{"href":"https:\/\/hubertpietka.bialystok.pl\/index.php?rest_route=\/wp\/v2\/types\/page"}],"author":[{"embeddable":true,"href":"https:\/\/hubertpietka.bialystok.pl\/index.php?rest_route=\/wp\/v2\/users\/1"}],"replies":[{"embeddable":true,"href":"https:\/\/hubertpietka.bialystok.pl\/index.php?rest_route=%2Fwp%2Fv2%2Fcomments&post=7531"}],"version-history":[{"count":1,"href":"https:\/\/hubertpietka.bialystok.pl\/index.php?rest_route=\/wp\/v2\/pages\/7531\/revisions"}],"predecessor-version":[{"id":7533,"href":"https:\/\/hubertpietka.bialystok.pl\/index.php?rest_route=\/wp\/v2\/pages\/7531\/revisions\/7533"}],"wp:attachment":[{"href":"https:\/\/hubertpietka.bialystok.pl\/index.php?rest_route=%2Fwp%2Fv2%2Fmedia&parent=7531"}],"curies":[{"name":"wp","href":"https:\/\/api.w.org\/{rel}","templated":true}]}}