{"id":7537,"date":"2023-10-07T04:59:04","date_gmt":"2023-10-07T04:59:04","guid":{"rendered":"http:\/\/hubertpietka.bialystok.pl\/?page_id=7537"},"modified":"2023-10-07T04:59:04","modified_gmt":"2023-10-07T04:59:04","slug":"zmijowe-jezyki-i-bandyctwo","status":"publish","type":"page","link":"https:\/\/hubertpietka.bialystok.pl\/?page_id=7537","title":{"rendered":"\u017bmijowe j\u0119zyki \/ i bandyctwo"},"content":{"rendered":"<p><strong><em>\u017bmijowe j\u0119zyki<\/em> \/ i bandyctwo\u00a0<\/strong><\/p>\n<p>I je\u015bli cokolwieczuniek jeszcze<br \/>\nTej mojej \u017conie jak wczoraj<br \/>\nKiedy co\u015b jej mia\u0142o pom\u00f3c<br \/>\nDotkn\u0105\u0142 j\u0105 j\u0119zyczek \u017cmijowy<br \/>\nTak\u017ce pod pretekstem choroby przezi\u0119bienia<br \/>\nMaj\u0105 oni swe \u015brodki<br \/>\nBy zadzia\u0142a\u0107 odpowiednio<br \/>\nI ani mi Ani<br \/>\nBo nie r\u0119cz\u0119 o Panie<\/p>\n<p>Jak oni si\u0119 te\u017c pi\u0119knie<br \/>\nKreatywnie i tw\u00f3rczo<br \/>\nMultiplikuj\u0105 ku nam w z\u0142u<br \/>\nByleby tylko spe\u0142ni\u0107 swe po\u017c\u0105dania<br \/>\nKu mnie uziemieniu<\/p>\n<p>Byleby tylko tu zawita\u0107 mog\u0142a<br \/>\nElita wyborna<br \/>\nRaczej nie ku dobru<br \/>\nPodobnie z t\u0105 elit\u0105 s\u0105siedzk\u0105<br \/>\nPod jakim tam pretekstem<\/p>\n<p><a href=\"http:\/\/hubertpietka.bialystok.pl\/wp-content\/uploads\/2023\/10\/IMG_20231007_065216.jpg\"><img loading=\"lazy\" decoding=\"async\" class=\"alignnone size-thumbnail wp-image-7538\" src=\"http:\/\/hubertpietka.bialystok.pl\/wp-content\/uploads\/2023\/10\/IMG_20231007_065216-150x150.jpg\" alt=\"\" width=\"150\" height=\"150\" srcset=\"https:\/\/hubertpietka.bialystok.pl\/wp-content\/uploads\/2023\/10\/IMG_20231007_065216-150x150.jpg 150w, https:\/\/hubertpietka.bialystok.pl\/wp-content\/uploads\/2023\/10\/IMG_20231007_065216-75x75.jpg 75w\" sizes=\"auto, (max-width: 150px) 100vw, 150px\" \/><\/a><\/p>\n<p><strong>Na zdj. Matka Fatimska i Jezus Mi\u0142osierny<\/strong><br \/>\n<strong> W *Ortelu* Kr\u00f3lewskim<\/strong><br \/>\n<strong> Dzi\u015b R\u00f3\u017ca\u0144cowej Kr\u00f3lowej<\/strong><br \/>\n<strong> Daj Maryjo zawsze taki *fortel*<\/strong><br \/>\n<strong> By m\u00f3c uj\u015b\u0107 ca\u0142o<\/strong><br \/>\n<strong> Wobec ich z\u0142owrogich zap\u0119d\u00f3w<\/strong><br \/>\n<strong> W sytuacji ka\u017cdej<\/strong><br \/>\n<strong> A bandyctwo zawsze bandyctwem zostanie<\/strong><br \/>\n<strong> Jakkolwiek by si\u0119 to przedstawia\u0142o<\/strong><br \/>\n<strong> I ktokolwiek by si\u0119 dopuszcza\u0142<\/strong><br \/>\n<strong> Takiego czy innego z\u0142a<\/strong><\/p>\n<p><strong>Dzi\u015b te\u017c wspominana \u015bw. *Just-yna*<\/strong><br \/>\n<strong> Ja ju\u017c to powiedzia\u0142em chyba<\/strong><br \/>\n<strong> Mimo \u017ce nie dociera chyba do niekt\u00f3rych<\/strong><br \/>\n<strong> *<em>Just<\/em> Ina* tylko i tylko ona<\/strong><br \/>\n<strong> I tyle i koniec<\/strong><\/p>\n","protected":false},"excerpt":{"rendered":"<p>\u017bmijowe j\u0119zyki \/ i bandyctwo\u00a0 I je\u015bli cokolwieczuniek jeszcze Tej mojej \u017conie jak wczoraj Kiedy co\u015b jej mia\u0142o pom\u00f3c Dotkn\u0105\u0142 j\u0105 j\u0119zyczek \u017cmijowy Tak\u017ce pod&hellip; <\/p>\n","protected":false},"author":1,"featured_media":0,"parent":0,"menu_order":0,"comment_status":"closed","ping_status":"closed","template":"","meta":{"footnotes":""},"class_list":["post-7537","page","type-page","status-publish","hentry"],"_links":{"self":[{"href":"https:\/\/hubertpietka.bialystok.pl\/index.php?rest_route=\/wp\/v2\/pages\/7537","targetHints":{"allow":["GET"]}}],"collection":[{"href":"https:\/\/hubertpietka.bialystok.pl\/index.php?rest_route=\/wp\/v2\/pages"}],"about":[{"href":"https:\/\/hubertpietka.bialystok.pl\/index.php?rest_route=\/wp\/v2\/types\/page"}],"author":[{"embeddable":true,"href":"https:\/\/hubertpietka.bialystok.pl\/index.php?rest_route=\/wp\/v2\/users\/1"}],"replies":[{"embeddable":true,"href":"https:\/\/hubertpietka.bialystok.pl\/index.php?rest_route=%2Fwp%2Fv2%2Fcomments&post=7537"}],"version-history":[{"count":1,"href":"https:\/\/hubertpietka.bialystok.pl\/index.php?rest_route=\/wp\/v2\/pages\/7537\/revisions"}],"predecessor-version":[{"id":7539,"href":"https:\/\/hubertpietka.bialystok.pl\/index.php?rest_route=\/wp\/v2\/pages\/7537\/revisions\/7539"}],"wp:attachment":[{"href":"https:\/\/hubertpietka.bialystok.pl\/index.php?rest_route=%2Fwp%2Fv2%2Fmedia&parent=7537"}],"curies":[{"name":"wp","href":"https:\/\/api.w.org\/{rel}","templated":true}]}}