{"id":7603,"date":"2023-11-06T09:54:22","date_gmt":"2023-11-06T09:54:22","guid":{"rendered":"http:\/\/hubertpietka.bialystok.pl\/?page_id=7603"},"modified":"2023-11-06T09:54:22","modified_gmt":"2023-11-06T09:54:22","slug":"milosc-zawsze-jest-radoscia-mimo-roznych-trudnosci","status":"publish","type":"page","link":"https:\/\/hubertpietka.bialystok.pl\/?page_id=7603","title":{"rendered":"Mi\u0142o\u015b\u0107 zawsze jest rado\u015bci\u0105 \/ mimo r\u00f3\u017cnych trudno\u015bci"},"content":{"rendered":"<p><em><strong>Mi\u0142o\u015b\u0107 zawsze jest rado\u015bci\u0105 \/ mimo r\u00f3\u017cnych trudno\u015bci\u00a0<\/strong><\/em><\/p>\n<p><strong>1.<\/strong><br \/>\nTa \u017cona<br \/>\nI tylko ona<br \/>\nMoja postawa jest niezmienna<br \/>\nSta\u0142a i zdecydowana<br \/>\nTemat uwa\u017cam za zako\u0144czony<br \/>\nI wiem Bo\u017ce<br \/>\n\u017be Ty jeste\u015b tego samego w\u0142a\u015bnie zdania<br \/>\nI jak trzeba zadzia\u0142asz \/ &#8211;<br \/>\nI to jest rado\u015bci\u0105 nasz\u0105<br \/>\nNie ci\u0119\u017carem<br \/>\nWsp\u00f3lna przestrze\u0144 mi\u0142o\u015bci<br \/>\nI wszystko co obejmuje ona<\/p>\n<p style=\"text-align: center;\"><a href=\"https:\/\/youtu.be\/lJkMuKAdbB4?feature=shared\"><em><strong>Tomek Lipi\u0144ski \/ Tilt &#8211; Moje serce pe\u0142ne ciebie<\/strong><\/em><\/a><\/p>\n<p><strong>2.<\/strong><br \/>\nA z nimi i im podobnymi r\u00f3\u017cnymi<br \/>\n<em>Jak nie urok to sraczka<\/em><br \/>\n<em>Sorry<\/em> ale takie jest przys\u0142owie<br \/>\nOni s\u0105 chyba <em>normalnie chorzy<\/em><br \/>\nJak nie uderzaj\u0105 w nas nasze i naszych<br \/>\nByleby tylko wyrz\u0105dzi\u0107 nam strat\u0119<br \/>\nA jak nie po mnie<br \/>\nTo \u017ceby tylko co\u015b nam<br \/>\nA mo\u017cna i wszystko razem<br \/>\nByleby tylko spe\u0142ni\u0107 z\u0142owrogo\u015b\u0107 pod\u0142\u0105<\/p>\n<p><a href=\"http:\/\/hubertpietka.bialystok.pl\/wp-content\/uploads\/2023\/11\/Resized_20231104_203506.jpeg\"><img loading=\"lazy\" decoding=\"async\" class=\"alignnone size-thumbnail wp-image-7604\" src=\"http:\/\/hubertpietka.bialystok.pl\/wp-content\/uploads\/2023\/11\/Resized_20231104_203506-150x150.jpeg\" alt=\"\" width=\"150\" height=\"150\" srcset=\"https:\/\/hubertpietka.bialystok.pl\/wp-content\/uploads\/2023\/11\/Resized_20231104_203506-150x150.jpeg 150w, https:\/\/hubertpietka.bialystok.pl\/wp-content\/uploads\/2023\/11\/Resized_20231104_203506-75x75.jpeg 75w\" sizes=\"auto, (max-width: 150px) 100vw, 150px\" \/><\/a><\/p>\n<p><strong>Na zdj. Mi\u0142o\u015b\u0107 \u0142ab\u0119dzi<\/strong><br \/>\n<strong> Na sobie si\u0119 wspiera wzajemnie<\/strong><br \/>\n<strong> Si\u0119 podtrzymuje sob\u0105<\/strong><br \/>\n<strong> Tworz\u0105c wsp\u00f3ln\u0105 przestrze\u0144<\/strong><br \/>\n<strong> I t\u0105 intymn\u0105 i obejmuj\u0105c\u0105<\/strong><br \/>\n<strong> Pe\u0142ne spektrum tych os\u00f3b<\/strong><br \/>\n<strong> I w parze z innych te mi\u0142o\u015bci<\/strong><br \/>\n<strong> Tworz\u0105 barier\u0119 przed z\u0142em ochronn\u0105<\/strong><br \/>\n<strong> Mimo tego \u017ce wydawa\u0107 si\u0119 mo\u017ce<\/strong><br \/>\n<strong> \u017be mi\u0142o\u015b\u0107 jest tylko a\u017curowa<\/strong><\/p>\n<p><em>*\u0141a-b\u0119dzie* \/ *\u0142a b\u0105d\u017acie*<\/em><br \/>\n<em> Po prostu i dajcie \u017cy\u0107<\/em><br \/>\n<em> W pokoju Bo\u017cym<\/em><\/p>\n","protected":false},"excerpt":{"rendered":"<p>Mi\u0142o\u015b\u0107 zawsze jest rado\u015bci\u0105 \/ mimo r\u00f3\u017cnych trudno\u015bci\u00a0 1. Ta \u017cona I tylko ona Moja postawa jest niezmienna Sta\u0142a i zdecydowana Temat uwa\u017cam za zako\u0144czony&hellip; <\/p>\n","protected":false},"author":1,"featured_media":0,"parent":0,"menu_order":0,"comment_status":"closed","ping_status":"closed","template":"","meta":{"footnotes":""},"class_list":["post-7603","page","type-page","status-publish","hentry"],"_links":{"self":[{"href":"https:\/\/hubertpietka.bialystok.pl\/index.php?rest_route=\/wp\/v2\/pages\/7603","targetHints":{"allow":["GET"]}}],"collection":[{"href":"https:\/\/hubertpietka.bialystok.pl\/index.php?rest_route=\/wp\/v2\/pages"}],"about":[{"href":"https:\/\/hubertpietka.bialystok.pl\/index.php?rest_route=\/wp\/v2\/types\/page"}],"author":[{"embeddable":true,"href":"https:\/\/hubertpietka.bialystok.pl\/index.php?rest_route=\/wp\/v2\/users\/1"}],"replies":[{"embeddable":true,"href":"https:\/\/hubertpietka.bialystok.pl\/index.php?rest_route=%2Fwp%2Fv2%2Fcomments&post=7603"}],"version-history":[{"count":2,"href":"https:\/\/hubertpietka.bialystok.pl\/index.php?rest_route=\/wp\/v2\/pages\/7603\/revisions"}],"predecessor-version":[{"id":7607,"href":"https:\/\/hubertpietka.bialystok.pl\/index.php?rest_route=\/wp\/v2\/pages\/7603\/revisions\/7607"}],"wp:attachment":[{"href":"https:\/\/hubertpietka.bialystok.pl\/index.php?rest_route=%2Fwp%2Fv2%2Fmedia&parent=7603"}],"curies":[{"name":"wp","href":"https:\/\/api.w.org\/{rel}","templated":true}]}}