{"id":7639,"date":"2023-11-16T17:23:26","date_gmt":"2023-11-16T17:23:26","guid":{"rendered":"http:\/\/hubertpietka.bialystok.pl\/?page_id=7639"},"modified":"2023-11-16T17:23:26","modified_gmt":"2023-11-16T17:23:26","slug":"czas-roznych-prob","status":"publish","type":"page","link":"https:\/\/hubertpietka.bialystok.pl\/?page_id=7639","title":{"rendered":"Czas \/ r\u00f3\u017cnych pr\u00f3b"},"content":{"rendered":"<p><em><strong>Czas \/ r\u00f3\u017cnych pr\u00f3b\u00a0<\/strong><\/em><\/p>\n<p>Tak si\u0119 z\u0142o\u017cy\u0142o<br \/>\n\u017be w tym czasie w\u0142a\u015bnie<br \/>\nMi przypad\u0142 odby\u0107<br \/>\nSw\u00f3j obowi\u0105zek wobec Ojczyzny<br \/>\nTo nie b\u0119dzie dla mnie czas \u0142atwy<br \/>\nCho\u0107by ze wzgl\u0119d\u00f3w czysto osobistych<br \/>\nPoza tym \u017ce oni wsz\u0119dzie<br \/>\nMog\u0105 mie\u0107 swoje wtyki<\/p>\n<p><a href=\"https:\/\/youtu.be\/cjsy-lJ-rYA?si=IoA3cvPuWmm25yyl\"><em><strong>Closterkeller &#8211; Dlaczego nosz\u0119 bro\u0144\u00a0<\/strong><\/em><\/a><\/p>\n<p>A czy\u017c nie ten czas te\u017c w\u0142a\u015bnie<br \/>\nPrzewidziano ostateczne rozwi\u0105zanie<br \/>\nR\u00f3\u017cnych kwestii hubalowych nazwijmy je<br \/>\nCzy\u017c nie ma by\u0107 czasem<br \/>\nMoja \u017cona zlikwidowana te zwierz\u0119ta<br \/>\nMo\u017cna to zrobi\u0107 i na r\u00f3\u017cne sposoby<br \/>\nIch inwencja w tym kierunku<br \/>\nJest raczej bezwzgl\u0119dna<br \/>\nA z naszymi i naszym<br \/>\nCzy\u017c nie podobnie czasem<\/p>\n<p>I je\u015bli cokolwieczunio<br \/>\nI je\u015bli mi jakikolwiek Ani\u0119<br \/>\nTo wszystko co powiedzia\u0142em<br \/>\nJest aktualne dalej<br \/>\nI nawet je\u015bli przek\u0142ami\u0105<br \/>\nTo co si\u0119 odwlecze<br \/>\nTo nie uciecze<br \/>\nB\u00f3g jest wierny Swym ostrze\u017ceniom<\/p>\n<p><a href=\"http:\/\/hubertpietka.bialystok.pl\/wp-content\/uploads\/2023\/11\/Resized_20231115_192941.jpeg\"><img loading=\"lazy\" decoding=\"async\" class=\"alignnone size-thumbnail wp-image-7640\" src=\"http:\/\/hubertpietka.bialystok.pl\/wp-content\/uploads\/2023\/11\/Resized_20231115_192941-150x150.jpeg\" alt=\"\" width=\"150\" height=\"150\" srcset=\"https:\/\/hubertpietka.bialystok.pl\/wp-content\/uploads\/2023\/11\/Resized_20231115_192941-150x150.jpeg 150w, https:\/\/hubertpietka.bialystok.pl\/wp-content\/uploads\/2023\/11\/Resized_20231115_192941-75x75.jpeg 75w\" sizes=\"auto, (max-width: 150px) 100vw, 150px\" \/><\/a><\/p>\n<p><em>Na zdj. Dzisiaj Maryi Matki Mi\u0142osierdzia<\/em><br \/>\n<em> Nowy o\u0142tarz w katedrze bia\u0142ostockiej<\/em><br \/>\n<em> Zostawiam ci to wszystko Matko<\/em><br \/>\n<em> I cho\u0107 id\u0119 z mocno rozdartym sercem<\/em><br \/>\n<em> To jednak Jezu ufam Tobie<\/em><br \/>\n<em> I m\u00f3dl si\u0119 za nami o Matko<\/em><br \/>\n<em> By by\u0142o do kogo i czego wraca\u0107<\/em><br \/>\n<em> A nawet owocniej bardziej<\/em><\/p>\n<p style=\"text-align: right;\"><a href=\"https:\/\/youtu.be\/9tjQw_zzrUY?si=1iP9eR53vmSAdPtQ\"><em><strong>Emigranci &#8211; Na falochronie\u00a0<\/strong><\/em><\/a><\/p>\n","protected":false},"excerpt":{"rendered":"<p>Czas \/ r\u00f3\u017cnych pr\u00f3b\u00a0 Tak si\u0119 z\u0142o\u017cy\u0142o \u017be w tym czasie w\u0142a\u015bnie Mi przypad\u0142 odby\u0107 Sw\u00f3j obowi\u0105zek wobec Ojczyzny To nie b\u0119dzie dla mnie czas&hellip; <\/p>\n","protected":false},"author":1,"featured_media":0,"parent":0,"menu_order":0,"comment_status":"closed","ping_status":"closed","template":"","meta":{"footnotes":""},"class_list":["post-7639","page","type-page","status-publish","hentry"],"_links":{"self":[{"href":"https:\/\/hubertpietka.bialystok.pl\/index.php?rest_route=\/wp\/v2\/pages\/7639","targetHints":{"allow":["GET"]}}],"collection":[{"href":"https:\/\/hubertpietka.bialystok.pl\/index.php?rest_route=\/wp\/v2\/pages"}],"about":[{"href":"https:\/\/hubertpietka.bialystok.pl\/index.php?rest_route=\/wp\/v2\/types\/page"}],"author":[{"embeddable":true,"href":"https:\/\/hubertpietka.bialystok.pl\/index.php?rest_route=\/wp\/v2\/users\/1"}],"replies":[{"embeddable":true,"href":"https:\/\/hubertpietka.bialystok.pl\/index.php?rest_route=%2Fwp%2Fv2%2Fcomments&post=7639"}],"version-history":[{"count":3,"href":"https:\/\/hubertpietka.bialystok.pl\/index.php?rest_route=\/wp\/v2\/pages\/7639\/revisions"}],"predecessor-version":[{"id":7643,"href":"https:\/\/hubertpietka.bialystok.pl\/index.php?rest_route=\/wp\/v2\/pages\/7639\/revisions\/7643"}],"wp:attachment":[{"href":"https:\/\/hubertpietka.bialystok.pl\/index.php?rest_route=%2Fwp%2Fv2%2Fmedia&parent=7639"}],"curies":[{"name":"wp","href":"https:\/\/api.w.org\/{rel}","templated":true}]}}

Czas / różnych prób

<p><em><strong>Czas / różnych prób </strong></em></p>
<p>Tak się złożyło<br />
Że w tym czasie właśnie<br />
Mi przypadł odbyć<br />
Swój obowiązek wobec Ojczyzny<br />
To nie będzie dla mnie czas łatwy<br />
Choćby ze względów czysto osobistych<br />
Poza tym że oni wszędzie<br />
Mogą mieć swoje wtyki</p>
<p><a href="https://youtu.be/cjsy-lJ-rYA?si=IoA3cvPuWmm25yyl"><em><strong>Closterkeller &#8211; Dlaczego noszę broń </strong></em></a></p>
<p>A czyż nie ten czas też właśnie<br />
Przewidziano ostateczne rozwiązanie<br />
Różnych kwestii hubalowych nazwijmy je<br />
Czyż nie ma być czasem<br />
Moja żona zlikwidowana te zwierzęta<br />
Można to zrobić i na różne sposoby<br />
Ich inwencja w tym kierunku<br />
Jest raczej bezwzględna<br />
A z naszymi i naszym<br />
Czyż nie podobnie czasem</p>
<p>I jeśli cokolwieczunio<br />
I jeśli mi jakikolwiek Anię<br />
To wszystko co powiedziałem<br />
Jest aktualne dalej<br />
I nawet jeśli przekłamią<br />
To co się odwlecze<br />
To nie uciecze<br />
Bóg jest wierny Swym ostrzeżeniom</p>
<p><a href="http://hubertpietka.bialystok.pl/wp-content/uploads/2023/11/Resized_20231115_192941.jpeg"><img loading="lazy" decoding="async" class="alignnone size-thumbnail wp-image-7640" src="http://hubertpietka.bialystok.pl/wp-content/uploads/2023/11/Resized_20231115_192941-150x150.jpeg" alt="" width="150" height="150" srcset="https://hubertpietka.bialystok.pl/wp-content/uploads/2023/11/Resized_20231115_192941-150x150.jpeg 150w, https://hubertpietka.bialystok.pl/wp-content/uploads/2023/11/Resized_20231115_192941-75x75.jpeg 75w" sizes="auto, (max-width: 150px) 100vw, 150px" /></a></p>
<p><em>Na zdj. Dzisiaj Maryi Matki Miłosierdzia</em><br />
<em> Nowy ołtarz w katedrze białostockiej</em><br />
<em> Zostawiam ci to wszystko Matko</em><br />
<em> I choć idę z mocno rozdartym sercem</em><br />
<em> To jednak Jezu ufam Tobie</em><br />
<em> I módl się za nami o Matko</em><br />
<em> By było do kogo i czego wracać</em><br />
<em> A nawet owocniej bardziej</em></p>
<p style="text-align: right;"><a href="https://youtu.be/9tjQw_zzrUY?si=1iP9eR53vmSAdPtQ"><em><strong>Emigranci &#8211; Na falochronie </strong></em></a></p>

<p>Czas / różnych prób  Tak się złożyło Że w tym czasie właśnie Mi przypadł odbyć Swój obowiązek wobec Ojczyzny To nie będzie dla mnie czas&hellip; </p>
