{"id":7707,"date":"2023-12-13T12:14:19","date_gmt":"2023-12-13T12:14:19","guid":{"rendered":"https:\/\/hubertpietka.bialystok.pl\/?page_id=7707"},"modified":"2023-12-13T12:14:19","modified_gmt":"2023-12-13T12:14:19","slug":"napasci-i-wkrecanki-misiow-i-roznych-takich","status":"publish","type":"page","link":"https:\/\/hubertpietka.bialystok.pl\/?page_id=7707","title":{"rendered":"Napa\u015bci i wkr\u0119canki \/ misi\u00f3w i r\u00f3\u017cnych takich"},"content":{"rendered":"\n<p>Czy wiesz \u017ce jak<br>Z uni\u017ceniem nie m\u00f3wisz<br><em>Dzie\u0144 dobry<\/em> tak pi\u0119knej elicie<br>I najlepiej z niskim pok\u0142onem<br>To mog\u0105 ci\u0119 napa\u015b\u0107 oni<br>I w domu i gdziekolwiek<br>A misie przyznaj\u0105 im racj\u0119<br>Wed\u0142ug za\u0142o\u017ce\u0144 jedynie s\u0142usznych<br>Mimo \u017ce to ty w\u0142a\u015bnie jeste\u015b napadni\u0119ty<\/p>\n\n\n\n<p>Oni w og\u00f3le lubi\u0105<br>Wykorzystywa\u0107 animozje r\u00f3\u017cne<br>Tak\u017ce i inne niskie pobudki<br>By realizowa\u0107 swe cele z\u0142owrogie<br>Najlepiej pos\u0142uguj\u0105c si\u0119 innymi<\/p>\n\n\n\n<p>A z moj\u0105 \u017con\u0105<br>Te\u017c *<strong>wkr\u0119c-anki<\/strong>* by\u0107 mog\u0105<br>*<strong>Wkr\u0119\u0107 Ank\u0119<\/strong>* w to czy w tamto<br>Byleby tylko misie<br>Mia\u0142y uprawomocnione niby preteksty<br>A tak naprawd\u0119 to s\u0105<br>Symulacje niby kontekst\u00f3w<br>Oczekiwanych przez tamtych czy tych<\/p>\n\n\n\n<p>Mnie te\u017c nieustannie pr\u00f3buj\u0105<br>W co\u015b wkr\u0119ci\u0107<br>Dlatego cierpimy te prze\u015bladowania<br>My chyba w pewien spos\u00f3b<br>Jak nikt inny<br>Dla sprawiedliwo\u015bci<br>By\u015bcie mogli \u017cy\u0107 kiedy\u015b<br>W wolno\u015bci dzieci Bo\u017cych<br>Bo nienawi\u015b\u0107 do wiary<br>Jest podstaw\u0105 wszelkich tych dzia\u0142a\u0144<br>Ale przecie\u017c w \u015bwiecie tym<br>Nienawi\u015b\u0107 do wiary jest czym\u015b nowoczesnym i po\u017c\u0105danym<\/p>\n\n\n\n<figure class=\"wp-block-image size-full\"><a href=\"https:\/\/hubertpietka.bialystok.pl\/wp-content\/uploads\/2023\/12\/Resized_20231205_162838.jpeg\"><img loading=\"lazy\" decoding=\"async\" width=\"756\" height=\"1008\" src=\"https:\/\/hubertpietka.bialystok.pl\/wp-content\/uploads\/2023\/12\/Resized_20231205_162838.jpeg\" alt=\"\" class=\"wp-image-7708\" srcset=\"https:\/\/hubertpietka.bialystok.pl\/wp-content\/uploads\/2023\/12\/Resized_20231205_162838.jpeg 756w, https:\/\/hubertpietka.bialystok.pl\/wp-content\/uploads\/2023\/12\/Resized_20231205_162838-225x300.jpeg 225w\" sizes=\"auto, (max-width: 756px) 100vw, 756px\" \/><\/a><\/figure>\n\n\n\n<p>Na zdj. Jezus Mi\u0142osierny<br>W *<strong>Hody-szewie<\/strong>*<br>Chody *<strong>go\u0144my szybko<\/strong>* go<br>Bo ucieknie z naszych r\u0105k<br>Go\u0144my j\u0105 ichnich ichnie<br>Przecie\u017c musz\u0105 si\u0119 spe\u0142nia\u0107<br>R\u00f3\u017cne \u017c\u0105dania napastliwe<\/p>\n\n\n\n<p class=\"has-text-align-center\"><strong><em><a href=\"https:\/\/youtu.be\/CrogQRTk9OE?si=yB8Q5eJWjM23cGMN\" data-type=\"link\" data-id=\"https:\/\/youtu.be\/CrogQRTk9OE?si=yB8Q5eJWjM23cGMN\">Micha\u0142 So\u0142tan &#8211; Niespotykani \/ Live &#8211; The Voice of Poland 14<\/a><\/em><\/strong><\/p>\n","protected":false},"excerpt":{"rendered":"<p>Czy wiesz \u017ce jakZ uni\u017ceniem nie m\u00f3wiszDzie\u0144 dobry tak pi\u0119knej elicieI najlepiej z niskim pok\u0142onemTo mog\u0105 ci\u0119 napa\u015b\u0107 oniI w domu i gdziekolwiekA misie przyznaj\u0105&hellip; <\/p>\n","protected":false},"author":1,"featured_media":0,"parent":0,"menu_order":0,"comment_status":"closed","ping_status":"closed","template":"","meta":{"footnotes":""},"class_list":["post-7707","page","type-page","status-publish","hentry"],"_links":{"self":[{"href":"https:\/\/hubertpietka.bialystok.pl\/index.php?rest_route=\/wp\/v2\/pages\/7707","targetHints":{"allow":["GET"]}}],"collection":[{"href":"https:\/\/hubertpietka.bialystok.pl\/index.php?rest_route=\/wp\/v2\/pages"}],"about":[{"href":"https:\/\/hubertpietka.bialystok.pl\/index.php?rest_route=\/wp\/v2\/types\/page"}],"author":[{"embeddable":true,"href":"https:\/\/hubertpietka.bialystok.pl\/index.php?rest_route=\/wp\/v2\/users\/1"}],"replies":[{"embeddable":true,"href":"https:\/\/hubertpietka.bialystok.pl\/index.php?rest_route=%2Fwp%2Fv2%2Fcomments&post=7707"}],"version-history":[{"count":1,"href":"https:\/\/hubertpietka.bialystok.pl\/index.php?rest_route=\/wp\/v2\/pages\/7707\/revisions"}],"predecessor-version":[{"id":7709,"href":"https:\/\/hubertpietka.bialystok.pl\/index.php?rest_route=\/wp\/v2\/pages\/7707\/revisions\/7709"}],"wp:attachment":[{"href":"https:\/\/hubertpietka.bialystok.pl\/index.php?rest_route=%2Fwp%2Fv2%2Fmedia&parent=7707"}],"curies":[{"name":"wp","href":"https:\/\/api.w.org\/{rel}","templated":true}]}}