{"id":7720,"date":"2023-12-17T08:53:04","date_gmt":"2023-12-17T08:53:04","guid":{"rendered":"https:\/\/hubertpietka.bialystok.pl\/?page_id=7720"},"modified":"2023-12-17T08:53:04","modified_gmt":"2023-12-17T08:53:04","slug":"gra-slow-jak-burza-mozgow","status":"publish","type":"page","link":"https:\/\/hubertpietka.bialystok.pl\/?page_id=7720","title":{"rendered":"Gra s\u0142\u00f3w \/ jak burza m\u00f3zg\u00f3w"},"content":{"rendered":"\n<p>Wiecie \u017ce lubi\u0119<br>Gry s\u0142\u00f3w takie r\u00f3\u017cne<br>Dzisiaj czyta\u0142em<br>O \u015bwi\u0119tej dla polskiego prawos\u0142awia<br>G\u00f3rze o nazwie *<strong>Grab-arka<\/strong>*<br>I tak mi przysz\u0142o w tym momencie<br>Sk\u0105d nie wiem<br>Czasem mi tak przychodzi<br>Nie wiem sk\u0105d mimowolnie<br>*<strong>Grab Arka<\/strong>* a mo\u017ce<br>*<strong>Draby na Arka<\/strong>*<br>Lub innych naszych bliskich<br>Bo o nas to ju\u017c<br>Nie b\u0119d\u0119 wspomina\u0142 nawet<br>A mo\u017ce *<strong>grab Ark\u0119<\/strong>*<br>Tabernakulum Naj\u015bwi\u0119tszy Sakrament<br>Ju\u017c pisa\u0142em<br>\u017be oni nie szanuj\u0105<br>\u017badnych \u015bwi\u0119to\u015bci raczej<br>A mo\u017ce jednak *<strong>gra Bark\u0119<\/strong>*<br>Utw\u00f3r Jana Paw\u0142a II ulubiony<br>Gra s\u0142\u00f3wek w niedziel\u0119 Gaudete<\/p>\n\n\n\n<p>Miejsce to wcze\u015bniej by\u0142o nazywane<br>Uroczyskiem Sumie\u0144szczyzna<br>Jest to te\u017c znacz\u0105ce bardzo<br>Bo \u015bwiat ten promuje antywarto\u015bci<br>Z gruntu przeciwne Bogu<br>I przez to zmierza niestety<br>On do przepa\u015bci<br>Aborcja in vitro eutanazja<br>Przeciwko \u015bwi\u0119tej warto\u015bci \u017cycia<br>Gender LGBT rozpasanie seksualne<br>Niszcz\u0105ce czysto\u015b\u0107 i niewinno\u015b\u0107<br>Je\u015bli nie odnajdzie si\u0119 sumienie<br>To ten \u015bwiat<br>Niestety nie obroni si\u0119<br>Bo sam si\u0119 niszczy<br>Przez promowanie antywarto\u015bci<br>I na tym do\u015b\u0107<br>Brak poszanowania warto\u015bci \u017cycia<br>Wed\u0142ug Bo\u017cych zamys\u0142\u00f3w<br>Ju\u017c tym skutkuje<br>\u017be \u015bwieci s\u0105 zabijani<br>I \u015bmier\u0107 pretensje sobie ro\u015bci<br>Bez granic<br>\u015amierci posiew niesie<br>\u017bniwo \u015bmierci<br>Kt\u00f3re mo\u017ce ogarn\u0105\u0107<br>Wszystko wszystkich<br>\u017be ju\u017c nie wspomn\u0119<br>O innych ideologiach<br>K\u0142amliwych ob\u0142udnych<br>Kt\u00f3re te\u017c temu s\u0142u\u017c\u0105<br>By ten \u015bwiat si\u0119 skompromitowa\u0142<br>W swych podstawach<br>I zebra\u0142 to czemu s\u0142u\u017cy<br>\u015amier\u0107 i z\u0142o przyzywaj\u0105 to<\/p>\n\n\n\n<figure class=\"wp-block-image size-full\"><a href=\"https:\/\/hubertpietka.bialystok.pl\/wp-content\/uploads\/2023\/12\/Resized_20231216_113207.jpeg\"><img loading=\"lazy\" decoding=\"async\" width=\"756\" height=\"1008\" src=\"https:\/\/hubertpietka.bialystok.pl\/wp-content\/uploads\/2023\/12\/Resized_20231216_113207.jpeg\" alt=\"\" class=\"wp-image-7721\" srcset=\"https:\/\/hubertpietka.bialystok.pl\/wp-content\/uploads\/2023\/12\/Resized_20231216_113207.jpeg 756w, https:\/\/hubertpietka.bialystok.pl\/wp-content\/uploads\/2023\/12\/Resized_20231216_113207-225x300.jpeg 225w\" sizes=\"auto, (max-width: 756px) 100vw, 756px\" \/><\/a><\/figure>\n\n\n\n<p><em>Na zdj. Maryja w Grabarce jest zwana<br>Wszystkich Strapionych Pocieszenie<br>A jutro b\u0119d\u0119 czyta\u0142<br>O tej z *<strong>Teres-pola<\/strong>*<br>*<strong>Teraz Polska<\/strong>*<br>Maryja przez czysto\u015b\u0107<br>I \u017cycie w Bo\u017cej prawdzie<br>Ochroni\u0107 mo\u017ce<br>Przed uzurpacjami szatana<br>Kt\u00f3remu wydaje si\u0119<br>\u017be ten \u015bwiat<br>Jest ju\u017c ca\u0142kowicie poddany<br>Ave Maria<\/em><\/p>\n\n\n\n<p class=\"has-text-align-right\"><strong><em><a href=\"https:\/\/youtu.be\/H0CLozZo1NI?si=o_rAzjLSWxug_fWW\">Barka &#8211; Ma\u0142a Armia Janosika <\/a><\/em><\/strong><\/p>\n","protected":false},"excerpt":{"rendered":"<p>Wiecie \u017ce lubi\u0119Gry s\u0142\u00f3w takie r\u00f3\u017cneDzisiaj czyta\u0142emO \u015bwi\u0119tej dla polskiego prawos\u0142awiaG\u00f3rze o nazwie *Grab-arka*I tak mi przysz\u0142o w tym momencieSk\u0105d nie wiemCzasem mi tak przychodziNie&hellip; <\/p>\n","protected":false},"author":1,"featured_media":0,"parent":0,"menu_order":0,"comment_status":"closed","ping_status":"closed","template":"","meta":{"footnotes":""},"class_list":["post-7720","page","type-page","status-publish","hentry"],"_links":{"self":[{"href":"https:\/\/hubertpietka.bialystok.pl\/index.php?rest_route=\/wp\/v2\/pages\/7720","targetHints":{"allow":["GET"]}}],"collection":[{"href":"https:\/\/hubertpietka.bialystok.pl\/index.php?rest_route=\/wp\/v2\/pages"}],"about":[{"href":"https:\/\/hubertpietka.bialystok.pl\/index.php?rest_route=\/wp\/v2\/types\/page"}],"author":[{"embeddable":true,"href":"https:\/\/hubertpietka.bialystok.pl\/index.php?rest_route=\/wp\/v2\/users\/1"}],"replies":[{"embeddable":true,"href":"https:\/\/hubertpietka.bialystok.pl\/index.php?rest_route=%2Fwp%2Fv2%2Fcomments&post=7720"}],"version-history":[{"count":1,"href":"https:\/\/hubertpietka.bialystok.pl\/index.php?rest_route=\/wp\/v2\/pages\/7720\/revisions"}],"predecessor-version":[{"id":7722,"href":"https:\/\/hubertpietka.bialystok.pl\/index.php?rest_route=\/wp\/v2\/pages\/7720\/revisions\/7722"}],"wp:attachment":[{"href":"https:\/\/hubertpietka.bialystok.pl\/index.php?rest_route=%2Fwp%2Fv2%2Fmedia&parent=7720"}],"curies":[{"name":"wp","href":"https:\/\/api.w.org\/{rel}","templated":true}]}}