{"id":7735,"date":"2023-12-18T10:47:53","date_gmt":"2023-12-18T10:47:53","guid":{"rendered":"https:\/\/hubertpietka.bialystok.pl\/?page_id=7735"},"modified":"2023-12-18T10:47:53","modified_gmt":"2023-12-18T10:47:53","slug":"dzial-ania-walka-pomiedzy-bogiem-a-szatanem","status":"publish","type":"page","link":"https:\/\/hubertpietka.bialystok.pl\/?page_id=7735","title":{"rendered":"*Dzia\u0142-ania* \/ walka pomi\u0119dzy Bogiem a szatanem"},"content":{"rendered":"\n<p><em>Czy Syn Cz\u0142owieczy<br>Znajdzie wiar\u0119 na ziemi<br>Gdy ju\u017c przyjdzie<\/em><br>Skoro dzia\u0142ania takie nieustannie<\/p>\n\n\n\n<p>Podepta\u0107 kwiaty niewinno\u015bci i czysto\u015bci<br>Buciorami brudnymi<\/p>\n\n\n\n<p>Rozbija\u0107 naczynia \u015bwi\u0119to\u015bci<br>Na wszelkie mo\u017cliwe sposoby<\/p>\n\n\n\n<p>Pozamyka\u0107 wszystkie ptaki wolno\u015bci<br>Kt\u00f3re si\u0119 sprzeciwiaj\u0105 z\u0142u<\/p>\n\n\n\n<p>Czy\u017c takie dzia\u0142ania<br>To nie domena szatana<\/p>\n\n\n\n<figure class=\"wp-block-image size-full\"><a href=\"https:\/\/hubertpietka.bialystok.pl\/wp-content\/uploads\/2023\/12\/Resized_20231214_105553.jpeg\"><img loading=\"lazy\" decoding=\"async\" width=\"756\" height=\"1008\" src=\"https:\/\/hubertpietka.bialystok.pl\/wp-content\/uploads\/2023\/12\/Resized_20231214_105553.jpeg\" alt=\"\" class=\"wp-image-7736\" srcset=\"https:\/\/hubertpietka.bialystok.pl\/wp-content\/uploads\/2023\/12\/Resized_20231214_105553.jpeg 756w, https:\/\/hubertpietka.bialystok.pl\/wp-content\/uploads\/2023\/12\/Resized_20231214_105553-225x300.jpeg 225w\" sizes=\"auto, (max-width: 756px) 100vw, 756px\" \/><\/a><\/figure>\n\n\n\n<p><em>Na zdj. Dwa ptaki<br>W mi\u0142o\u015bci trwaj\u0105ce<br>Moim dzia\u0142em jest Ania<br>Na zawsze na wieki<br>To nie jest dzia\u0142 szatana<br>Dlatego na wszelkie sposoby<br>Pr\u00f3buje on t\u0105 mi\u0142o\u015b\u0107 zniszczy\u0107<br>Zabi\u0107 zniekszta\u0142ci\u0107 oszpeci\u0107<\/em><\/p>\n","protected":false},"excerpt":{"rendered":"<p>Czy Syn Cz\u0142owieczyZnajdzie wiar\u0119 na ziemiGdy ju\u017c przyjdzieSkoro dzia\u0142ania takie nieustannie Podepta\u0107 kwiaty niewinno\u015bci i czysto\u015bciBuciorami brudnymi Rozbija\u0107 naczynia \u015bwi\u0119to\u015bciNa wszelkie mo\u017cliwe sposoby Pozamyka\u0107 wszystkie&hellip; <\/p>\n","protected":false},"author":1,"featured_media":0,"parent":0,"menu_order":0,"comment_status":"closed","ping_status":"closed","template":"","meta":{"footnotes":""},"class_list":["post-7735","page","type-page","status-publish","hentry"],"_links":{"self":[{"href":"https:\/\/hubertpietka.bialystok.pl\/index.php?rest_route=\/wp\/v2\/pages\/7735","targetHints":{"allow":["GET"]}}],"collection":[{"href":"https:\/\/hubertpietka.bialystok.pl\/index.php?rest_route=\/wp\/v2\/pages"}],"about":[{"href":"https:\/\/hubertpietka.bialystok.pl\/index.php?rest_route=\/wp\/v2\/types\/page"}],"author":[{"embeddable":true,"href":"https:\/\/hubertpietka.bialystok.pl\/index.php?rest_route=\/wp\/v2\/users\/1"}],"replies":[{"embeddable":true,"href":"https:\/\/hubertpietka.bialystok.pl\/index.php?rest_route=%2Fwp%2Fv2%2Fcomments&post=7735"}],"version-history":[{"count":1,"href":"https:\/\/hubertpietka.bialystok.pl\/index.php?rest_route=\/wp\/v2\/pages\/7735\/revisions"}],"predecessor-version":[{"id":7737,"href":"https:\/\/hubertpietka.bialystok.pl\/index.php?rest_route=\/wp\/v2\/pages\/7735\/revisions\/7737"}],"wp:attachment":[{"href":"https:\/\/hubertpietka.bialystok.pl\/index.php?rest_route=%2Fwp%2Fv2%2Fmedia&parent=7735"}],"curies":[{"name":"wp","href":"https:\/\/api.w.org\/{rel}","templated":true}]}}