{"id":7741,"date":"2023-12-22T06:11:57","date_gmt":"2023-12-22T06:11:57","guid":{"rendered":"https:\/\/hubertpietka.bialystok.pl\/?page_id=7741"},"modified":"2023-12-22T06:11:57","modified_gmt":"2023-12-22T06:11:57","slug":"zamach-rzadu-na-mediow-wladze-czwarta","status":"publish","type":"page","link":"https:\/\/hubertpietka.bialystok.pl\/?page_id=7741","title":{"rendered":"Zamach rz\u0105du \/ na medi\u00f3w w\u0142adz\u0119 czwart\u0105"},"content":{"rendered":"\n<p>Rz\u0105d zacz\u0105\u0142 od wysokiego *<strong>C<\/strong>*<br>Ucisz\u0119 *<strong>ci\u0119<\/strong>*<br>\u017beby pokaza\u0107 jak ma\u0142o<br>To *<strong>c<\/strong>* dla niego znaczy<\/p>\n\n\n\n<p>Przez zamach na media publiczne<br>*<strong>Ucisz\u0119 ci\u0119<\/strong>*<br>Ucisz\u0119 wszystkich kt\u00f3rzy s\u0105<br>Za ma\u0142o prorz\u0105dowi proidelogiczni<\/p>\n\n\n\n<p>Raczej to ma\u0142o demokratyczne<br>Eliminacja przeciwnik\u00f3w politycznych<br>Jako\u015b ich nikt wcze\u015bniej<br>Chyba tak nie ucisza\u0142<br>Kiedy byli opozycj\u0105<\/p>\n\n\n\n<p>Medi\u00f3w czwarta w\u0142adza jest opiniotw\u00f3rcza<br>Widocznie ma zapanowa\u0107<br>Jedyna s\u0142uszna wizja \u015bwiatopogl\u0105dowa polityczna<\/p>\n\n\n\n<p>I jako\u015b nie krzycz\u0105 teraz<br>\u017be to nie praworz\u0105dne jest<br>Do\u015b\u0107 ma\u0142o demokratyczne<br>Rz\u0105d przecie\u017c wszystko mo\u017ce<\/p>\n\n\n\n<p>Hitler te\u017c doszed\u0142 do w\u0142adzy<br>W demokratyczny spos\u00f3b<br>A potem zrobi\u0142 co zrobi\u0142<\/p>\n\n\n\n<p>*<strong>Ucisz\u0119 ci\u0119<\/strong>*<br>Pewnie chc\u0105 te\u017c uciszy\u0107 mnie<br>Bo raczej prorz\u0105dowy jestem ma\u0142o<br>Uciszy\u0107 przecie\u017c trzeba wszystkich<br>Kt\u00f3rzy inaczej my\u015bl\u0105<\/p>\n\n\n\n<p>To si\u0119 \u0142\u0105czy jako\u015b<br>Ze wcielan\u0105 ju\u017c wizj\u0105 \u015bwiatopogl\u0105dow\u0105<br>Szacunek do \u017cycia<br>Wed\u0142ug Konstytucji<br>Nale\u017cy si\u0119 wszystkim<br>Ale tu przecie\u017c wiedz\u0105<br>\u017be szanowa\u0107 trzeba tylko swoich<br>Ju\u017c podj\u0119to w tym kierunku<br>Kroki odpowiednie<br>Chocia\u017cby przez in vitro<br>Czy promocj\u0119 aborcji<br>To te\u017c ju\u017c jest na tej tapecie<br>Platformy rz\u0105dowej<\/p>\n\n\n\n<p>Tak\u017ce g\u0142osy przeciwne<br>Maj\u0105 by\u0107 wyeliminowane ju\u017c s\u0105<br>Z przestrzeni publicznej<br>Rz\u0105d wie lepiej<br>Co trzeba my\u015ble\u0107 przecie\u017c<\/p>\n\n\n\n<figure class=\"wp-block-image size-full\"><a href=\"https:\/\/hubertpietka.bialystok.pl\/wp-content\/uploads\/2023\/12\/Resized_20231217_203505.jpeg\"><img loading=\"lazy\" decoding=\"async\" width=\"1008\" height=\"756\" src=\"https:\/\/hubertpietka.bialystok.pl\/wp-content\/uploads\/2023\/12\/Resized_20231217_203505.jpeg\" alt=\"\" class=\"wp-image-7742\" srcset=\"https:\/\/hubertpietka.bialystok.pl\/wp-content\/uploads\/2023\/12\/Resized_20231217_203505.jpeg 1008w, https:\/\/hubertpietka.bialystok.pl\/wp-content\/uploads\/2023\/12\/Resized_20231217_203505-300x225.jpeg 300w, https:\/\/hubertpietka.bialystok.pl\/wp-content\/uploads\/2023\/12\/Resized_20231217_203505-768x576.jpeg 768w\" sizes=\"auto, (max-width: 1008px) 100vw, 1008px\" \/><\/a><\/figure>\n\n\n\n<p><em>Na zdj. Iluminacja nowego \u015bwiat\u0142a<br>Na miar\u0119 rz\u0105du nowego<br>Raczej ideologicznie zaanga\u017cowanego<br>Skoro trzeba wyeliminowa\u0107<br>Z tej przestrzeni publicznej<br>My\u015bl\u0105cych troch\u0119 inaczej<br>\u017beby od tej iluminacji pi\u0119knej<br>Tylko nie o\u015blepn\u0105\u0107<\/em><\/p>\n","protected":false},"excerpt":{"rendered":"<p>Rz\u0105d zacz\u0105\u0142 od wysokiego *C*Ucisz\u0119 *ci\u0119*\u017beby pokaza\u0107 jak ma\u0142oTo *c* dla niego znaczy Przez zamach na media publiczne*Ucisz\u0119 ci\u0119*Ucisz\u0119 wszystkich kt\u00f3rzy s\u0105Za ma\u0142o prorz\u0105dowi proidelogiczni&hellip; <\/p>\n","protected":false},"author":1,"featured_media":0,"parent":0,"menu_order":0,"comment_status":"closed","ping_status":"closed","template":"","meta":{"footnotes":""},"class_list":["post-7741","page","type-page","status-publish","hentry"],"_links":{"self":[{"href":"https:\/\/hubertpietka.bialystok.pl\/index.php?rest_route=\/wp\/v2\/pages\/7741","targetHints":{"allow":["GET"]}}],"collection":[{"href":"https:\/\/hubertpietka.bialystok.pl\/index.php?rest_route=\/wp\/v2\/pages"}],"about":[{"href":"https:\/\/hubertpietka.bialystok.pl\/index.php?rest_route=\/wp\/v2\/types\/page"}],"author":[{"embeddable":true,"href":"https:\/\/hubertpietka.bialystok.pl\/index.php?rest_route=\/wp\/v2\/users\/1"}],"replies":[{"embeddable":true,"href":"https:\/\/hubertpietka.bialystok.pl\/index.php?rest_route=%2Fwp%2Fv2%2Fcomments&post=7741"}],"version-history":[{"count":1,"href":"https:\/\/hubertpietka.bialystok.pl\/index.php?rest_route=\/wp\/v2\/pages\/7741\/revisions"}],"predecessor-version":[{"id":7743,"href":"https:\/\/hubertpietka.bialystok.pl\/index.php?rest_route=\/wp\/v2\/pages\/7741\/revisions\/7743"}],"wp:attachment":[{"href":"https:\/\/hubertpietka.bialystok.pl\/index.php?rest_route=%2Fwp%2Fv2%2Fmedia&parent=7741"}],"curies":[{"name":"wp","href":"https:\/\/api.w.org\/{rel}","templated":true}]}}