{"id":7766,"date":"2023-12-28T08:42:04","date_gmt":"2023-12-28T08:42:04","guid":{"rendered":"https:\/\/hubertpietka.bialystok.pl\/?page_id=7766"},"modified":"2023-12-28T08:42:04","modified_gmt":"2023-12-28T08:42:04","slug":"jurne-orly-sokoly-ach-az-tak-doskonali","status":"publish","type":"page","link":"https:\/\/hubertpietka.bialystok.pl\/?page_id=7766","title":{"rendered":"Jurne or\u0142y soko\u0142y \/ ach a\u017c tak doskonali"},"content":{"rendered":"\n<p>Kiedy pok\u0142\u00f3c\u0119 si\u0119 z \u017con\u0105<br>To powiedzie\u0107 by si\u0119 chcia\u0142o<br>\u017be powinna sobie wzi\u0105\u0107 misiaka<br>To s\u0105 dopiero<br>Or\u0142y junacy soko\u0142y doskonali<\/p>\n\n\n\n<p>Ja n\u0119dzny marny i ma\u0142y<br>A te or\u0142y soko\u0142y<br>Tak se jako\u015b upodobali<br>By zniszczy\u0107 nas naszych nasze<br>Tak jako\u015b<br>I zadziwiaj\u0105ca jest ta determinacja<br>Ku z\u0142u dla nas<\/p>\n\n\n\n<p>Jak kto\u015b ma wol\u0119 z\u0142a<br>Dla kogo\u015b<br>To b\u0119dzie d\u0105\u017cy\u0142<br>By to z\u0142o uczyni\u0107<br>Na wszelkie mo\u017cliwe sposoby<br>Napisa\u0142em to sobie wczoraj<\/p>\n\n\n\n<p>Ale przecie\u017c tak doskonali ludzie<br>Nie mog\u0105 zdzier\u017cy\u0107 prostak\u00f3w takich<br>Trzeba ich wyeliminowa\u0107<br>Na prostej zasadzie eksterminacji<br>Ich ichnie ichnich<br>To jest a\u017c tak doskona\u0142a<br>Pi\u0119kna elita <em>vel<\/em><br>Tak \u015bwietne wspania\u0142e bohaterstwo<\/p>\n\n\n\n<p>Chc\u0105 zabi\u0107 zamkn\u0105\u0107<br>Przecie\u017c maj\u0105 prawo<br>Na tej zasadzie zdecydowanej r\u00f3\u017cnicy<br>Mi\u0119dzy tak pi\u0119kn\u0105 elit\u0105<br>A prostakami tymi<\/p>\n\n\n\n<figure class=\"wp-block-image size-full\"><a href=\"https:\/\/hubertpietka.bialystok.pl\/wp-content\/uploads\/2023\/12\/Resized_20231227_170847.jpeg\"><img loading=\"lazy\" decoding=\"async\" width=\"756\" height=\"1008\" src=\"https:\/\/hubertpietka.bialystok.pl\/wp-content\/uploads\/2023\/12\/Resized_20231227_170847.jpeg\" alt=\"\" class=\"wp-image-7767\" srcset=\"https:\/\/hubertpietka.bialystok.pl\/wp-content\/uploads\/2023\/12\/Resized_20231227_170847.jpeg 756w, https:\/\/hubertpietka.bialystok.pl\/wp-content\/uploads\/2023\/12\/Resized_20231227_170847-225x300.jpeg 225w\" sizes=\"auto, (max-width: 756px) 100vw, 756px\" \/><\/a><\/figure>\n\n\n\n<p><strong>Na zdj. Jezus frasobliwy w s\u0142awetnych Soko\u0142ach<br>To s\u0105 dopiero jurne soko\u0142y<br>Te misiaki nasze<br>I co chc\u0105 mog\u0105 i robi\u0107 zdecydowanie<br>Zw\u0142aszcza w stosunku do prostak\u00f3w a\u017c takich<br>Jezus na to patrzy<br>I zapewne si\u0119 dziwi troch\u0119<br>\u017be a\u017c tak pi\u0119kna elita<br><em>Vel<\/em> wspania\u0142e bohaterstwo<br>Mog\u0142o objawi\u0107 si\u0119 w tym \u015bwiecie wreszcie<\/strong><\/p>\n\n\n\n<p class=\"has-text-align-center\"><strong><em><a href=\"https:\/\/youtu.be\/3WTmobbdiTw?si=MHfbh8f_Bfxz4qFn\">Danuta Rinn &#8211; Gdzie ci m\u0119\u017cczy\u017ani <\/a><\/em><\/strong><\/p>\n","protected":false},"excerpt":{"rendered":"<p>Kiedy pok\u0142\u00f3c\u0119 si\u0119 z \u017con\u0105To powiedzie\u0107 by si\u0119 chcia\u0142o\u017be powinna sobie wzi\u0105\u0107 misiakaTo s\u0105 dopieroOr\u0142y junacy soko\u0142y doskonali Ja n\u0119dzny marny i ma\u0142yA te or\u0142y&hellip; <\/p>\n","protected":false},"author":1,"featured_media":0,"parent":0,"menu_order":0,"comment_status":"closed","ping_status":"closed","template":"","meta":{"footnotes":""},"class_list":["post-7766","page","type-page","status-publish","hentry"],"_links":{"self":[{"href":"https:\/\/hubertpietka.bialystok.pl\/index.php?rest_route=\/wp\/v2\/pages\/7766","targetHints":{"allow":["GET"]}}],"collection":[{"href":"https:\/\/hubertpietka.bialystok.pl\/index.php?rest_route=\/wp\/v2\/pages"}],"about":[{"href":"https:\/\/hubertpietka.bialystok.pl\/index.php?rest_route=\/wp\/v2\/types\/page"}],"author":[{"embeddable":true,"href":"https:\/\/hubertpietka.bialystok.pl\/index.php?rest_route=\/wp\/v2\/users\/1"}],"replies":[{"embeddable":true,"href":"https:\/\/hubertpietka.bialystok.pl\/index.php?rest_route=%2Fwp%2Fv2%2Fcomments&post=7766"}],"version-history":[{"count":1,"href":"https:\/\/hubertpietka.bialystok.pl\/index.php?rest_route=\/wp\/v2\/pages\/7766\/revisions"}],"predecessor-version":[{"id":7768,"href":"https:\/\/hubertpietka.bialystok.pl\/index.php?rest_route=\/wp\/v2\/pages\/7766\/revisions\/7768"}],"wp:attachment":[{"href":"https:\/\/hubertpietka.bialystok.pl\/index.php?rest_route=%2Fwp%2Fv2%2Fmedia&parent=7766"}],"curies":[{"name":"wp","href":"https:\/\/api.w.org\/{rel}","templated":true}]}}