{"id":7905,"date":"2024-02-05T07:03:28","date_gmt":"2024-02-05T07:03:28","guid":{"rendered":"https:\/\/hubertpietka.bialystok.pl\/?page_id=7905"},"modified":"2024-02-05T07:03:28","modified_gmt":"2024-02-05T07:03:28","slug":"czyny-a-slowa-niszczyc-zabijac-czy-budowac","status":"publish","type":"page","link":"https:\/\/hubertpietka.bialystok.pl\/?page_id=7905","title":{"rendered":"Czyny a s\u0142owa \/ niszczy\u0107 zabija\u0107 czy budowa\u0107"},"content":{"rendered":"\n<p>Ale\u017c to gnojstwo jest<br>Ich cisza nocna nie dotyczy<br>No przecie\u017c<br>Bo jak to inaczej nazwa\u0107<br>Jak chc\u0105 to mog\u0105<br>I po ubecku<br>Bezbronnego z domowych pieleszy<br>Ale\u017c to gnojstwo jest<br>Straszne<br>Barbarzy\u0144stwo takie co\u015b<\/p>\n\n\n\n<p>Sadzi\u0107 mnie chc\u0105 za s\u0142owa<br>A to co sami wyprawiaj\u0105<br>Pod tym niebem Bo\u017cym<br>To si\u0119 po prostu<br>Nie mie\u015bci w g\u0142owie<\/p>\n\n\n\n<p><em>Dzi\u015b wspominana \u015bw. <strong>*A-gata*<br>*A gada* *\u017c-ona* i *\u017ce ona* \/ *a gady*<\/strong><br>C\u00f3\u017c to przymiot kobiety<br>Z\u017cymam si\u0119 na to czasem<br>Ale jakby tego nie by\u0142o<br>To cisza nie do wytrzymania<br>Tak naprawd\u0119 by by\u0142a<\/em><\/p>\n\n\n\n<p><em>A z s\u0142\u00f3w kobiety tej<br>Te\u017c mo\u017ce \u015bwiat\u0142o p\u0142yn\u0105\u0107<br>Trzeba si\u0119 tylko<br>Na to troch\u0119 otworzy\u0107<br>I chcie\u0107 to dostrzec<\/em><\/p>\n\n\n\n<p>Czyny i s\u0142owa<br>My m\u00f3wimy a co oni ci\u0105gle czyni\u0105<br>I chc\u0105 czyni\u0107 i inni im podobni <br>\u015awiat\u0142o prawdy i k\u0142amstwa zbrodni<br>Zestawienie kontrastowo nieprawdopodobne<\/p>\n\n\n\n<figure class=\"wp-block-gallery has-nested-images columns-default is-cropped wp-block-gallery-1 is-layout-flex wp-block-gallery-is-layout-flex\">\n<figure class=\"wp-block-image size-large\"><a href=\"https:\/\/hubertpietka.bialystok.pl\/wp-content\/uploads\/2024\/02\/Resized_20240204_203454.jpeg\"><img loading=\"lazy\" decoding=\"async\" width=\"1008\" height=\"756\" data-id=\"7906\" src=\"https:\/\/hubertpietka.bialystok.pl\/wp-content\/uploads\/2024\/02\/Resized_20240204_203454.jpeg\" alt=\"\" class=\"wp-image-7906\" srcset=\"https:\/\/hubertpietka.bialystok.pl\/wp-content\/uploads\/2024\/02\/Resized_20240204_203454.jpeg 1008w, https:\/\/hubertpietka.bialystok.pl\/wp-content\/uploads\/2024\/02\/Resized_20240204_203454-300x225.jpeg 300w, https:\/\/hubertpietka.bialystok.pl\/wp-content\/uploads\/2024\/02\/Resized_20240204_203454-768x576.jpeg 768w\" sizes=\"auto, (max-width: 1008px) 100vw, 1008px\" \/><\/a><\/figure>\n<\/figure>\n\n\n\n<p><strong>Na zdj. Schola akademicka Adonai<br>Mia\u0142a koncert wczoraj w Tonie<br>To by\u0142o naprawd\u0119 w tym \u00abDobrym Tonie\u00bb<br>Pi\u0119kne brzmienie i uczta duchowa<br>Dobra muzyka i s\u0142owa<br>A niepohamowane czyny zbrodni<br>Co wybiera\u0107 chc\u0105 ludzie<\/strong><\/p>\n\n\n\n<p class=\"has-text-align-center\"><strong><em><a href=\"https:\/\/youtu.be\/FvHTxvpymlw?si=_RMLaHlm6f_CfAWo\">Schola Adonai &#8211; Ocali\u0142e\u015b mnie <\/a><\/em><\/strong><\/p>\n","protected":false},"excerpt":{"rendered":"<p>Ale\u017c to gnojstwo jestIch cisza nocna nie dotyczyNo przecie\u017cBo jak to inaczej nazwa\u0107Jak chc\u0105 to mog\u0105I po ubeckuBezbronnego z domowych pieleszyAle\u017c to gnojstwo jestStraszneBarbarzy\u0144stwo takie&hellip; <\/p>\n","protected":false},"author":1,"featured_media":0,"parent":0,"menu_order":0,"comment_status":"closed","ping_status":"closed","template":"","meta":{"footnotes":""},"class_list":["post-7905","page","type-page","status-publish","hentry"],"_links":{"self":[{"href":"https:\/\/hubertpietka.bialystok.pl\/index.php?rest_route=\/wp\/v2\/pages\/7905","targetHints":{"allow":["GET"]}}],"collection":[{"href":"https:\/\/hubertpietka.bialystok.pl\/index.php?rest_route=\/wp\/v2\/pages"}],"about":[{"href":"https:\/\/hubertpietka.bialystok.pl\/index.php?rest_route=\/wp\/v2\/types\/page"}],"author":[{"embeddable":true,"href":"https:\/\/hubertpietka.bialystok.pl\/index.php?rest_route=\/wp\/v2\/users\/1"}],"replies":[{"embeddable":true,"href":"https:\/\/hubertpietka.bialystok.pl\/index.php?rest_route=%2Fwp%2Fv2%2Fcomments&post=7905"}],"version-history":[{"count":1,"href":"https:\/\/hubertpietka.bialystok.pl\/index.php?rest_route=\/wp\/v2\/pages\/7905\/revisions"}],"predecessor-version":[{"id":7907,"href":"https:\/\/hubertpietka.bialystok.pl\/index.php?rest_route=\/wp\/v2\/pages\/7905\/revisions\/7907"}],"wp:attachment":[{"href":"https:\/\/hubertpietka.bialystok.pl\/index.php?rest_route=%2Fwp%2Fv2%2Fmedia&parent=7905"}],"curies":[{"name":"wp","href":"https:\/\/api.w.org\/{rel}","templated":true}]}}