{"id":7924,"date":"2024-02-12T08:44:08","date_gmt":"2024-02-12T08:44:08","guid":{"rendered":"https:\/\/hubertpietka.bialystok.pl\/?page_id=7924"},"modified":"2024-02-12T08:44:08","modified_gmt":"2024-02-12T08:44:08","slug":"milosc-prawdziwa-lacznikiem-spraw-smierci-i-zycia","status":"publish","type":"page","link":"https:\/\/hubertpietka.bialystok.pl\/?page_id=7924","title":{"rendered":"Mi\u0142o\u015b\u0107 prawdziwa \/ \u0142\u0105cznikiem spraw \u015bmierci i \u017cycia"},"content":{"rendered":"\n<p>Czy to \u017ce jestem czasem<br>Dla mojej \u017cony<br>Szorstki *<strong>niemi\u0142y<\/strong>*<br>Oznacza *<strong>niemi\u0142o\u015b\u0107<\/strong>*<\/p>\n\n\n\n<p>Czy to nie bardziej \u015bwiadczy<br>O moich napi\u0119ciach wewn\u0119trznych<br>Tych do uporz\u0105dkowania<br>Kt\u00f3re mog\u0105 by\u0107 z bardzo r\u00f3\u017cnych przyczyn<br>Do mojej osobistej pracy<\/p>\n\n\n\n<p>Czy\u017c tak modne dzi\u015b<br>Niby niedopasowanie jakiekolwiek<br>Jako powszechna przyczyna rozwod\u00f3w<br>Widziane powierzchownie i pozornie<br>Mo\u017ce by\u0107 podstaw\u0105<br>Do zerwania mojej relacji z t\u0105 \u017con\u0105<\/p>\n\n\n\n<p>Czy\u017c mi\u0142o\u015b\u0107 bardziej<br>Nie jest trwaniem w sobie<br>Mimo wszystko<br>A mo\u017ce te\u017c dlatego w\u0142a\u015bnie<br>W tym co mo\u017ce nie by\u0107 \u0142atwe<\/p>\n\n\n\n<p>Czy\u017c nie jest ona<br>Pragnieniem dobra dla drugiej strony<\/p>\n\n\n\n<p>Ju\u017c nied\u0142ugo *<strong>wale-ntynki<\/strong>*<br>Mi\u0142o\u015b\u0107 mo\u017ce by\u0107 zawsze<br>Nawet jak *<strong>lec\u0105 tynki<\/strong>*<br>A nawet powinna by\u0107<\/p>\n\n\n\n<figure class=\"wp-block-image size-full\"><a href=\"https:\/\/hubertpietka.bialystok.pl\/wp-content\/uploads\/2024\/02\/Resized_20240208_222739.jpeg\"><img loading=\"lazy\" decoding=\"async\" width=\"1008\" height=\"756\" src=\"https:\/\/hubertpietka.bialystok.pl\/wp-content\/uploads\/2024\/02\/Resized_20240208_222739.jpeg\" alt=\"\" class=\"wp-image-7925\" srcset=\"https:\/\/hubertpietka.bialystok.pl\/wp-content\/uploads\/2024\/02\/Resized_20240208_222739.jpeg 1008w, https:\/\/hubertpietka.bialystok.pl\/wp-content\/uploads\/2024\/02\/Resized_20240208_222739-300x225.jpeg 300w, https:\/\/hubertpietka.bialystok.pl\/wp-content\/uploads\/2024\/02\/Resized_20240208_222739-768x576.jpeg 768w\" sizes=\"auto, (max-width: 1008px) 100vw, 1008px\" \/><\/a><\/figure>\n\n\n\n<p><em>Na zdj. WM wielka mi\u0142o\u015b\u0107<br>We wsp\u00f3lnocie mieszkaniowej<br>Czasem mniej czasem bardziej zgodnej<br>Pod piecz\u0119ci\u0105 sakramentu ma\u0142\u017ce\u0144stwa<\/em><\/p>\n\n\n\n<p><em>Wielka mi\u0142o\u015b\u0107 \u0142\u0105czy m\u0119\u017ca z sakramentaln\u0105 \u017con\u0105<br>Na \u015bmier\u0107 i \u017cycie<br>\u017be nie wyobra\u017ca si\u0119 te\u017c ju\u017c sobie<br>Bez siebie \u017cycia<\/em><\/p>\n\n\n\n<p><em>Zw\u0142aszcza w obliczu<br>Tych wszystkich pod\u0142ych sytuacji<br>Kt\u00f3re oni tworz\u0105 wobec nas<\/em><\/p>\n\n\n\n<p><em>Dlatego ju\u017c to powiedzia\u0142em<br>I nie cofn\u0119<br>Gdzie ona tam ja<br>I w \u017cyciu i \u015bmierci<\/em><\/p>\n\n\n\n<p><em>I nie wystawiajcie Boga na t\u0105 pr\u00f3b\u0119<br>Jego si\u0119 nie zwiedzie<br>Mo\u017ce mi\u0142ymi a pustymi s\u0142owami<br>On na to wszystko patrzy<br>I wedle waszych dzia\u0142a\u0144<br>Zadzia\u0142a te\u017c odpowiednio<br>Bo tak powiedzia\u0142<\/em><\/p>\n\n\n\n<p>\/<\/p>\n\n\n\n<p><strong><em><a href=\"https:\/\/youtu.be\/MujcGgbgUPw?si=ckZkRBugfaH94jbN\">Kult &#8211; Kr\u00f3lowa \u017cycia <\/a><\/em><\/strong><\/p>\n","protected":false},"excerpt":{"rendered":"<p>Czy to \u017ce jestem czasemDla mojej \u017conySzorstki *niemi\u0142y*Oznacza *niemi\u0142o\u015b\u0107* Czy to nie bardziej \u015bwiadczyO moich napi\u0119ciach wewn\u0119trznychTych do uporz\u0105dkowaniaKt\u00f3re mog\u0105 by\u0107 z bardzo r\u00f3\u017cnych przyczynDo&hellip; <\/p>\n","protected":false},"author":1,"featured_media":0,"parent":0,"menu_order":0,"comment_status":"closed","ping_status":"closed","template":"","meta":{"footnotes":""},"class_list":["post-7924","page","type-page","status-publish","hentry"],"_links":{"self":[{"href":"https:\/\/hubertpietka.bialystok.pl\/index.php?rest_route=\/wp\/v2\/pages\/7924","targetHints":{"allow":["GET"]}}],"collection":[{"href":"https:\/\/hubertpietka.bialystok.pl\/index.php?rest_route=\/wp\/v2\/pages"}],"about":[{"href":"https:\/\/hubertpietka.bialystok.pl\/index.php?rest_route=\/wp\/v2\/types\/page"}],"author":[{"embeddable":true,"href":"https:\/\/hubertpietka.bialystok.pl\/index.php?rest_route=\/wp\/v2\/users\/1"}],"replies":[{"embeddable":true,"href":"https:\/\/hubertpietka.bialystok.pl\/index.php?rest_route=%2Fwp%2Fv2%2Fcomments&post=7924"}],"version-history":[{"count":1,"href":"https:\/\/hubertpietka.bialystok.pl\/index.php?rest_route=\/wp\/v2\/pages\/7924\/revisions"}],"predecessor-version":[{"id":7926,"href":"https:\/\/hubertpietka.bialystok.pl\/index.php?rest_route=\/wp\/v2\/pages\/7924\/revisions\/7926"}],"wp:attachment":[{"href":"https:\/\/hubertpietka.bialystok.pl\/index.php?rest_route=%2Fwp%2Fv2%2Fmedia&parent=7924"}],"curies":[{"name":"wp","href":"https:\/\/api.w.org\/{rel}","templated":true}]}}