{"id":7943,"date":"2024-02-22T12:10:16","date_gmt":"2024-02-22T12:10:16","guid":{"rendered":"https:\/\/hubertpietka.bialystok.pl\/?page_id=7943"},"modified":"2024-02-22T12:10:16","modified_gmt":"2024-02-22T12:10:16","slug":"wstyd-prowadzic-powinien-do-sumienia-odkrycia-sie","status":"publish","type":"page","link":"https:\/\/hubertpietka.bialystok.pl\/?page_id=7943","title":{"rendered":"Wstyd prowadzi\u0107 powinien \/ do sumienia odkrycia si\u0119"},"content":{"rendered":"\n<p>Misie i inne takie<br>Jak im nie wstyd<br>Zasadza\u0107 si\u0119 na niewinnych bezbronnych<br>Mimo jakiejtamkolwiek \u015bciemy przecie\u017c<\/p>\n\n\n\n<p>Jak im nie wstyd<br>R\u00f3\u017cnym takim z\u0142a chc\u0105cym<br>Czyha\u0107 na moj\u0105 \u017con\u0119 i jej \u017cycie<br>Naszych bliskich to co nasze<br>Jak im nie wstyd<br>Tylko dlatego \u017ce<br>S\u0105 ze mn\u0105 zwi\u0105zani<\/p>\n\n\n\n<p>Jak im nie wstyd<br>Rugowa\u0107 z przestrzeni publicznej<br>Z edukacji szkolnej<br>Warto\u015bci uniwersalnych<br>Tworz\u0105cych w\u0142a\u015bciwe postawy<br>W imi\u0119 r\u00f3\u017cnych ideologii chorych<\/p>\n\n\n\n<p>Jak im nie wstyd<br>W tym wielkim kraju<br>Eliminowa\u0107 przeciwnik\u00f3w politycznych bez pardonu<br>I nawet nie chc\u0105<br>Cia\u0142a odda\u0107 bliskim Nadolnego<br>Jak nie przymierzaj\u0105c<br>Wraku smole\u0144skiego<br>Co maj\u0105 do ukrycia<\/p>\n\n\n\n<p>Jak im nie wstyd<br>Patrze\u0107 jak Ukraina si\u0119 wykrwawia<br>I nie chodzi tu o to zbo\u017ce<br>Ich oligarch\u00f3w<br>Kt\u00f3rym pewnie wsz\u0119dzie \u017cyje si\u0119<br>Ni\u017c innym \u0142atwiej<br>Ju\u017c si\u0119 przyzwyczajono<br>I ju\u017c si\u0119 nie chce<br>Dla Ukrainy robi\u0107 zbyt du\u017co<br>W tym co bardzo w\u0142a\u015bciwe<br>W pomocy zdecydowanej wobec naje\u017ad\u017acy<br>Jak im nie wstyd<\/p>\n\n\n\n<figure class=\"wp-block-image size-full\"><a href=\"https:\/\/hubertpietka.bialystok.pl\/wp-content\/uploads\/2024\/02\/Resized_20240214_170314.jpeg\"><img loading=\"lazy\" decoding=\"async\" width=\"756\" height=\"1008\" src=\"https:\/\/hubertpietka.bialystok.pl\/wp-content\/uploads\/2024\/02\/Resized_20240214_170314.jpeg\" alt=\"\" class=\"wp-image-7944\" srcset=\"https:\/\/hubertpietka.bialystok.pl\/wp-content\/uploads\/2024\/02\/Resized_20240214_170314.jpeg 756w, https:\/\/hubertpietka.bialystok.pl\/wp-content\/uploads\/2024\/02\/Resized_20240214_170314-225x300.jpeg 225w\" sizes=\"auto, (max-width: 756px) 100vw, 756px\" \/><\/a><\/figure>\n\n\n\n<p>Na zdj. Ko\u015bci\u00f3\u0142 w *<strong>Czart-ajewie<\/strong>*<br>Czasami ten nasz \u015bwiat<br>Te\u017c *<strong>czartajew<\/strong>* przypomina<br>Kr\u00f3lestwo szatana<br>Tak to jest gdy ludzie<br>Swe sumienia zatracaj\u0105<br>Jak im nie wstyd<br>I dok\u0105d to prowadzi<br>B\u00f3g w ko\u0144cu zadzia\u0142a<br>Od ludzi zale\u017cy<br>Czy ze sprawiedliwo\u015bci\u0105<br>Czy mi\u0142osiernie<br>Wed\u0142ug tego co sami siej\u0105<\/p>\n\n\n\n<p class=\"has-text-align-right\"><strong><em><a href=\"https:\/\/youtu.be\/8QfDtOcemC4?si=j_GYv-rRjTopaUsh\">Sztywny Pal Azji &#8211; Wstyd<\/a><\/em><\/strong><\/p>\n","protected":false},"excerpt":{"rendered":"<p>Misie i inne takieJak im nie wstydZasadza\u0107 si\u0119 na niewinnych bezbronnychMimo jakiejtamkolwiek \u015bciemy przecie\u017c Jak im nie wstydR\u00f3\u017cnym takim z\u0142a chc\u0105cymCzyha\u0107 na moj\u0105 \u017con\u0119 i&hellip; <\/p>\n","protected":false},"author":1,"featured_media":0,"parent":0,"menu_order":0,"comment_status":"closed","ping_status":"closed","template":"","meta":{"footnotes":""},"class_list":["post-7943","page","type-page","status-publish","hentry"],"_links":{"self":[{"href":"https:\/\/hubertpietka.bialystok.pl\/index.php?rest_route=\/wp\/v2\/pages\/7943","targetHints":{"allow":["GET"]}}],"collection":[{"href":"https:\/\/hubertpietka.bialystok.pl\/index.php?rest_route=\/wp\/v2\/pages"}],"about":[{"href":"https:\/\/hubertpietka.bialystok.pl\/index.php?rest_route=\/wp\/v2\/types\/page"}],"author":[{"embeddable":true,"href":"https:\/\/hubertpietka.bialystok.pl\/index.php?rest_route=\/wp\/v2\/users\/1"}],"replies":[{"embeddable":true,"href":"https:\/\/hubertpietka.bialystok.pl\/index.php?rest_route=%2Fwp%2Fv2%2Fcomments&post=7943"}],"version-history":[{"count":1,"href":"https:\/\/hubertpietka.bialystok.pl\/index.php?rest_route=\/wp\/v2\/pages\/7943\/revisions"}],"predecessor-version":[{"id":7945,"href":"https:\/\/hubertpietka.bialystok.pl\/index.php?rest_route=\/wp\/v2\/pages\/7943\/revisions\/7945"}],"wp:attachment":[{"href":"https:\/\/hubertpietka.bialystok.pl\/index.php?rest_route=%2Fwp%2Fv2%2Fmedia&parent=7943"}],"curies":[{"name":"wp","href":"https:\/\/api.w.org\/{rel}","templated":true}]}}