{"id":7966,"date":"2024-03-03T07:38:26","date_gmt":"2024-03-03T07:38:26","guid":{"rendered":"https:\/\/hubertpietka.bialystok.pl\/?page_id=7966"},"modified":"2024-03-03T07:38:26","modified_gmt":"2024-03-03T07:38:26","slug":"z-swiatyni-ojca-mojego-targowisko","status":"publish","type":"page","link":"https:\/\/hubertpietka.bialystok.pl\/?page_id=7966","title":{"rendered":"Z \u015bwi\u0105tyni Ojca mojego \/ targowisko"},"content":{"rendered":"\n<p>To oni uczynili<br>Z domu mojego Ojca targowisko<br>Wo\u0142om oci\u0119\u017ca\u0142ym grzechami i<br>Przywi\u0105zanym do d\u00f3br doczesnych<br>I baranom kt\u00f3rych nie sta\u0107<br>Na krytyczne my\u015blenie<br>Mo\u017cna wm\u00f3wi\u0107 przecie\u017c wszystko<br>A ja kocham Ko\u015bci\u00f3\u0142<br>I te go\u0142\u0105bki czyste<br>Kt\u00f3re oni pr\u00f3buj\u0105 gorszy\u0107<br>Za pieni\u0105dze z l\u0119ku szanta\u017cem<br>Pr\u00f3buj\u0105 oni niszczy\u0107 ten Ko\u015bci\u00f3\u0142<\/p>\n\n\n\n<p>Zburzcie t\u0105 \u015bwi\u0105tyni\u0119<br>A B\u00f3g w ci\u0105gu 3 dni<br>Wzniesie j\u0105 na nowo<br>Tak 46 lat j\u0105 budowano<br>Podobnie z t\u0105 niewiast\u0105<br>Skutek b\u0119dzie to\u017csamy<\/p>\n\n\n\n<p>Bo ona nie ma \u017cadnej tu obrony<br>A wymogiem mi\u0142o\u015bci jest odpowiedzialno\u015b\u0107<br>Wbrew temu co m\u00f3wi<br>I chce wt\u0142acza\u0107 \u015bwiat ten<br>Mam per\u0142\u0119 ewangeliczn\u0105 sakramentaln\u0105<br>I nie sprzedam jej<br>Podobnie z nami naszymi naszym<\/p>\n\n\n\n<figure class=\"wp-block-image size-large\"><a href=\"https:\/\/hubertpietka.bialystok.pl\/wp-content\/uploads\/2024\/03\/IMG-20240302-WA0038.jpg\"><img loading=\"lazy\" decoding=\"async\" width=\"1024\" height=\"768\" src=\"https:\/\/hubertpietka.bialystok.pl\/wp-content\/uploads\/2024\/03\/IMG-20240302-WA0038-1024x768.jpg\" alt=\"\" class=\"wp-image-7967\" srcset=\"https:\/\/hubertpietka.bialystok.pl\/wp-content\/uploads\/2024\/03\/IMG-20240302-WA0038-1024x768.jpg 1024w, https:\/\/hubertpietka.bialystok.pl\/wp-content\/uploads\/2024\/03\/IMG-20240302-WA0038-300x225.jpg 300w, https:\/\/hubertpietka.bialystok.pl\/wp-content\/uploads\/2024\/03\/IMG-20240302-WA0038-768x576.jpg 768w, https:\/\/hubertpietka.bialystok.pl\/wp-content\/uploads\/2024\/03\/IMG-20240302-WA0038-1536x1152.jpg 1536w, https:\/\/hubertpietka.bialystok.pl\/wp-content\/uploads\/2024\/03\/IMG-20240302-WA0038.jpg 1600w\" sizes=\"auto, (max-width: 1024px) 100vw, 1024px\" \/><\/a><\/figure>\n\n\n\n<p><em>Na zdj. Mi\u0142o\u015b\u0107 w sercu g\u00f3r<br>Serce zatopione w skale<br>Zbudowane na mocnym fundamencie Bo\u017cym<br>I ani mi Ani jakkolwiek<br>Z nami naszymi naszym podobnie<\/em><\/p>\n\n\n\n<p><em>Dzisiaj te\u017c wspominany jest<br>Innocenty z *<strong>barzo<\/strong>*<br>Jego imi\u0119 niewinny *<strong>bardzo<\/strong>*<br>Na ka\u017cdego na kt\u00f3rego by si\u0119 tak zasadzili<br>Du\u017co wi\u0119cej r\u00f3\u017cnych pretekst\u00f3w do oskar\u017ce\u0144<br>By mieli te misie r\u00f3\u017cne<br>Bo o to chodzi<br>By m\u0119\u017ca zniewoli\u0107<br>Nie \u0142udzcie si\u0119<br>Nie ku jakiemu\u015b dobru moralnemu<br>Lecz po to<br>By spe\u0142nia\u0107 r\u00f3\u017cne z\u0142a zap\u0119dy<br>Dalej i bardziej wi\u0119cej<\/em><\/p>\n","protected":false},"excerpt":{"rendered":"<p>To oni uczyniliZ domu mojego Ojca targowiskoWo\u0142om oci\u0119\u017ca\u0142ym grzechami iPrzywi\u0105zanym do d\u00f3br doczesnychI baranom kt\u00f3rych nie sta\u0107Na krytyczne my\u015blenieMo\u017cna wm\u00f3wi\u0107 przecie\u017c wszystkoA ja kocham Ko\u015bci\u00f3\u0142I&hellip; <\/p>\n","protected":false},"author":1,"featured_media":0,"parent":0,"menu_order":0,"comment_status":"closed","ping_status":"closed","template":"","meta":{"footnotes":""},"class_list":["post-7966","page","type-page","status-publish","hentry"],"_links":{"self":[{"href":"https:\/\/hubertpietka.bialystok.pl\/index.php?rest_route=\/wp\/v2\/pages\/7966","targetHints":{"allow":["GET"]}}],"collection":[{"href":"https:\/\/hubertpietka.bialystok.pl\/index.php?rest_route=\/wp\/v2\/pages"}],"about":[{"href":"https:\/\/hubertpietka.bialystok.pl\/index.php?rest_route=\/wp\/v2\/types\/page"}],"author":[{"embeddable":true,"href":"https:\/\/hubertpietka.bialystok.pl\/index.php?rest_route=\/wp\/v2\/users\/1"}],"replies":[{"embeddable":true,"href":"https:\/\/hubertpietka.bialystok.pl\/index.php?rest_route=%2Fwp%2Fv2%2Fcomments&post=7966"}],"version-history":[{"count":1,"href":"https:\/\/hubertpietka.bialystok.pl\/index.php?rest_route=\/wp\/v2\/pages\/7966\/revisions"}],"predecessor-version":[{"id":7968,"href":"https:\/\/hubertpietka.bialystok.pl\/index.php?rest_route=\/wp\/v2\/pages\/7966\/revisions\/7968"}],"wp:attachment":[{"href":"https:\/\/hubertpietka.bialystok.pl\/index.php?rest_route=%2Fwp%2Fv2%2Fmedia&parent=7966"}],"curies":[{"name":"wp","href":"https:\/\/api.w.org\/{rel}","templated":true}]}}