{"id":8000,"date":"2024-03-15T08:09:44","date_gmt":"2024-03-15T08:09:44","guid":{"rendered":"https:\/\/hubertpietka.bialystok.pl\/?page_id=8000"},"modified":"2024-03-15T08:09:44","modified_gmt":"2024-03-15T08:09:44","slug":"na-zbrodniach-nie-buduje-sie-zadnego-dobra","status":"publish","type":"page","link":"https:\/\/hubertpietka.bialystok.pl\/?page_id=8000","title":{"rendered":"Na zbrodniach \/ nie buduje si\u0119 \u017cadnego dobra"},"content":{"rendered":"\n<p>Szatan postawi\u0142 sobie<br>Niby za punkt honoru<br>Kt\u00f3rego on przecie\u017c nie ma<br>Tylko zap\u0119d do zbrodni<br>By zabi\u0107 moj\u0105 \u017con\u0119<br>Mnie a najpierw zniewoli\u0107<br>Naszych bliskich i nasze zniszczy\u0107<\/p>\n\n\n\n<p>I pos\u0142uguje si\u0119 szanta\u017cem<br>Pozw\u00f3l j\u0105 zabi\u0107 ich<br>A b\u0119dziesz wielki i wolny<br>Co jest oczywi\u015bcie k\u0142amstwem fa\u0142szywym<br>Na zbrodniach nie buduje si\u0119 \u017cadnego dobra<\/p>\n\n\n\n<p>Dzi\u015b wspominany \u015bw. *<strong>Arte-mi-das Za-tti<\/strong>*<br>I co ja na to<br>*<strong><em>Arte<\/em> czyli sztuk\u0119 mi dasz za to<\/strong>*<br>Tylko mog\u0119 tyle<br>Ja i ta pisanina<br>Ale B\u00f3g jest w tym<br>Dla tego kto si\u0119 otworzy<br>A nie zamknie w szata\u0144skiej manipulacji i k\u0142amstwie<\/p>\n\n\n\n<figure class=\"wp-block-gallery has-nested-images columns-default is-cropped wp-block-gallery-1 is-layout-flex wp-block-gallery-is-layout-flex\">\n<figure class=\"wp-block-image size-large\"><a href=\"https:\/\/hubertpietka.bialystok.pl\/wp-content\/uploads\/2024\/03\/IMG-20240314-WA0019.jpg\"><img loading=\"lazy\" decoding=\"async\" width=\"768\" height=\"1024\" data-id=\"8001\" src=\"https:\/\/hubertpietka.bialystok.pl\/wp-content\/uploads\/2024\/03\/IMG-20240314-WA0019-768x1024.jpg\" alt=\"\" class=\"wp-image-8001\" srcset=\"https:\/\/hubertpietka.bialystok.pl\/wp-content\/uploads\/2024\/03\/IMG-20240314-WA0019-768x1024.jpg 768w, https:\/\/hubertpietka.bialystok.pl\/wp-content\/uploads\/2024\/03\/IMG-20240314-WA0019-225x300.jpg 225w, https:\/\/hubertpietka.bialystok.pl\/wp-content\/uploads\/2024\/03\/IMG-20240314-WA0019-1152x1536.jpg 1152w, https:\/\/hubertpietka.bialystok.pl\/wp-content\/uploads\/2024\/03\/IMG-20240314-WA0019.jpg 1200w\" sizes=\"auto, (max-width: 768px) 100vw, 768px\" \/><\/a><\/figure>\n<\/figure>\n\n\n\n<p><em>Na zdj. \u015aw. Micha\u0142 Archanio\u0142 w Wasilkowie<br>Na nieba tle<br>To wszystko si\u0119 dzieje<br>Wspomagaj nas w walce<br>Z szatanem by \u015bmier\u0107<br>Tu nie zwyci\u0119\u017cy\u0142a<br>I wszystkich kt\u00f3rzy walcz\u0105<br>O prawdziwe dobro i \u017cycie<\/em><\/p>\n\n\n\n<p class=\"has-text-align-right\"><strong><em><a href=\"https:\/\/youtu.be\/zQFju9FNY9Y?si=iHBVA21-gUoR7tiP\">Maciek Balcar &#8211; Dean<\/a><\/em><\/strong><\/p>\n","protected":false},"excerpt":{"rendered":"<p>Szatan postawi\u0142 sobieNiby za punkt honoruKt\u00f3rego on przecie\u017c nie maTylko zap\u0119d do zbrodniBy zabi\u0107 moj\u0105 \u017con\u0119Mnie a najpierw zniewoli\u0107Naszych bliskich i nasze zniszczy\u0107 I pos\u0142uguje&hellip; <\/p>\n","protected":false},"author":1,"featured_media":0,"parent":0,"menu_order":0,"comment_status":"closed","ping_status":"closed","template":"","meta":{"footnotes":""},"class_list":["post-8000","page","type-page","status-publish","hentry"],"_links":{"self":[{"href":"https:\/\/hubertpietka.bialystok.pl\/index.php?rest_route=\/wp\/v2\/pages\/8000","targetHints":{"allow":["GET"]}}],"collection":[{"href":"https:\/\/hubertpietka.bialystok.pl\/index.php?rest_route=\/wp\/v2\/pages"}],"about":[{"href":"https:\/\/hubertpietka.bialystok.pl\/index.php?rest_route=\/wp\/v2\/types\/page"}],"author":[{"embeddable":true,"href":"https:\/\/hubertpietka.bialystok.pl\/index.php?rest_route=\/wp\/v2\/users\/1"}],"replies":[{"embeddable":true,"href":"https:\/\/hubertpietka.bialystok.pl\/index.php?rest_route=%2Fwp%2Fv2%2Fcomments&post=8000"}],"version-history":[{"count":1,"href":"https:\/\/hubertpietka.bialystok.pl\/index.php?rest_route=\/wp\/v2\/pages\/8000\/revisions"}],"predecessor-version":[{"id":8002,"href":"https:\/\/hubertpietka.bialystok.pl\/index.php?rest_route=\/wp\/v2\/pages\/8000\/revisions\/8002"}],"wp:attachment":[{"href":"https:\/\/hubertpietka.bialystok.pl\/index.php?rest_route=%2Fwp%2Fv2%2Fmedia&parent=8000"}],"curies":[{"name":"wp","href":"https:\/\/api.w.org\/{rel}","templated":true}]}}