{"id":8008,"date":"2024-03-17T08:03:12","date_gmt":"2024-03-17T08:03:12","guid":{"rendered":"https:\/\/hubertpietka.bialystok.pl\/?page_id=8008"},"modified":"2024-03-17T08:03:12","modified_gmt":"2024-03-17T08:03:12","slug":"ostrosc-przyprawy-czasem-nawet-wskazana","status":"publish","type":"page","link":"https:\/\/hubertpietka.bialystok.pl\/?page_id=8008","title":{"rendered":"Ostro\u015b\u0107 przyprawy \/ czasem nawet wskazana"},"content":{"rendered":"\n<p>\u017bycie tu to nie Ameryka<br>Czasami jest jak papryka<br>\u017b\u00f3\u0142ta czy czerwona<br>Tak czy inaczej zagro\u017cone<br>To musi si\u0119 gdzie\u015b odbija\u0107<\/p>\n\n\n\n<p>Dzi\u015b \u015bw. *<strong>Patryka<\/strong>*<br>Pomocna mo\u017ce by\u0107<br>Metafora *<strong>papryki<\/strong>*<\/p>\n\n\n\n<p>Tak\u017ce w relacji bliskiej<br>Nie zawsze jest s\u0142odko<br>Czasem bardziej jak papryczka chilli<br>Na ostro i poparzy\u0107 si\u0119 te\u017c mo\u017cna<\/p>\n\n\n\n<p>Czy to znaczy<br>\u017be si\u0119 nie kocha nawzajem<br>Cz\u0142owiek jest tylko cz\u0142owiekiem<br>Wp\u0142ywa na niego kanciasto\u015b\u0107 \u015bwiata<br>I ostro\u015b\u0107 w niego kierowana<br>Gdzie\u015b znale\u017a\u0107 uj\u015bcie musi<br>Byle w granicach przynale\u017cno\u015bci<br>Zreszt\u0105 jak si\u0119 kocha<br>To nic nie jest tu za du\u017co<br>Odnajd\u0105 si\u0119 drogi powrotu<\/p>\n\n\n\n<figure class=\"wp-block-gallery has-nested-images columns-default is-cropped wp-block-gallery-1 is-layout-flex wp-block-gallery-is-layout-flex\">\n<figure class=\"wp-block-image size-large\"><a href=\"https:\/\/hubertpietka.bialystok.pl\/wp-content\/uploads\/2024\/03\/20240317_082119-scaled.jpg\"><img loading=\"lazy\" decoding=\"async\" width=\"1024\" height=\"768\" data-id=\"8009\" src=\"https:\/\/hubertpietka.bialystok.pl\/wp-content\/uploads\/2024\/03\/20240317_082119-1024x768.jpg\" alt=\"\" class=\"wp-image-8009\" srcset=\"https:\/\/hubertpietka.bialystok.pl\/wp-content\/uploads\/2024\/03\/20240317_082119-1024x768.jpg 1024w, https:\/\/hubertpietka.bialystok.pl\/wp-content\/uploads\/2024\/03\/20240317_082119-300x225.jpg 300w, https:\/\/hubertpietka.bialystok.pl\/wp-content\/uploads\/2024\/03\/20240317_082119-768x576.jpg 768w, https:\/\/hubertpietka.bialystok.pl\/wp-content\/uploads\/2024\/03\/20240317_082119-1536x1152.jpg 1536w, https:\/\/hubertpietka.bialystok.pl\/wp-content\/uploads\/2024\/03\/20240317_082119-2048x1536.jpg 2048w\" sizes=\"auto, (max-width: 1024px) 100vw, 1024px\" \/><\/a><\/figure>\n<\/figure>\n\n\n\n<p><em>Na zdj. Anio\u0142 i Indianin<br>Ostre \u017cycie powoduje ostre reakcje<br>Nie \u017cyje si\u0119 tu jeszcze<br>W idylli wymarzonej niebieskiej<br>Byleby by\u0107 z sob\u0105<br>Nawet je\u015bli czasem<br>Kancia\u015bcie czy na ostro<br>Czy na tak zwane grubo<\/em><\/p>\n\n\n\n<p><em>I ostro\u015b\u0107 potrzebna czasem<br>By wydoby\u0107 inne smaki potrawy<\/em><\/p>\n\n\n\n<p class=\"has-text-align-center\">( <strong><em><a href=\"https:\/\/youtu.be\/yRnE-tmkB-A?si=0eh3AHJM-N6BX4en\">Pawe\u0142 Domaga\u0142a &#8211; Najgrubszy Anio\u0142 Str\u00f3\u017c<\/a><\/em><\/strong>  \ud83d\ude42 <\/p>\n","protected":false},"excerpt":{"rendered":"<p>\u017bycie tu to nie AmerykaCzasami jest jak papryka\u017b\u00f3\u0142ta czy czerwonaTak czy inaczej zagro\u017coneTo musi si\u0119 gdzie\u015b odbija\u0107 Dzi\u015b \u015bw. *Patryka*Pomocna mo\u017ce by\u0107Metafora *papryki* Tak\u017ce w&hellip; <\/p>\n","protected":false},"author":1,"featured_media":0,"parent":0,"menu_order":0,"comment_status":"closed","ping_status":"closed","template":"","meta":{"footnotes":""},"class_list":["post-8008","page","type-page","status-publish","hentry"],"_links":{"self":[{"href":"https:\/\/hubertpietka.bialystok.pl\/index.php?rest_route=\/wp\/v2\/pages\/8008","targetHints":{"allow":["GET"]}}],"collection":[{"href":"https:\/\/hubertpietka.bialystok.pl\/index.php?rest_route=\/wp\/v2\/pages"}],"about":[{"href":"https:\/\/hubertpietka.bialystok.pl\/index.php?rest_route=\/wp\/v2\/types\/page"}],"author":[{"embeddable":true,"href":"https:\/\/hubertpietka.bialystok.pl\/index.php?rest_route=\/wp\/v2\/users\/1"}],"replies":[{"embeddable":true,"href":"https:\/\/hubertpietka.bialystok.pl\/index.php?rest_route=%2Fwp%2Fv2%2Fcomments&post=8008"}],"version-history":[{"count":1,"href":"https:\/\/hubertpietka.bialystok.pl\/index.php?rest_route=\/wp\/v2\/pages\/8008\/revisions"}],"predecessor-version":[{"id":8010,"href":"https:\/\/hubertpietka.bialystok.pl\/index.php?rest_route=\/wp\/v2\/pages\/8008\/revisions\/8010"}],"wp:attachment":[{"href":"https:\/\/hubertpietka.bialystok.pl\/index.php?rest_route=%2Fwp%2Fv2%2Fmedia&parent=8008"}],"curies":[{"name":"wp","href":"https:\/\/api.w.org\/{rel}","templated":true}]}}