{"id":8047,"date":"2024-03-30T22:44:07","date_gmt":"2024-03-30T22:44:07","guid":{"rendered":"https:\/\/hubertpietka.bialystok.pl\/?page_id=8047"},"modified":"2024-03-30T22:50:15","modified_gmt":"2024-03-30T22:50:15","slug":"ramowa-walki-opowiesc-przeciwnicy-odstapcie-od-nas","status":"publish","type":"page","link":"https:\/\/hubertpietka.bialystok.pl\/?page_id=8047","title":{"rendered":"Ramowa walki opowie\u015b\u0107 \/ przeciwnicy odst\u0105pcie od nas"},"content":{"rendered":"\n<p>Ej ty pod-nad<br>Nad nami ponad<br>*<em>You dasz<\/em>*<br>Co ty chcesz nam da\u0107<br>Z innymi *<em>fara fara frazesami<\/em>*<\/p>\n\n\n\n<p>Jak synek si\u0119 obudzi<br>To nie ma przecie\u017c spania<br>I wszystko z\u0142o na nas<br>\u0141\u0105cznie z misiami<br>Wsp\u00f3lnota sp\u00f3\u0142kowania z odpowiedzialno\u015bci\u0105 ograniczon\u0105<\/p>\n\n\n\n<p>Misie<br>Narz\u0119dzia<br>Aparatu<br>Przemocy<br>I indoktrynacji ideologicznej<\/p>\n\n\n\n<p>I si\u0119 wycfani\u0107 potrafi\u0105<br>Podjecha\u0107 te\u017c na inny parking<br>A ten przy \u015bmietniku zapewne<br>Wolny zawsze te\u017c dla innego<br>Bohaterstwa tak wspania\u0142ego<\/p>\n\n\n\n<p>Psy go\u0144cze<br>Kiedy warowa\u0107 maj\u0105 znowu<br>I te\u017c gdzie<br>Bo chyba nie tylko tu przy domu<br>Wiele jest r\u00f3\u017cnych miejsc<br>I na trasie i gdziekolwiek<br>Oto jest pytanie<br>Gdzie znowu i jak<br>Psy go\u0144cze tak<\/p>\n\n\n\n<p>Prawda jest taka<br>\u017be szatan nie chce spocz\u0105\u0107<br>Dop\u00f3ki przez swoje s\u0142ugi<br>Nas nie dopadnie<br>Mnie odpowiednio nie dorwie<br>I zabije i t\u0105 \u017con\u0119 koniecznie<br>I bliskich i nawet te zwierz\u0119ta<br>Nie s\u0105 bezpieczne<br>Szatan jest podst\u0119pny drapie\u017cnie<br>I nie odpu\u015bci<br>Dop\u00f3ki swych z\u0142owrogich zap\u0119d\u00f3w pop\u0119dliwych<br>Nie zi\u015bci<\/p>\n\n\n\n<figure class=\"wp-block-gallery has-nested-images columns-default is-cropped wp-block-gallery-1 is-layout-flex wp-block-gallery-is-layout-flex\">\n<figure class=\"wp-block-image size-large\"><a href=\"https:\/\/hubertpietka.bialystok.pl\/wp-content\/uploads\/2024\/03\/IMG-20240329-WA0047.jpg\"><img loading=\"lazy\" decoding=\"async\" width=\"768\" height=\"1024\" data-id=\"8048\" src=\"https:\/\/hubertpietka.bialystok.pl\/wp-content\/uploads\/2024\/03\/IMG-20240329-WA0047-768x1024.jpg\" alt=\"\" class=\"wp-image-8048\" srcset=\"https:\/\/hubertpietka.bialystok.pl\/wp-content\/uploads\/2024\/03\/IMG-20240329-WA0047-768x1024.jpg 768w, https:\/\/hubertpietka.bialystok.pl\/wp-content\/uploads\/2024\/03\/IMG-20240329-WA0047-225x300.jpg 225w, https:\/\/hubertpietka.bialystok.pl\/wp-content\/uploads\/2024\/03\/IMG-20240329-WA0047-1152x1536.jpg 1152w, https:\/\/hubertpietka.bialystok.pl\/wp-content\/uploads\/2024\/03\/IMG-20240329-WA0047.jpg 1200w\" sizes=\"auto, (max-width: 768px) 100vw, 768px\" \/><\/a><\/figure>\n<\/figure>\n\n\n\n<p><strong>Na zdj. Ko\u015bci\u00f3\u0142 NMP w Wygodzie<br>Byleby tylko co im wygodne<br>Co im pasuje<br>Bez wzgl\u0119du na prawdy<br>I prawo Bo\u017ce<\/strong><\/p>\n\n\n\n<p><strong>Id\u017acie precz szatany<br>Od niej naszego i naszych<br>I je\u015bli cokolwieczunio<br>I ani mi Ani<br>Ufam Tobie Panie zawsze<br>Krzy\u017cu \u015awi\u0119ty wybaw nas<br>Maryjo wspomagaj nas w walce<br>Z tymi szatanami<br>Czyli przeciwnikami<br>Kt\u00f3rzy jak powiedzia\u0142 Jezus do \u015bw. Piotra<br>Nie my\u015bl\u0105 po Bo\u017cemu<br>A tylko na spos\u00f3b ludzki<br>Wed\u0142ug tego co im wygodne<br>I z czego maj\u0105 interes<\/strong><\/p>\n\n\n\n<p><strong>Id\u017acie precz szatany<br>Odst\u0105pcie od niej ode mnie<br>Od nas naszego i naszych<br>Id\u017acie precz na zawsze<\/strong><\/p>\n\n\n\n<p><strong>A ten synek<br>Poza misiami<br>Ma tu zawita\u0107<br>Specjalnie mnie ju\u017c chyba i p\u00f3\u0142 roku nie spotyka<br>By m\u00f3c tu z misiami<br>Afer\u0119 urz\u0105dzi\u0107 jak\u0105\u015b<br>Id\u017acie precz szatany<br>Przeciwnicy Boga<br>Od nas od niej<br>Naszego i naszych<br>My jeste\u015bmy Boga<br>Nic wam do nas<\/strong><\/p>\n\n\n\n<p><strong>I jeszcze s\u0142owo<br>O tych pseudowy\u015bcigach chorych<br>W kt\u00f3rych wszystko<br>Musi by\u0107 po ichniemu<br>Ustawiaj\u0105 sobie wszystko odpowiednio<br>Oni mog\u0105 \u0142ama\u0107 wszelkie zakazy<br>A ty tylko spr\u00f3buj<br>Przecie\u017c misie na swoich<br>Nie b\u0119d\u0105 nastawa\u0107<br>Wed\u0142ug tego co powiedzia\u0142 Jezus<br>\u017be szatan ze swoimi nie b\u0119dzie walczy\u0142<br>Tak wszystko ustawia\u0107<br>\u017beby by\u0142o po ichniemu<br>Odcinki jak najkr\u00f3tsze<br>Nawet absurdalnie<br>Zjazdy jak przegrywaj\u0105<br>Blokady spowolnieniowe jakie\u015b<br>Nawet \u015bwiat\u0142a wed\u0142ug nich<br>Ach jak lubi\u0105 to oni<br>Byleby by\u0142o po ichniemu<br>Wszystko jak im pasuje<br>Byleby mogli uzasadni\u0107<br>Swe tezy chore<br>Dzia\u0142a\u0144 z\u0142ych przeciwko nam naszemu naszym<br>Wed\u0142ug proweniencji szata\u0144skiej<br>Jako przeciwnik\u00f3w dzieci Bo\u017cych tych<\/strong><\/p>\n\n\n\n<p><strong>Dzi\u015b \u015bw. Leonarda *<em>Mur-ia-do<\/em>*<br>*<em>Mur ja do<\/em>* nich<br>Id\u017acie precz przeciwnicy<br>Odst\u0105pcie od nas szatany<br>Od niej ode mnie<br>Od nas naszego i naszych<br>Id\u017acie precz szatany<\/strong><\/p>\n","protected":false},"excerpt":{"rendered":"<p>Ej ty pod-nadNad nami ponad*You dasz*Co ty chcesz nam da\u0107Z innymi *fara fara frazesami* Jak synek si\u0119 obudziTo nie ma przecie\u017c spaniaI wszystko z\u0142o na&hellip; <\/p>\n","protected":false},"author":1,"featured_media":0,"parent":0,"menu_order":0,"comment_status":"closed","ping_status":"closed","template":"","meta":{"footnotes":""},"class_list":["post-8047","page","type-page","status-publish","hentry"],"_links":{"self":[{"href":"https:\/\/hubertpietka.bialystok.pl\/index.php?rest_route=\/wp\/v2\/pages\/8047","targetHints":{"allow":["GET"]}}],"collection":[{"href":"https:\/\/hubertpietka.bialystok.pl\/index.php?rest_route=\/wp\/v2\/pages"}],"about":[{"href":"https:\/\/hubertpietka.bialystok.pl\/index.php?rest_route=\/wp\/v2\/types\/page"}],"author":[{"embeddable":true,"href":"https:\/\/hubertpietka.bialystok.pl\/index.php?rest_route=\/wp\/v2\/users\/1"}],"replies":[{"embeddable":true,"href":"https:\/\/hubertpietka.bialystok.pl\/index.php?rest_route=%2Fwp%2Fv2%2Fcomments&post=8047"}],"version-history":[{"count":2,"href":"https:\/\/hubertpietka.bialystok.pl\/index.php?rest_route=\/wp\/v2\/pages\/8047\/revisions"}],"predecessor-version":[{"id":8051,"href":"https:\/\/hubertpietka.bialystok.pl\/index.php?rest_route=\/wp\/v2\/pages\/8047\/revisions\/8051"}],"wp:attachment":[{"href":"https:\/\/hubertpietka.bialystok.pl\/index.php?rest_route=%2Fwp%2Fv2%2Fmedia&parent=8047"}],"curies":[{"name":"wp","href":"https:\/\/api.w.org\/{rel}","templated":true}]}}