{"id":8113,"date":"2024-04-22T09:53:19","date_gmt":"2024-04-22T09:53:19","guid":{"rendered":"https:\/\/hubertpietka.bialystok.pl\/?page_id=8113"},"modified":"2024-04-22T09:53:19","modified_gmt":"2024-04-22T09:53:19","slug":"literalnie-gdzie-ona-tam-ja","status":"publish","type":"page","link":"https:\/\/hubertpietka.bialystok.pl\/?page_id=8113","title":{"rendered":"Literalnie gdzie ona \/ tam ja"},"content":{"rendered":"\n<figure class=\"wp-block-image size-large\"><a href=\"https:\/\/hubertpietka.bialystok.pl\/wp-content\/uploads\/2024\/04\/20240422_092259-scaled.jpg\"><img loading=\"lazy\" decoding=\"async\" width=\"768\" height=\"1024\" src=\"https:\/\/hubertpietka.bialystok.pl\/wp-content\/uploads\/2024\/04\/20240422_092259-768x1024.jpg\" alt=\"\" class=\"wp-image-8114\" srcset=\"https:\/\/hubertpietka.bialystok.pl\/wp-content\/uploads\/2024\/04\/20240422_092259-768x1024.jpg 768w, https:\/\/hubertpietka.bialystok.pl\/wp-content\/uploads\/2024\/04\/20240422_092259-225x300.jpg 225w, https:\/\/hubertpietka.bialystok.pl\/wp-content\/uploads\/2024\/04\/20240422_092259-1152x1536.jpg 1152w, https:\/\/hubertpietka.bialystok.pl\/wp-content\/uploads\/2024\/04\/20240422_092259-1536x2048.jpg 1536w, https:\/\/hubertpietka.bialystok.pl\/wp-content\/uploads\/2024\/04\/20240422_092259-scaled.jpg 1920w\" sizes=\"auto, (max-width: 768px) 100vw, 768px\" \/><\/a><\/figure>\n\n\n\n<p>Czy p\u00f3jd\u0119 w lewo<br>Czy w prawo czy prosto<br>Dla mnie jednako<br>Ma by\u0107 \u015bmier\u0107 czarna<br>Wed\u0142ug zap\u0119d\u00f3w niekt\u00f3rych<br>Jak kolor tej litery<\/p>\n\n\n\n<p>Od H do A jest<br>Bardzo blisko te\u017c<br>Tak samo zagro\u017cona moja \u017cona<br>I ta przestrze\u0144<br>Tych wok\u00f3\u0142 nas blisko<br>Symbolizuje kolor czerwony to<\/p>\n\n\n\n<p>A jednak gdzie ona tam i ja<br>Bo to moja odpowiednio\u015b\u0107<br>Pierwsza przed Bogiem<\/p>\n\n\n\n<p>Tacy czy inni dyba\u0107 mog\u0105<br>I wsz\u0119dzie zapewne<br>Ale gdzie ona tam ja<br>I te zwierz\u0119ta<br>Razem zawsze<br>Wed\u0142ug wsp\u00f3lnoty r\u00f3\u017cnych do\u015bwiadcze\u0144<\/p>\n\n\n\n<p>A dla innych<br>Szczeg\u00f3lnie tych kt\u00f3rzy nie podpadli<br>Zielono\u015b\u0107 kt\u00f3ra wszak\u017ce<br>Te\u017c jednak jest przemijaj\u0105ca<br>Nadzieja p\u00f3ki my \u017cyjemy<\/p>\n\n\n\n<p>I ani mi jej<br>Bo dla was nadzieja<br>Sko\u0144czy si\u0119 szybko<br>Gdziekolwiek i w jakikolwiek spos\u00f3b<br>Z nami naszymi naszym podobnie<br>I niech nie przychodz\u0105<\/p>\n\n\n\n<p><em>Ubi tu Gaius, ibi ego Gaia\u00a0\/ &#8211;<br>Gdzie ty (jeste\u015b) Gajuszu, tam ja (jestem)<\/em><\/p>\n","protected":false},"excerpt":{"rendered":"<p>Czy p\u00f3jd\u0119 w lewoCzy w prawo czy prostoDla mnie jednakoMa by\u0107 \u015bmier\u0107 czarnaWed\u0142ug zap\u0119d\u00f3w niekt\u00f3rychJak kolor tej litery Od H do A jestBardzo blisko te\u017cTak&hellip; <\/p>\n","protected":false},"author":1,"featured_media":0,"parent":0,"menu_order":0,"comment_status":"closed","ping_status":"closed","template":"","meta":{"footnotes":""},"class_list":["post-8113","page","type-page","status-publish","hentry"],"_links":{"self":[{"href":"https:\/\/hubertpietka.bialystok.pl\/index.php?rest_route=\/wp\/v2\/pages\/8113","targetHints":{"allow":["GET"]}}],"collection":[{"href":"https:\/\/hubertpietka.bialystok.pl\/index.php?rest_route=\/wp\/v2\/pages"}],"about":[{"href":"https:\/\/hubertpietka.bialystok.pl\/index.php?rest_route=\/wp\/v2\/types\/page"}],"author":[{"embeddable":true,"href":"https:\/\/hubertpietka.bialystok.pl\/index.php?rest_route=\/wp\/v2\/users\/1"}],"replies":[{"embeddable":true,"href":"https:\/\/hubertpietka.bialystok.pl\/index.php?rest_route=%2Fwp%2Fv2%2Fcomments&post=8113"}],"version-history":[{"count":1,"href":"https:\/\/hubertpietka.bialystok.pl\/index.php?rest_route=\/wp\/v2\/pages\/8113\/revisions"}],"predecessor-version":[{"id":8115,"href":"https:\/\/hubertpietka.bialystok.pl\/index.php?rest_route=\/wp\/v2\/pages\/8113\/revisions\/8115"}],"wp:attachment":[{"href":"https:\/\/hubertpietka.bialystok.pl\/index.php?rest_route=%2Fwp%2Fv2%2Fmedia&parent=8113"}],"curies":[{"name":"wp","href":"https:\/\/api.w.org\/{rel}","templated":true}]}}